Back to Multiple platform build/check report for BioC 3.15 |
|
This page was generated on 2022-10-19 13:22:40 -0400 (Wed, 19 Oct 2022).
Hostname | OS | Arch (*) | R version | Installed pkgs |
---|---|---|---|---|
nebbiolo1 | Linux (Ubuntu 20.04.5 LTS) | x86_64 | 4.2.1 (2022-06-23) -- "Funny-Looking Kid" | 4386 |
palomino3 | Windows Server 2022 Datacenter | x64 | 4.2.1 (2022-06-23 ucrt) -- "Funny-Looking Kid" | 4138 |
merida1 | macOS 10.14.6 Mojave | x86_64 | 4.2.1 (2022-06-23) -- "Funny-Looking Kid" | 4205 |
Click on any hostname to see more info about the system (e.g. compilers) (*) as reported by 'uname -p', except on Windows and Mac OS X |
To the developers/maintainers of the caOmicsV package: - Please allow up to 24 hours (and sometimes 48 hours) for your latest push to git@git.bioconductor.org:packages/caOmicsV.git to reflect on this report. See How and When does the builder pull? When will my changes propagate? for more information. - Make sure to use the following settings in order to reproduce any error or warning you see on this page. |
Package 251/2140 | Hostname | OS / Arch | INSTALL | BUILD | CHECK | BUILD BIN | ||||||||
Henry Zhang
| nebbiolo1 | Linux (Ubuntu 20.04.5 LTS) / x86_64 | OK | OK | ERROR | |||||||||
palomino3 | Windows Server 2022 Datacenter / x64 | OK | OK | ERROR | OK | |||||||||
merida1 | macOS 10.14.6 Mojave / x86_64 | OK | OK | ERROR | OK | |||||||||
Package: caOmicsV |
Version: 1.26.0 |
Command: /Library/Frameworks/R.framework/Resources/bin/R CMD check --install=check:caOmicsV.install-out.txt --library=/Library/Frameworks/R.framework/Resources/library --no-vignettes --timings caOmicsV_1.26.0.tar.gz |
StartedAt: 2022-10-19 00:09:55 -0400 (Wed, 19 Oct 2022) |
EndedAt: 2022-10-19 00:12:25 -0400 (Wed, 19 Oct 2022) |
EllapsedTime: 150.4 seconds |
RetCode: 1 |
Status: ERROR |
CheckDir: caOmicsV.Rcheck |
Warnings: NA |
############################################################################## ############################################################################## ### ### Running command: ### ### /Library/Frameworks/R.framework/Resources/bin/R CMD check --install=check:caOmicsV.install-out.txt --library=/Library/Frameworks/R.framework/Resources/library --no-vignettes --timings caOmicsV_1.26.0.tar.gz ### ############################################################################## ############################################################################## * using log directory ‘/Users/biocbuild/bbs-3.15-bioc/meat/caOmicsV.Rcheck’ * using R version 4.2.1 (2022-06-23) * using platform: x86_64-apple-darwin17.0 (64-bit) * using session charset: UTF-8 * using option ‘--no-vignettes’ * checking for file ‘caOmicsV/DESCRIPTION’ ... OK * checking extension type ... Package * this is package ‘caOmicsV’ version ‘1.26.0’ * checking package namespace information ... OK * checking package dependencies ... OK * checking if this is a source package ... OK * checking if there is a namespace ... OK * checking for hidden files and directories ... OK * checking for portable file names ... OK * checking for sufficient/correct file permissions ... OK * checking whether package ‘caOmicsV’ can be installed ... WARNING Found the following significant warnings: Warning: Package 'caOmicsV' is deprecated and will be removed from Bioconductor See ‘/Users/biocbuild/bbs-3.15-bioc/meat/caOmicsV.Rcheck/00install.out’ for details. * checking installed package size ... OK * checking package directory ... OK * checking ‘build’ directory ... OK * checking DESCRIPTION meta-information ... OK * checking top-level files ... OK * checking for left-over files ... OK * checking index information ... OK * checking package subdirectories ... OK * checking R files for non-ASCII characters ... OK * checking R files for syntax errors ... OK * checking whether the package can be loaded ... OK * checking whether the package can be loaded with stated dependencies ... OK * checking whether the package can be unloaded cleanly ... OK * checking whether the namespace can be loaded with stated dependencies ... OK * checking whether the namespace can be unloaded cleanly ... OK * checking dependencies in R code ... OK * checking S3 generic/method consistency ... OK * checking replacement functions ... OK * checking foreign function calls ... OK * checking R code for possible problems ... OK * checking Rd files ... OK * checking Rd metadata ... OK * checking Rd cross-references ... OK * checking for missing documentation entries ... OK * checking for code/documentation mismatches ... OK * checking Rd \usage sections ... OK * checking Rd contents ... OK * checking for unstated dependencies in examples ... OK * checking contents of ‘data’ directory ... OK * checking data for non-ASCII characters ... OK * checking data for ASCII and uncompressed saves ... OK * checking sizes of PDF files under ‘inst/doc’ ... OK * checking files in ‘vignettes’ ... OK * checking examples ... OK Examples with CPU (user + system) or elapsed time > 5s user system elapsed bioNetLegend 9.186 0.457 9.746 plotBioNetCircos 8.540 0.378 8.951 plotBioNetHeatmap 6.144 0.233 6.392 drawBioNetNodeBackground 5.396 0.222 5.642 * checking for unstated dependencies in vignettes ... OK * checking package vignettes in ‘inst/doc’ ... OK * checking running R code from vignettes ... SKIPPED * checking re-building of vignette outputs ... SKIPPED * checking PDF version of manual ... ERROR Rd conversion errors: Converting parsed Rd's to LaTeX ..Warning in nm[isAlias] <- sapply(Rd[isAlias], as.character) : number of items to replace is not a multiple of replacement length Error in writeAlias(section, tag) : alias: ‘ getBioMatrixBasePositions getBioMatrixColumnPadding getBioMatrixDataAreaWidth getBioMatrixGeneLabelWidth getBioMatrixGeneNumber getBioMatrixLegendHeight getBioMatrixPhenotypeNumber getBioMatrixPlotAreaHeigth getBioMatrixPlotAreaWidth getBioMatrixRemarkWidth getBioMatrixSummaryWidth getBioMatrixRowPadding getBioMatrixSampleHeight getBioMatrixSampleIDHeight getBioMatrixSampleNumber getBioMatrixSampleWidth ’ is not one line * DONE Status: 1 ERROR, 1 WARNING See ‘/Users/biocbuild/bbs-3.15-bioc/meat/caOmicsV.Rcheck/00check.log’ for details.
caOmicsV.Rcheck/00install.out
############################################################################## ############################################################################## ### ### Running command: ### ### /Library/Frameworks/R.framework/Resources/bin/R CMD INSTALL caOmicsV ### ############################################################################## ############################################################################## * installing to library ‘/Library/Frameworks/R.framework/Versions/4.2/Resources/library’ * installing *source* package ‘caOmicsV’ ... ** using staged installation ** R ** data ** demo ** inst ** byte-compile and prepare package for lazy loading ** help *** installing help indices ** building package indices ** installing vignettes ** testing if installed package can be loaded from temporary location Warning: Package 'caOmicsV' is deprecated and will be removed from Bioconductor version 3.16 ** testing if installed package can be loaded from final location Warning: Package 'caOmicsV' is deprecated and will be removed from Bioconductor version 3.16 ** testing if installed package keeps a record of temporary installation path * DONE (caOmicsV)
caOmicsV.Rcheck/caOmicsV-Ex.timings
name | user | system | elapsed | |
CA_OMICS_ENV | 0.000 | 0.000 | 0.001 | |
CA_OMICS_NAME | 0.001 | 0.000 | 0.000 | |
CA_OMICS_NA_STRING | 0.001 | 0.000 | 0.000 | |
CNVDemoData | 0.028 | 0.008 | 0.036 | |
RNA2miRNA | 0.002 | 0.002 | 0.004 | |
RNASeq | 0.005 | 0.002 | 0.008 | |
RNASeqDemoData | 0.003 | 0.003 | 0.005 | |
bioMatrixLegend | 0.273 | 0.043 | 0.317 | |
bioNetCircosPlot | 2.339 | 0.211 | 2.566 | |
bioNetLegend | 9.186 | 0.457 | 9.746 | |
biomatrixPlotDemoData | 0.003 | 0.003 | 0.006 | |
bionetPlotDemoData | 0.003 | 0.002 | 0.006 | |
convertToZScores | 0.007 | 0.002 | 0.010 | |
drawBioNetNodeBackground | 5.396 | 0.222 | 5.642 | |
eraseBioNetNode | 2.509 | 0.127 | 2.659 | |
getBezierCurve | 0.001 | 0.000 | 0.001 | |
getBioMatrixDataRowTop | 0.001 | 0.001 | 0.001 | |
getBioMatrixPlotParameters | 0.001 | 0.000 | 0.002 | |
getBioNetNodeLinkLine | 0.001 | 0.000 | 0.001 | |
getBioNetParameters | 0.450 | 0.038 | 0.490 | |
getBioNetPlotLocations | 0.605 | 0.055 | 0.663 | |
getBioNetSamplePlotPosition | 0.000 | 0.000 | 0.001 | |
getCaOmicsVColors | 0 | 0 | 0 | |
getCaOmicsVPlotTypes | 0 | 0 | 0 | |
getDefaultNaStrings | 0 | 0 | 0 | |
getHeatmapColorScales | 0.001 | 0.000 | 0.001 | |
getPlotDataSet | 0.029 | 0.013 | 0.043 | |
getPlotOmicsData | 0.013 | 0.004 | 0.017 | |
getPlotSampleData | 0.003 | 0.002 | 0.005 | |
getPlotSummaryData | 0.011 | 0.002 | 0.013 | |
getRelatedPlotData | 0.086 | 0.005 | 0.091 | |
initializeBioMatrixPlot | 0.001 | 0.000 | 0.001 | |
initializeBioNetCircos | 0.445 | 0.058 | 0.508 | |
labelBioNetNodeNames | 2.159 | 0.112 | 2.285 | |
linkBioNetNodes | 1.685 | 0.090 | 1.785 | |
linkBioNetSamples | 1.724 | 0.097 | 1.844 | |
methylDemoData | 0.002 | 0.002 | 0.004 | |
miRNA | 0.003 | 0.001 | 0.004 | |
miRNADemoData | 0.002 | 0.001 | 0.004 | |
plotBioMatrix | 0.828 | 0.020 | 0.862 | |
plotBioMatrixBars | 0.020 | 0.001 | 0.021 | |
plotBioMatrixBinaryData | 0.005 | 0.005 | 0.010 | |
plotBioMatrixCategoryData | 0.005 | 0.001 | 0.006 | |
plotBioMatrixHeatmap | 0.009 | 0.003 | 0.011 | |
plotBioMatrixRowNames | 0.023 | 0.001 | 0.024 | |
plotBioMatrixSampleData | 0.005 | 0.001 | 0.006 | |
plotBioMatrixSampleNames | 0.003 | 0.001 | 0.004 | |
plotBioNetBars | 2.457 | 0.140 | 2.613 | |
plotBioNetCircos | 8.540 | 0.378 | 8.951 | |
plotBioNetHeatmap | 6.144 | 0.233 | 6.392 | |
plotBioNetLines | 3.931 | 0.163 | 4.112 | |
plotBioNetPoints | 3.802 | 0.144 | 3.961 | |
plotBioNetPolygons | 3.792 | 0.155 | 3.957 | |
plotHeatmapColorScale | 1.673 | 0.022 | 1.703 | |
resetBioNetNodePlotAreaBoundary | 0 | 0 | 0 | |
sampleDemoData | 0.002 | 0.002 | 0.004 | |
setBioMatrixBaseCoordinates | 0.000 | 0.001 | 0.000 | |
setBioMatrixPlotArea | 0.002 | 0.000 | 0.003 | |
setBioMatrixPlotParameters | 0 | 0 | 0 | |
setBioNetCircosBasePlotPositions | 0.001 | 0.000 | 0.001 | |
setBioNetNodeLayout | 0.452 | 0.028 | 0.481 | |
setBioNetPlotAreaBackground | 0.54 | 0.04 | 0.58 | |
setBioNetPlotParameters | 0.000 | 0.000 | 0.001 | |
setCaOmicsVColors | 0 | 0 | 0 | |
setDefaultNaStrings | 0 | 0 | 0 | |
showBioMatrixPlotLayout | 0.988 | 0.025 | 1.017 | |
showBioNetNodesLayout | 1.040 | 0.085 | 1.127 | |
showSupportedBioNetCircosPlotType | 0.000 | 0.000 | 0.001 | |
sortClinicalData | 0.001 | 0.001 | 0.003 | |
sortOmicsDataByColumn | 0.002 | 0.001 | 0.004 | |
sortOmicsDataByRow | 0.004 | 0.001 | 0.005 | |