| Back to Multiple platform build/check report for BioC 3.15 |
|
This page was generated on 2022-03-18 11:08:50 -0400 (Fri, 18 Mar 2022).
| Hostname | OS | Arch (*) | R version | Installed pkgs |
|---|---|---|---|---|
| nebbiolo1 | Linux (Ubuntu 20.04.4 LTS) | x86_64 | R Under development (unstable) (2022-02-17 r81757) -- "Unsuffered Consequences" | 4334 |
| riesling1 | Windows Server 2019 Standard | x64 | R Under development (unstable) (2021-11-21 r81221) -- "Unsuffered Consequences" | 4097 |
| palomino3 | Windows Server 2022 Datacenter | x64 | R Under development (unstable) (2022-02-17 r81757 ucrt) -- "Unsuffered Consequences" | 4083 |
| merida1 | macOS 10.14.6 Mojave | x86_64 | R Under development (unstable) (2022-03-02 r81842) -- "Unsuffered Consequences" | 4134 |
| Click on any hostname to see more info about the system (e.g. compilers) (*) as reported by 'uname -p', except on Windows and Mac OS X | ||||
|
To the developers/maintainers of the TAPseq package: - Please allow up to 24 hours (and sometimes 48 hours) for your latest push to git@git.bioconductor.org:packages/TAPseq.git to reflect on this report. See How and When does the builder pull? When will my changes propagate? here for more information. - Make sure to use the following settings in order to reproduce any error or warning you see on this page. |
| Package 1934/2090 | Hostname | OS / Arch | INSTALL | BUILD | CHECK | BUILD BIN | ||||||||
| TAPseq 1.7.0 (landing page) Andreas R. Gschwind
| nebbiolo1 | Linux (Ubuntu 20.04.4 LTS) / x86_64 | OK | OK | WARNINGS | |||||||||
| riesling1 | Windows Server 2019 Standard / x64 | OK | OK | WARNINGS | OK | |||||||||
| palomino3 | Windows Server 2022 Datacenter / x64 | OK | OK | WARNINGS | OK | |||||||||
| merida1 | macOS 10.14.6 Mojave / x86_64 | OK | OK | WARNINGS | OK | |||||||||
| Package: TAPseq |
| Version: 1.7.0 |
| Command: D:\biocbuild\bbs-3.15-bioc\R\bin\R.exe CMD check --no-multiarch --install=check:TAPseq.install-out.txt --library=D:\biocbuild\bbs-3.15-bioc\R\library --no-vignettes --timings TAPseq_1.7.0.tar.gz |
| StartedAt: 2022-03-17 20:27:06 -0400 (Thu, 17 Mar 2022) |
| EndedAt: 2022-03-17 20:32:59 -0400 (Thu, 17 Mar 2022) |
| EllapsedTime: 352.8 seconds |
| RetCode: 0 |
| Status: WARNINGS |
| CheckDir: TAPseq.Rcheck |
| Warnings: 1 |
##############################################################################
##############################################################################
###
### Running command:
###
### D:\biocbuild\bbs-3.15-bioc\R\bin\R.exe CMD check --no-multiarch --install=check:TAPseq.install-out.txt --library=D:\biocbuild\bbs-3.15-bioc\R\library --no-vignettes --timings TAPseq_1.7.0.tar.gz
###
##############################################################################
##############################################################################
* using log directory 'D:/biocbuild/bbs-3.15-bioc/meat/TAPseq.Rcheck'
* using R Under development (unstable) (2021-11-21 r81221)
* using platform: x86_64-w64-mingw32 (64-bit)
* using session charset: ISO8859-1
* using option '--no-vignettes'
* checking for file 'TAPseq/DESCRIPTION' ... OK
* checking extension type ... Package
* this is package 'TAPseq' version '1.7.0'
* package encoding: UTF-8
* checking package namespace information ... OK
* checking package dependencies ... OK
* checking if this is a source package ... OK
* checking if there is a namespace ... OK
* checking for hidden files and directories ... OK
* checking for portable file names ... OK
* checking whether package 'TAPseq' can be installed ... WARNING
Found the following significant warnings:
Warning: Following software required by TAPseq is not installed or not in PATH:
See 'D:/biocbuild/bbs-3.15-bioc/meat/TAPseq.Rcheck/00install.out' for details.
* checking installed package size ... OK
* checking package directory ... OK
* checking 'build' directory ... OK
* checking DESCRIPTION meta-information ... OK
* checking top-level files ... OK
* checking for left-over files ... OK
* checking index information ... OK
* checking package subdirectories ... OK
* checking R files for non-ASCII characters ... OK
* checking R files for syntax errors ... OK
* checking whether the package can be loaded ... OK
* checking whether the package can be loaded with stated dependencies ... OK
* checking whether the package can be unloaded cleanly ... OK
* checking whether the namespace can be loaded with stated dependencies ... NOTE
Warning: Following software required by TAPseq is not installed or not in PATH:
primer3_core
makeblastdb
blastn
Please install these tools before trying to use this package!
A namespace must be able to be loaded with just the base namespace
loaded: otherwise if the namespace gets loaded by a saved object, the
session will be unable to start.
Probably some imports need to be declared in the NAMESPACE file.
* checking whether the namespace can be unloaded cleanly ... OK
* checking dependencies in R code ... OK
* checking S3 generic/method consistency ... OK
* checking replacement functions ... OK
* checking foreign function calls ... OK
* checking R code for possible problems ... OK
* checking Rd files ... OK
* checking Rd metadata ... OK
* checking Rd cross-references ... OK
* checking for missing documentation entries ... OK
* checking for code/documentation mismatches ... OK
* checking Rd \usage sections ... OK
* checking Rd contents ... OK
* checking for unstated dependencies in examples ... OK
* checking contents of 'data' directory ... OK
* checking data for non-ASCII characters ... OK
* checking data for ASCII and uncompressed saves ... OK
* checking R/sysdata.rda ... OK
* checking files in 'vignettes' ... OK
* checking examples ... OK
Examples with CPU (user + system) or elapsed time > 5s
user system elapsed
selectTargetGenes 39.30 2.16 41.49
truncateTxsPolyA 6.87 0.00 6.89
pickPrimers 5.69 0.05 5.73
exportPrimers 4.98 0.05 5.03
inferPolyASites 2.58 0.20 19.63
* checking for unstated dependencies in 'tests' ... OK
* checking tests ...
Running 'testthat.R'
OK
* checking for unstated dependencies in vignettes ... OK
* checking package vignettes in 'inst/doc' ... OK
* checking running R code from vignettes ... SKIPPED
* checking re-building of vignette outputs ... SKIPPED
* checking PDF version of manual ... OK
* DONE
Status: 1 WARNING, 1 NOTE
See
'D:/biocbuild/bbs-3.15-bioc/meat/TAPseq.Rcheck/00check.log'
for details.
TAPseq.Rcheck/00install.out
##############################################################################
##############################################################################
###
### Running command:
###
### D:\biocbuild\bbs-3.15-bioc\R\bin\R.exe CMD INSTALL TAPseq
###
##############################################################################
##############################################################################
* installing to library 'D:/biocbuild/bbs-3.15-bioc/R/library'
* installing *source* package 'TAPseq' ...
** using staged installation
** R
** data
** inst
** byte-compile and prepare package for lazy loading
** help
*** installing help indices
converting help for package 'TAPseq'
finding HTML links ... done
TAPseq html
TAPseqInput html
TsIO-class html
TsIOList-class html
accessors html
bone_marrow_genex html
checkPrimers html
check_tool_installation html
chr11_genes html
chr11_polyA_sites html
chr11_primers html
chr11_truncated_txs html
chr11_truncated_txs_seq html
createIORecord html
designPrimers html
estimateOffTargets html
exportPrimers html
getTxsSeq html
get_gt_sequences html
inferPolyASites html
parsePrimer3Output html
pickPrimers html
selectTargetGenes html
truncateTxsPolyA html
** building package indices
** installing vignettes
** testing if installed package can be loaded from temporary location
Warning: Following software required by TAPseq is not installed or not in PATH:
primer3_core
makeblastdb
blastn
Please install these tools before trying to use this package!
** testing if installed package can be loaded from final location
Warning: Following software required by TAPseq is not installed or not in PATH:
primer3_core
makeblastdb
blastn
Please install these tools before trying to use this package!
** testing if installed package keeps a record of temporary installation path
* DONE (TAPseq)
Making 'packages.html' ... done
TAPseq.Rcheck/tests/testthat.Rout
R Under development (unstable) (2021-11-21 r81221) -- "Unsuffered Consequences"
Copyright (C) 2021 The R Foundation for Statistical Computing
Platform: x86_64-w64-mingw32/x64 (64-bit)
R is free software and comes with ABSOLUTELY NO WARRANTY.
You are welcome to redistribute it under certain conditions.
Type 'license()' or 'licence()' for distribution details.
R is a collaborative project with many contributors.
Type 'contributors()' for more information and
'citation()' on how to cite R or R packages in publications.
Type 'demo()' for some demos, 'help()' for on-line help, or
'help.start()' for an HTML browser interface to help.
Type 'q()' to quit R.
> library(testthat)
> library(TAPseq)
TAPseq is using the following tools:
primer3_core: NA
makeblastdb: NA
blastn: NA
Warning message:
Following software required by TAPseq is not installed or not in PATH:
primer3_core
makeblastdb
blastn
Please install these tools before trying to use this package!
>
> test_check("TAPseq")
[ FAIL 0 | WARN 0 | SKIP 0 | PASS 209 ]
>
> proc.time()
user system elapsed
36.65 1.81 38.50
TAPseq.Rcheck/TAPseq-Ex.timings
| name | user | system | elapsed | |
| TAPseqInput | 4.08 | 0.16 | 4.24 | |
| TsIO-class | 0.05 | 0.01 | 0.06 | |
| TsIOList-class | 0.23 | 0.05 | 0.28 | |
| accessors | 0.41 | 0.06 | 0.47 | |
| checkPrimers | 2.69 | 0.08 | 2.76 | |
| createIORecord | 2.50 | 0.01 | 2.52 | |
| designPrimers | 0.06 | 0.05 | 0.11 | |
| estimateOffTargets | 0 | 0 | 0 | |
| exportPrimers | 4.98 | 0.05 | 5.03 | |
| getTxsSeq | 1.06 | 0.06 | 1.12 | |
| inferPolyASites | 2.58 | 0.20 | 19.63 | |
| parsePrimer3Output | 0 | 0 | 0 | |
| pickPrimers | 5.69 | 0.05 | 5.73 | |
| selectTargetGenes | 39.30 | 2.16 | 41.49 | |
| truncateTxsPolyA | 6.87 | 0.00 | 6.89 | |