| Back to Multiple platform build/check report for BioC 3.15 |
|
This page was generated on 2022-03-18 11:07:16 -0400 (Fri, 18 Mar 2022).
| Hostname | OS | Arch (*) | R version | Installed pkgs |
|---|---|---|---|---|
| nebbiolo1 | Linux (Ubuntu 20.04.4 LTS) | x86_64 | R Under development (unstable) (2022-02-17 r81757) -- "Unsuffered Consequences" | 4334 |
| riesling1 | Windows Server 2019 Standard | x64 | R Under development (unstable) (2021-11-21 r81221) -- "Unsuffered Consequences" | 4097 |
| palomino3 | Windows Server 2022 Datacenter | x64 | R Under development (unstable) (2022-02-17 r81757 ucrt) -- "Unsuffered Consequences" | 4083 |
| merida1 | macOS 10.14.6 Mojave | x86_64 | R Under development (unstable) (2022-03-02 r81842) -- "Unsuffered Consequences" | 4134 |
| Click on any hostname to see more info about the system (e.g. compilers) (*) as reported by 'uname -p', except on Windows and Mac OS X | ||||
|
To the developers/maintainers of the CountClust package: - Please allow up to 24 hours (and sometimes 48 hours) for your latest push to git@git.bioconductor.org:packages/CountClust.git to reflect on this report. See How and When does the builder pull? When will my changes propagate? here for more information. - Make sure to use the following settings in order to reproduce any error or warning you see on this page. |
| Package 411/2090 | Hostname | OS / Arch | INSTALL | BUILD | CHECK | BUILD BIN | ||||||||
Kushal Dey
| nebbiolo1 | Linux (Ubuntu 20.04.4 LTS) / x86_64 | OK | ERROR | skipped | |||||||||
| riesling1 | Windows Server 2019 Standard / x64 | OK | ERROR | skipped | skipped | |||||||||
| palomino3 | Windows Server 2022 Datacenter / x64 | OK | ERROR | skipped | skipped | |||||||||
| merida1 | macOS 10.14.6 Mojave / x86_64 | OK | ERROR | skipped | skipped | |||||||||
| Package: CountClust |
| Version: 1.23.1 |
| Command: chmod a+r CountClust -R && D:\biocbuild\bbs-3.15-bioc\R\bin\R.exe CMD build --keep-empty-dirs --no-resave-data CountClust |
| StartedAt: 2022-03-17 16:39:54 -0400 (Thu, 17 Mar 2022) |
| EndedAt: 2022-03-17 16:40:57 -0400 (Thu, 17 Mar 2022) |
| EllapsedTime: 63.1 seconds |
| RetCode: 1 |
| Status: ERROR |
| PackageFile: None |
| PackageFileSize: NA |
##############################################################################
##############################################################################
###
### Running command:
###
### chmod a+r CountClust -R && D:\biocbuild\bbs-3.15-bioc\R\bin\R.exe CMD build --keep-empty-dirs --no-resave-data CountClust
###
##############################################################################
##############################################################################
* checking for file 'CountClust/DESCRIPTION' ... OK
* preparing 'CountClust':
* checking DESCRIPTION meta-information ... OK
* installing the package to build vignettes
* creating vignettes ... ERROR
--- re-building 'count-clust.Rmd' using rmarkdown
Loading required package: usethis
Downloading GitHub repo TaddyLab/maptpx@HEAD
Installing package into 'D:/biocbuild/bbs-3.15-bioc/tmpdir/Rtmpcv92w5/Rinst219c3faa7de0'
(as 'lib' is unspecified)
* installing *source* package 'maptpx' ...
** using staged installation
** libs
"C:/rtools40/mingw64/bin/"gcc -I"D:/biocbuild/bbs-3.15-bioc/R/include" -DNDEBUG -I"C:/extsoft/include" -DRPRINT -O2 -Wall -std=gnu99 -mfpmath=sse -msse2 -mstackrealign -fno-reorder-blocks-and-partition -c init.c -o init.o
"C:/rtools40/mingw64/bin/"gcc -I"D:/biocbuild/bbs-3.15-bioc/R/include" -DNDEBUG -I"C:/extsoft/include" -DRPRINT -O2 -Wall -std=gnu99 -mfpmath=sse -msse2 -mstackrealign -fno-reorder-blocks-and-partition -c latools.c -o latools.o
"C:/rtools40/mingw64/bin/"gcc -I"D:/biocbuild/bbs-3.15-bioc/R/include" -DNDEBUG -I"C:/extsoft/include" -DRPRINT -O2 -Wall -std=gnu99 -mfpmath=sse -msse2 -mstackrealign -fno-reorder-blocks-and-partition -c rhelp.c -o rhelp.o
"C:/rtools40/mingw64/bin/"gcc -I"D:/biocbuild/bbs-3.15-bioc/R/include" -DNDEBUG -I"C:/extsoft/include" -DRPRINT -O2 -Wall -std=gnu99 -mfpmath=sse -msse2 -mstackrealign -fno-reorder-blocks-and-partition -c topics.c -o topics.o
C:/rtools40/mingw64/bin/gcc -shared -s -static-libgcc -o maptpx.dll tmp.def init.o latools.o rhelp.o topics.o -LD:/biocbuild/bbs-3.15-bioc/R/bin/x64 -lRlapack -LD:/biocbuild/bbs-3.15-bioc/R/bin/x64 -lRblas -lgfortran -lm -lquadmath -LC:/extsoft/lib/x64 -LC:/extsoft/lib -LD:/biocbuild/bbs-3.15-bioc/R/bin/x64 -lR
installing to D:/biocbuild/bbs-3.15-bioc/tmpdir/Rtmpcv92w5/Rinst219c3faa7de0/00LOCK-maptpx/00new/maptpx/libs/x64
** R
** inst
** byte-compile and prepare package for lazy loading
** help
*** installing help indices
converting help for package 'maptpx'
finding HTML links ... done
counts html
predict.topics html
rdir html
topicVar html
topics html
** building package indices
** testing if installed package can be loaded from temporary location
** testing if installed package can be loaded from final location
** testing if installed package keeps a record of temporary installation path
* DONE (maptpx)
Loading required package: ggplot2
Warning: Package 'CountClust' is deprecated and will be removed from
Bioconductor version 3.16
Warning in download.file("https://cdn.rawgit.com/kkdey/GTExV6Brain/master/data/GTExV6Brain.rda", :
cannot open URL 'https://cdn.jsdelivr.net/gh/kkdey/GTExV6Brain@master/data/GTExV6Brain.rda': HTTP status was '403 Forbidden'
Quitting from lines 118-130 (count-clust.Rmd)
Error: processing vignette 'count-clust.Rmd' failed with diagnostics:
cannot open URL 'https://cdn.rawgit.com/kkdey/GTExV6Brain/master/data/GTExV6Brain.rda'
--- failed re-building 'count-clust.Rmd'
SUMMARY: processing the following file failed:
'count-clust.Rmd'
Error: Vignette re-building failed.
Execution halted