| Back to Build/check report for BioC 3.14 experimental data |
|
This page was generated on 2022-04-13 14:50:22 -0400 (Wed, 13 Apr 2022).
| Hostname | OS | Arch (*) | R version | Installed pkgs |
|---|---|---|---|---|
| nebbiolo2 | Linux (Ubuntu 20.04.4 LTS) | x86_64 | 4.1.3 (2022-03-10) -- "One Push-Up" | 4324 |
| Click on any hostname to see more info about the system (e.g. compilers) (*) as reported by 'uname -p', except on Windows and Mac OS X | ||||
|
To the developers/maintainers of the chipenrich.data package: Make sure to use the following settings in order to reproduce any error or warning you see on this page. |
| Package 57/408 | Hostname | OS / Arch | INSTALL | BUILD | CHECK | ||||||||
| chipenrich.data 2.18.0 (landing page) Raymond G. Cavalcante
| nebbiolo2 | Linux (Ubuntu 20.04.4 LTS) / x86_64 | OK | OK | WARNINGS | ||||||||
| Package: chipenrich.data |
| Version: 2.18.0 |
| Command: /home/biocbuild/bbs-3.14-bioc/R/bin/R CMD check --install=check:chipenrich.data.install-out.txt --library=/home/biocbuild/bbs-3.14-bioc/R/library --no-vignettes --timings chipenrich.data_2.18.0.tar.gz |
| StartedAt: 2022-04-13 11:17:06 -0400 (Wed, 13 Apr 2022) |
| EndedAt: 2022-04-13 11:21:16 -0400 (Wed, 13 Apr 2022) |
| EllapsedTime: 249.6 seconds |
| RetCode: 0 |
| Status: WARNINGS |
| CheckDir: chipenrich.data.Rcheck |
| Warnings: 3 |
##############################################################################
##############################################################################
###
### Running command:
###
### /home/biocbuild/bbs-3.14-bioc/R/bin/R CMD check --install=check:chipenrich.data.install-out.txt --library=/home/biocbuild/bbs-3.14-bioc/R/library --no-vignettes --timings chipenrich.data_2.18.0.tar.gz
###
##############################################################################
##############################################################################
* using log directory ‘/home/biocbuild/bbs-3.14-data-experiment/meat/chipenrich.data.Rcheck’
* using R version 4.1.3 (2022-03-10)
* using platform: x86_64-pc-linux-gnu (64-bit)
* using session charset: UTF-8
* using option ‘--no-vignettes’
* checking for file ‘chipenrich.data/DESCRIPTION’ ... OK
* this is package ‘chipenrich.data’ version ‘2.18.0’
* package encoding: UTF-8
* checking package namespace information ... OK
* checking package dependencies ... OK
* checking if this is a source package ... OK
* checking if there is a namespace ... OK
* checking for hidden files and directories ... OK
* checking for portable file names ... OK
* checking for sufficient/correct file permissions ... OK
* checking whether package ‘chipenrich.data’ can be installed ... WARNING
Found the following significant warnings:
Warning: objects ‘gene.enh.desc’, ‘gene.enh.desc’ are created by more than one data call
See ‘/home/biocbuild/bbs-3.14-data-experiment/meat/chipenrich.data.Rcheck/00install.out’ for details.
* checking installed package size ... NOTE
installed size is 233.6Mb
sub-directories of 1Mb or more:
data 232.9Mb
* checking package directory ... OK
* checking ‘build’ directory ... OK
* checking DESCRIPTION meta-information ... OK
* checking top-level files ... OK
* checking for left-over files ... OK
* checking index information ... OK
* checking package subdirectories ... OK
* checking R files for non-ASCII characters ... OK
* checking R files for syntax errors ... OK
* checking whether the package can be loaded ... OK
* checking whether the package can be loaded with stated dependencies ... OK
* checking whether the package can be unloaded cleanly ... OK
* checking whether the namespace can be loaded with stated dependencies ... OK
* checking whether the namespace can be unloaded cleanly ... OK
* checking dependencies in R code ... OK
* checking S3 generic/method consistency ... OK
* checking replacement functions ... OK
* checking foreign function calls ... OK
* checking R code for possible problems ... OK
* checking Rd files ... OK
* checking Rd metadata ... OK
* checking Rd cross-references ... OK
* checking for missing documentation entries ... WARNING
Undocumented code objects:
‘enhancer.hg19’ ‘enhancer.hg38’ ‘gene.enh.desc.hg19’
‘locusdef.hg19.enhancer’ ‘locusdef.hg19.enhancer_plus5kb’
‘locusdef.hg38.enhancer’ ‘locusdef.hg38.enhancer_plus5kb’ ‘mm10’
‘mm9’
Undocumented data sets:
‘enhancer.hg19’ ‘enhancer.hg38’ ‘mm10’ ‘mm9’ ‘gene.enh.desc.hg19’
‘locusdef.hg19.enhancer’ ‘locusdef.hg19.enhancer_plus5kb’
‘locusdef.hg38.enhancer’ ‘locusdef.hg38.enhancer_plus5kb’
All user-level objects in a package should have documentation entries.
See chapter ‘Writing R documentation files’ in the ‘Writing R
Extensions’ manual.
* checking for code/documentation mismatches ... OK
* checking Rd \usage sections ... OK
* checking Rd contents ... OK
* checking for unstated dependencies in examples ... OK
* checking contents of ‘data’ directory ... OK
* checking data for non-ASCII characters ... OK
* checking LazyData ... WARNING
LazyData DB of 232.8 MB without LazyDataCompression set
See §1.1.6 of 'Writing R Extensions'
* checking data for ASCII and uncompressed saves ... OK
* checking installed files from ‘inst/doc’ ... OK
* checking files in ‘vignettes’ ... OK
* checking examples ... OK
* checking for unstated dependencies in vignettes ... OK
* checking package vignettes in ‘inst/doc’ ... OK
* checking running R code from vignettes ... SKIPPED
* checking re-building of vignette outputs ... SKIPPED
* checking PDF version of manual ... OK
* DONE
Status: 3 WARNINGs, 1 NOTE
See
‘/home/biocbuild/bbs-3.14-data-experiment/meat/chipenrich.data.Rcheck/00check.log’
for details.
chipenrich.data.Rcheck/00install.out
############################################################################## ############################################################################## ### ### Running command: ### ### /home/biocbuild/bbs-3.14-bioc/R/bin/R CMD INSTALL chipenrich.data ### ############################################################################## ############################################################################## * installing to library ‘/home/biocbuild/bbs-3.14-bioc/R/library’ * installing *source* package ‘chipenrich.data’ ... ** using staged installation ** R ** data *** moving datasets to lazyload DB Warning: objects ‘gene.enh.desc’, ‘gene.enh.desc’ are created by more than one data call ** inst ** byte-compile and prepare package for lazy loading ** help *** installing help indices ** building package indices ** installing vignettes ** testing if installed package can be loaded from temporary location ** testing if installed package can be loaded from final location ** testing if installed package keeps a record of temporary installation path * DONE (chipenrich.data)
chipenrich.data.Rcheck/chipenrich.data-Ex.timings
| name | user | system | elapsed | |
| GeneSet-class | 0.112 | 0.024 | 0.137 | |
| LocusDefinition-class | 0.038 | 0.024 | 0.062 | |
| peaks_E2F4 | 0.004 | 0.000 | 0.004 | |
| peaks_H3K4me3_GM12878 | 0.006 | 0.000 | 0.007 | |