| Back to Multiple platform build/check report for BioC 3.14 |
|
This page was generated on 2022-04-13 12:05:29 -0400 (Wed, 13 Apr 2022).
| Hostname | OS | Arch (*) | R version | Installed pkgs |
|---|---|---|---|---|
| nebbiolo2 | Linux (Ubuntu 20.04.4 LTS) | x86_64 | 4.1.3 (2022-03-10) -- "One Push-Up" | 4324 |
| tokay2 | Windows Server 2012 R2 Standard | x64 | 4.1.3 (2022-03-10) -- "One Push-Up" | 4077 |
| machv2 | macOS 10.14.6 Mojave | x86_64 | 4.1.3 (2022-03-10) -- "One Push-Up" | 4137 |
| Click on any hostname to see more info about the system (e.g. compilers) (*) as reported by 'uname -p', except on Windows and Mac OS X | ||||
|
To the developers/maintainers of the imageHTS package: - Please allow up to 24 hours (and sometimes 48 hours) for your latest push to git@git.bioconductor.org:packages/imageHTS.git to reflect on this report. See How and When does the builder pull? When will my changes propagate? for more information. - Make sure to use the following settings in order to reproduce any error or warning you see on this page. |
| Package 921/2083 | Hostname | OS / Arch | INSTALL | BUILD | CHECK | BUILD BIN | ||||||||
| imageHTS 1.44.1 (landing page) Joseph Barry
| nebbiolo2 | Linux (Ubuntu 20.04.4 LTS) / x86_64 | OK | OK | ERROR | |||||||||
| tokay2 | Windows Server 2012 R2 Standard / x64 | OK | OK | ERROR | OK | |||||||||
| machv2 | macOS 10.14.6 Mojave / x86_64 | OK | OK | ERROR | OK | |||||||||
| Package: imageHTS |
| Version: 1.44.1 |
| Command: /home/biocbuild/bbs-3.14-bioc/R/bin/R CMD check --install=check:imageHTS.install-out.txt --library=/home/biocbuild/bbs-3.14-bioc/R/library --no-vignettes --timings imageHTS_1.44.1.tar.gz |
| StartedAt: 2022-04-12 07:51:49 -0400 (Tue, 12 Apr 2022) |
| EndedAt: 2022-04-12 07:54:46 -0400 (Tue, 12 Apr 2022) |
| EllapsedTime: 177.2 seconds |
| RetCode: 1 |
| Status: ERROR |
| CheckDir: imageHTS.Rcheck |
| Warnings: NA |
##############################################################################
##############################################################################
###
### Running command:
###
### /home/biocbuild/bbs-3.14-bioc/R/bin/R CMD check --install=check:imageHTS.install-out.txt --library=/home/biocbuild/bbs-3.14-bioc/R/library --no-vignettes --timings imageHTS_1.44.1.tar.gz
###
##############################################################################
##############################################################################
* using log directory ‘/home/biocbuild/bbs-3.14-bioc/meat/imageHTS.Rcheck’
* using R version 4.1.3 (2022-03-10)
* using platform: x86_64-pc-linux-gnu (64-bit)
* using session charset: UTF-8
* using option ‘--no-vignettes’
* checking for file ‘imageHTS/DESCRIPTION’ ... OK
* this is package ‘imageHTS’ version ‘1.44.1’
* checking package namespace information ... OK
* checking package dependencies ... OK
* checking if this is a source package ... OK
* checking if there is a namespace ... OK
* checking for hidden files and directories ... NOTE
Found the following hidden files and directories:
.BBSoptions
These were most likely included in error. See section ‘Package
structure’ in the ‘Writing R Extensions’ manual.
* checking for portable file names ... OK
* checking for sufficient/correct file permissions ... OK
* checking whether package ‘imageHTS’ can be installed ... OK
* checking installed package size ... OK
* checking package directory ... OK
* checking ‘build’ directory ... OK
* checking DESCRIPTION meta-information ... OK
* checking top-level files ... OK
* checking for left-over files ... OK
* checking index information ... OK
* checking package subdirectories ... OK
* checking R files for non-ASCII characters ... OK
* checking R files for syntax errors ... OK
* checking whether the package can be loaded ... OK
* checking whether the package can be loaded with stated dependencies ... OK
* checking whether the package can be unloaded cleanly ... OK
* checking whether the namespace can be loaded with stated dependencies ... OK
* checking whether the namespace can be unloaded cleanly ... OK
* checking dependencies in R code ... OK
* checking S3 generic/method consistency ... OK
* checking replacement functions ... OK
* checking foreign function calls ... OK
* checking R code for possible problems ... OK
* checking Rd files ... OK
* checking Rd metadata ... OK
* checking Rd cross-references ... OK
* checking for missing documentation entries ... OK
* checking for code/documentation mismatches ... OK
* checking Rd \usage sections ... OK
* checking Rd contents ... OK
* checking for unstated dependencies in examples ... OK
* checking files in ‘vignettes’ ... OK
* checking examples ... ERROR
Running examples in ‘imageHTS-Ex.R’ failed
The error most likely occurred in:
> base::assign(".ptime", proc.time(), pos = "CheckExEnv")
> ### Name: segmentYeastBF
> ### Title: Segmentation of yeast cells and ring-shaped objects.
> ### Aliases: segmentYeastBF segmentRing
>
> ### ** Examples
>
> filename = system.file('yeast.jpeg', package='imageHTS')
> a = readImage(filename)
> if (interactive()) display(a)
> p = list(edge.threshold=0.05, max.membrane.thickness=5, crown.thickness=8,
+ crown.steps=c(31, 61, 4), locmin.threshold.width=9, locmin.threshold.offset=0.15,
+ locmin.erode.size=3, cell.max.overlap=2, nucleus.radius.offset=10,
+ cell.radius.offset=4)
> seg = segmentRing(a, p)
Error in if (nrow(cs) > 0) { : argument is of length zero
Calls: segmentRing -> extractCells
Execution halted
* checking for unstated dependencies in vignettes ... OK
* checking package vignettes in ‘inst/doc’ ... OK
* checking running R code from vignettes ... SKIPPED
* checking re-building of vignette outputs ... SKIPPED
* checking PDF version of manual ... OK
* DONE
Status: 1 ERROR, 1 NOTE
See
‘/home/biocbuild/bbs-3.14-bioc/meat/imageHTS.Rcheck/00check.log’
for details.
imageHTS.Rcheck/00install.out
############################################################################## ############################################################################## ### ### Running command: ### ### /home/biocbuild/bbs-3.14-bioc/R/bin/R CMD INSTALL imageHTS ### ############################################################################## ############################################################################## * installing to library ‘/home/biocbuild/bbs-3.14-bioc/R/library’ * installing *source* package ‘imageHTS’ ... ** using staged installation ** R ** inst ** byte-compile and prepare package for lazy loading ** help *** installing help indices ** building package indices ** installing vignettes ** testing if installed package can be loaded from temporary location ** testing if installed package can be loaded from final location ** testing if installed package keeps a record of temporary installation path * DONE (imageHTS)
imageHTS.Rcheck/imageHTS-Ex.timings
| name | user | system | elapsed | |
| collectCellFeatures | 0 | 0 | 0 | |
| countObjects | 6.692 | 0.244 | 6.938 | |
| extractFeatures | 9.915 | 0.276 | 10.191 | |
| fileHTS | 1.530 | 0.024 | 1.554 | |
| getImageConf | 0.870 | 0.001 | 0.871 | |
| getUnames | 2.041 | 0.023 | 2.064 | |
| getWellFeatures | 2.390 | 0.004 | 2.394 | |
| highlightSegmentation | 0 | 0 | 0 | |
| installCellPicker | 1.243 | 0.040 | 1.285 | |
| makeCellHTS | 0.000 | 0.000 | 0.001 | |
| parseDCF | 0.001 | 0.000 | 0.001 | |
| parseImageConf | 0.778 | 0.000 | 0.778 | |
| popCellPicker | 0.762 | 0.000 | 0.762 | |
| prw2uname | 0.002 | 0.000 | 0.002 | |
| readLearnTS | 0 | 0 | 0 | |
| segmentATH | 0 | 0 | 0 | |
| segmentWells | 3.652 | 0.140 | 3.792 | |