| Back to Multiple platform build/check report for BioC 3.14 |
|
This page was generated on 2022-04-13 12:05:14 -0400 (Wed, 13 Apr 2022).
| Hostname | OS | Arch (*) | R version | Installed pkgs |
|---|---|---|---|---|
| nebbiolo2 | Linux (Ubuntu 20.04.4 LTS) | x86_64 | 4.1.3 (2022-03-10) -- "One Push-Up" | 4324 |
| tokay2 | Windows Server 2012 R2 Standard | x64 | 4.1.3 (2022-03-10) -- "One Push-Up" | 4077 |
| machv2 | macOS 10.14.6 Mojave | x86_64 | 4.1.3 (2022-03-10) -- "One Push-Up" | 4137 |
| Click on any hostname to see more info about the system (e.g. compilers) (*) as reported by 'uname -p', except on Windows and Mac OS X | ||||
|
To the developers/maintainers of the CTDquerier package: - Please allow up to 24 hours (and sometimes 48 hours) for your latest push to git@git.bioconductor.org:packages/CTDquerier.git to reflect on this report. See How and When does the builder pull? When will my changes propagate? for more information. - Make sure to use the following settings in order to reproduce any error or warning you see on this page. |
| Package 427/2083 | Hostname | OS / Arch | INSTALL | BUILD | CHECK | BUILD BIN | ||||||||
| CTDquerier 2.2.0 (landing page) Xavier Escribà-Montagut
| nebbiolo2 | Linux (Ubuntu 20.04.4 LTS) / x86_64 | OK | OK | WARNINGS | |||||||||
| tokay2 | Windows Server 2012 R2 Standard / x64 | OK | OK | ERROR | OK | |||||||||
| machv2 | macOS 10.14.6 Mojave / x86_64 | OK | OK | ERROR | OK | |||||||||
| Package: CTDquerier |
| Version: 2.2.0 |
| Command: /home/biocbuild/bbs-3.14-bioc/R/bin/R CMD check --install=check:CTDquerier.install-out.txt --library=/home/biocbuild/bbs-3.14-bioc/R/library --no-vignettes --timings CTDquerier_2.2.0.tar.gz |
| StartedAt: 2022-04-12 07:00:55 -0400 (Tue, 12 Apr 2022) |
| EndedAt: 2022-04-12 07:04:21 -0400 (Tue, 12 Apr 2022) |
| EllapsedTime: 205.1 seconds |
| RetCode: 0 |
| Status: WARNINGS |
| CheckDir: CTDquerier.Rcheck |
| Warnings: 1 |
##############################################################################
##############################################################################
###
### Running command:
###
### /home/biocbuild/bbs-3.14-bioc/R/bin/R CMD check --install=check:CTDquerier.install-out.txt --library=/home/biocbuild/bbs-3.14-bioc/R/library --no-vignettes --timings CTDquerier_2.2.0.tar.gz
###
##############################################################################
##############################################################################
* using log directory ‘/home/biocbuild/bbs-3.14-bioc/meat/CTDquerier.Rcheck’
* using R version 4.1.3 (2022-03-10)
* using platform: x86_64-pc-linux-gnu (64-bit)
* using session charset: UTF-8
* using option ‘--no-vignettes’
* checking for file ‘CTDquerier/DESCRIPTION’ ... OK
* this is package ‘CTDquerier’ version ‘2.2.0’
* package encoding: UTF-8
* checking package namespace information ... OK
* checking package dependencies ... OK
* checking if this is a source package ... OK
* checking if there is a namespace ... OK
* checking for hidden files and directories ... OK
* checking for portable file names ... OK
* checking for sufficient/correct file permissions ... OK
* checking whether package ‘CTDquerier’ can be installed ... OK
* checking installed package size ... OK
* checking package directory ... OK
* checking DESCRIPTION meta-information ... OK
* checking top-level files ... OK
* checking for left-over files ... OK
* checking index information ... OK
* checking package subdirectories ... OK
* checking R files for non-ASCII characters ... OK
* checking R files for syntax errors ... OK
* checking whether the package can be loaded ... OK
* checking whether the package can be loaded with stated dependencies ... OK
* checking whether the package can be unloaded cleanly ... OK
* checking whether the namespace can be loaded with stated dependencies ... OK
* checking whether the namespace can be unloaded cleanly ... OK
* checking dependencies in R code ... OK
* checking S3 generic/method consistency ... OK
* checking replacement functions ... OK
* checking foreign function calls ... OK
* checking R code for possible problems ... OK
* checking Rd files ... OK
* checking Rd metadata ... OK
* checking Rd cross-references ... OK
* checking for missing documentation entries ... OK
* checking for code/documentation mismatches ... OK
* checking Rd \usage sections ... OK
* checking Rd contents ... OK
* checking for unstated dependencies in examples ... OK
* checking contents of ‘data’ directory ... OK
* checking data for non-ASCII characters ... NOTE
Note: found 176 marked UTF-8 strings
* checking data for ASCII and uncompressed saves ... OK
* checking files in ‘vignettes’ ... WARNING
Files in the 'vignettes' directory but no files in 'inst/doc':
‘batch_query.Rmd’, ‘biomed-central.csl’, ‘case_study.Rmd’,
‘case_study.bib’, ‘img/01_CTDbase.png’, ‘img/02_XKR4_keyword.png’,
‘img/03_BatchQuery.png’, ‘vignette.Rmd’
* checking examples ... OK
Examples with CPU (user + system) or elapsed time > 5s
user system elapsed
load_ctd_gene 12.176 0.248 12.424
query_ctd_gene 11.908 0.221 19.928
enrich-methods 10.399 0.260 26.217
query_ctd_chem 5.623 0.093 28.027
query_ctd_dise 2.434 0.015 50.809
* checking PDF version of manual ... OK
* DONE
Status: 1 WARNING, 1 NOTE
See
‘/home/biocbuild/bbs-3.14-bioc/meat/CTDquerier.Rcheck/00check.log’
for details.
CTDquerier.Rcheck/00install.out
############################################################################## ############################################################################## ### ### Running command: ### ### /home/biocbuild/bbs-3.14-bioc/R/bin/R CMD INSTALL CTDquerier ### ############################################################################## ############################################################################## * installing to library ‘/home/biocbuild/bbs-3.14-bioc/R/library’ * installing *source* package ‘CTDquerier’ ... ** using staged installation ** R ** data ** inst ** byte-compile and prepare package for lazy loading ** help *** installing help indices ** building package indices ** installing vignettes ** testing if installed package can be loaded from temporary location ** testing if installed package can be loaded from final location ** testing if installed package keeps a record of temporary installation path * DONE (CTDquerier)
CTDquerier.Rcheck/CTDquerier-Ex.timings
| name | user | system | elapsed | |
| download_ctd_chem | 1.440 | 0.024 | 1.465 | |
| download_ctd_dise | 0.237 | 0.000 | 0.236 | |
| download_ctd_genes | 0.237 | 0.016 | 0.253 | |
| enrich-methods | 10.399 | 0.260 | 26.217 | |
| gala | 3.273 | 0.068 | 3.341 | |
| get_table-methods | 2.975 | 0.008 | 2.983 | |
| get_terms-methods | 2.921 | 0.004 | 2.925 | |
| leaf_plot | 0.672 | 0.016 | 0.688 | |
| load_ctd_chem | 4.498 | 0.080 | 4.578 | |
| load_ctd_dise | 1.56 | 0.02 | 1.58 | |
| load_ctd_gene | 12.176 | 0.248 | 12.424 | |
| query_ctd_chem | 5.623 | 0.093 | 28.027 | |
| query_ctd_dise | 2.434 | 0.015 | 50.809 | |
| query_ctd_gene | 11.908 | 0.221 | 19.928 | |