| Back to Multiple platform build/check report for BioC 3.14 |
|
This page was generated on 2022-04-13 12:07:51 -0400 (Wed, 13 Apr 2022).
| Hostname | OS | Arch (*) | R version | Installed pkgs |
|---|---|---|---|---|
| nebbiolo2 | Linux (Ubuntu 20.04.4 LTS) | x86_64 | 4.1.3 (2022-03-10) -- "One Push-Up" | 4324 |
| tokay2 | Windows Server 2012 R2 Standard | x64 | 4.1.3 (2022-03-10) -- "One Push-Up" | 4077 |
| machv2 | macOS 10.14.6 Mojave | x86_64 | 4.1.3 (2022-03-10) -- "One Push-Up" | 4137 |
| Click on any hostname to see more info about the system (e.g. compilers) (*) as reported by 'uname -p', except on Windows and Mac OS X | ||||
|
To the developers/maintainers of the CTDquerier package: - Please allow up to 24 hours (and sometimes 48 hours) for your latest push to git@git.bioconductor.org:packages/CTDquerier.git to reflect on this report. See How and When does the builder pull? When will my changes propagate? for more information. - Make sure to use the following settings in order to reproduce any error or warning you see on this page. |
| Package 427/2083 | Hostname | OS / Arch | INSTALL | BUILD | CHECK | BUILD BIN | ||||||||
| CTDquerier 2.2.0 (landing page) Xavier Escribà-Montagut
| nebbiolo2 | Linux (Ubuntu 20.04.4 LTS) / x86_64 | OK | OK | WARNINGS | |||||||||
| tokay2 | Windows Server 2012 R2 Standard / x64 | OK | OK | ERROR | OK | |||||||||
| machv2 | macOS 10.14.6 Mojave / x86_64 | OK | OK | ERROR | OK | |||||||||
| Package: CTDquerier |
| Version: 2.2.0 |
| Command: /Library/Frameworks/R.framework/Resources/bin/R CMD check --install=check:CTDquerier.install-out.txt --library=/Library/Frameworks/R.framework/Resources/library --no-vignettes --timings CTDquerier_2.2.0.tar.gz |
| StartedAt: 2022-04-12 12:06:53 -0400 (Tue, 12 Apr 2022) |
| EndedAt: 2022-04-12 12:09:56 -0400 (Tue, 12 Apr 2022) |
| EllapsedTime: 182.6 seconds |
| RetCode: 1 |
| Status: ERROR |
| CheckDir: CTDquerier.Rcheck |
| Warnings: NA |
##############################################################################
##############################################################################
###
### Running command:
###
### /Library/Frameworks/R.framework/Resources/bin/R CMD check --install=check:CTDquerier.install-out.txt --library=/Library/Frameworks/R.framework/Resources/library --no-vignettes --timings CTDquerier_2.2.0.tar.gz
###
##############################################################################
##############################################################################
* using log directory ‘/Users/biocbuild/bbs-3.14-bioc/meat/CTDquerier.Rcheck’
* using R version 4.1.3 (2022-03-10)
* using platform: x86_64-apple-darwin17.0 (64-bit)
* using session charset: UTF-8
* using option ‘--no-vignettes’
* checking for file ‘CTDquerier/DESCRIPTION’ ... OK
* this is package ‘CTDquerier’ version ‘2.2.0’
* package encoding: UTF-8
* checking package namespace information ... OK
* checking package dependencies ... OK
* checking if this is a source package ... OK
* checking if there is a namespace ... OK
* checking for hidden files and directories ... OK
* checking for portable file names ... OK
* checking for sufficient/correct file permissions ... OK
* checking whether package ‘CTDquerier’ can be installed ... OK
* checking installed package size ... OK
* checking package directory ... OK
* checking DESCRIPTION meta-information ... OK
* checking top-level files ... OK
* checking for left-over files ... OK
* checking index information ... OK
* checking package subdirectories ... OK
* checking R files for non-ASCII characters ... OK
* checking R files for syntax errors ... OK
* checking whether the package can be loaded ... OK
* checking whether the package can be loaded with stated dependencies ... OK
* checking whether the package can be unloaded cleanly ... OK
* checking whether the namespace can be loaded with stated dependencies ... OK
* checking whether the namespace can be unloaded cleanly ... OK
* checking dependencies in R code ... OK
* checking S3 generic/method consistency ... OK
* checking replacement functions ... OK
* checking foreign function calls ... OK
* checking R code for possible problems ... OK
* checking Rd files ... OK
* checking Rd metadata ... OK
* checking Rd cross-references ... OK
* checking for missing documentation entries ... OK
* checking for code/documentation mismatches ... OK
* checking Rd \usage sections ... OK
* checking Rd contents ... OK
* checking for unstated dependencies in examples ... OK
* checking contents of ‘data’ directory ... OK
* checking data for non-ASCII characters ... NOTE
Note: found 176 marked UTF-8 strings
* checking data for ASCII and uncompressed saves ... OK
* checking files in ‘vignettes’ ... WARNING
Files in the 'vignettes' directory but no files in 'inst/doc':
‘batch_query.Rmd’, ‘biomed-central.csl’, ‘case_study.Rmd’,
‘case_study.bib’, ‘img/01_CTDbase.png’, ‘img/02_XKR4_keyword.png’,
‘img/03_BatchQuery.png’, ‘vignette.Rmd’
* checking examples ... ERROR
Running examples in ‘CTDquerier-Ex.R’ failed
The error most likely occurred in:
> base::assign(".ptime", proc.time(), pos = "CheckExEnv")
> ### Name: enrich
> ### Title: Method to perform enrichment analysis using two 'CTDdata'
> ### objects
> ### Aliases: enrich
>
> ### ** Examples
>
> data("gala")
> air <- query_ctd_chem( terms = "Air Pollutants" )
Error in function (type, msg, asError = TRUE) :
Failed to connect to ctdbase.org port 80: Operation timed out
Calls: query_ctd_chem ... download_url -> <Anonymous> -> curlPerform -> <Anonymous> -> fun
Execution halted
* checking PDF version of manual ... OK
* DONE
Status: 1 ERROR, 1 WARNING, 1 NOTE
See
‘/Users/biocbuild/bbs-3.14-bioc/meat/CTDquerier.Rcheck/00check.log’
for details.
CTDquerier.Rcheck/00install.out
############################################################################## ############################################################################## ### ### Running command: ### ### /Library/Frameworks/R.framework/Resources/bin/R CMD INSTALL CTDquerier ### ############################################################################## ############################################################################## * installing to library ‘/Library/Frameworks/R.framework/Versions/4.1/Resources/library’ * installing *source* package ‘CTDquerier’ ... ** using staged installation ** R ** data ** inst ** byte-compile and prepare package for lazy loading ** help *** installing help indices ** building package indices ** installing vignettes ** testing if installed package can be loaded from temporary location ** testing if installed package can be loaded from final location ** testing if installed package keeps a record of temporary installation path * DONE (CTDquerier)
CTDquerier.Rcheck/CTDquerier-Ex.timings
| name | user | system | elapsed | |
| download_ctd_chem | 2.694 | 0.108 | 2.806 | |
| download_ctd_dise | 0.383 | 0.006 | 0.388 | |
| download_ctd_genes | 0.377 | 0.006 | 0.383 | |