| Back to Build/check report for BioC 3.13 experimental data |
|
This page was generated on 2021-10-16 15:58:43 -0400 (Sat, 16 Oct 2021).
|
To the developers/maintainers of the seq2pathway.data package: Make sure to use the following settings in order to reproduce any error or warning you see on this page. |
| Package 342/406 | Hostname | OS / Arch | INSTALL | BUILD | CHECK | ||||||||
| seq2pathway.data 1.24.0 (landing page) Arjun Kinstlick
| malbec2 | Linux (Ubuntu 20.04.2 LTS) / x86_64 | OK | OK | WARNINGS | ||||||||
| Package: seq2pathway.data |
| Version: 1.24.0 |
| Command: /home/biocbuild/bbs-3.13-bioc/R/bin/R CMD check --install=check:seq2pathway.data.install-out.txt --library=/home/biocbuild/bbs-3.13-bioc/R/library --no-vignettes --timings seq2pathway.data_1.24.0.tar.gz |
| StartedAt: 2021-10-16 13:59:44 -0400 (Sat, 16 Oct 2021) |
| EndedAt: 2021-10-16 14:00:23 -0400 (Sat, 16 Oct 2021) |
| EllapsedTime: 39.4 seconds |
| RetCode: 0 |
| Status: WARNINGS |
| CheckDir: seq2pathway.data.Rcheck |
| Warnings: 1 |
##############################################################################
##############################################################################
###
### Running command:
###
### /home/biocbuild/bbs-3.13-bioc/R/bin/R CMD check --install=check:seq2pathway.data.install-out.txt --library=/home/biocbuild/bbs-3.13-bioc/R/library --no-vignettes --timings seq2pathway.data_1.24.0.tar.gz
###
##############################################################################
##############################################################################
* using log directory ‘/home/biocbuild/bbs-3.13-data-experiment/meat/seq2pathway.data.Rcheck’
* using R version 4.1.1 (2021-08-10)
* using platform: x86_64-pc-linux-gnu (64-bit)
* using session charset: UTF-8
* using option ‘--no-vignettes’
* checking for file ‘seq2pathway.data/DESCRIPTION’ ... OK
* checking extension type ... Package
* this is package ‘seq2pathway.data’ version ‘1.24.0’
* checking package namespace information ... OK
* checking package dependencies ... OK
* checking if this is a source package ... OK
* checking if there is a namespace ... OK
* checking for hidden files and directories ... NOTE
Found the following hidden files and directories:
.git_fetch_output.txt
.git_merge_output.txt
These were most likely included in error. See section ‘Package
structure’ in the ‘Writing R Extensions’ manual.
* checking for portable file names ... OK
* checking for sufficient/correct file permissions ... OK
* checking whether package ‘seq2pathway.data’ can be installed ... OK
* checking installed package size ... NOTE
installed size is 227.3Mb
sub-directories of 1Mb or more:
data 5.7Mb
extdata 221.4Mb
* checking package directory ... OK
* checking ‘build’ directory ... OK
* checking DESCRIPTION meta-information ... OK
* checking top-level files ... OK
* checking for left-over files ... OK
* checking index information ... OK
* checking package subdirectories ... NOTE
Found the following CITATION file in a non-standard place:
CITATION
Most likely ‘inst/CITATION’ should be used instead.
* checking whether the package can be loaded ... OK
* checking whether the package can be loaded with stated dependencies ... OK
* checking whether the package can be unloaded cleanly ... OK
* checking whether the namespace can be loaded with stated dependencies ... OK
* checking whether the namespace can be unloaded cleanly ... OK
* checking Rd files ... OK
* checking Rd metadata ... OK
* checking Rd cross-references ... OK
* checking for missing documentation entries ... WARNING
Undocumented data sets:
‘GO_GENECODE_df_hg_v36’ ‘GO_GENECODE_df_mm_vM25’
‘Msig_GENECODE_df_hg_v36’ ‘Msig_GENECODE_df_mm_vM25’
All user-level objects in a package should have documentation entries.
See chapter ‘Writing R documentation files’ in the ‘Writing R
Extensions’ manual.
* checking for code/documentation mismatches ... OK
* checking Rd \usage sections ... OK
* checking Rd contents ... OK
* checking for unstated dependencies in examples ... OK
* checking contents of ‘data’ directory ... OK
* checking data for non-ASCII characters ... OK
* checking data for ASCII and uncompressed saves ... OK
* checking files in ‘vignettes’ ... OK
* checking examples ... OK
* checking for unstated dependencies in vignettes ... OK
* checking package vignettes in ‘inst/doc’ ... OK
* checking running R code from vignettes ... SKIPPED
* checking re-building of vignette outputs ... SKIPPED
* checking PDF version of manual ... OK
* DONE
Status: 1 WARNING, 3 NOTEs
See
‘/home/biocbuild/bbs-3.13-data-experiment/meat/seq2pathway.data.Rcheck/00check.log’
for details.
seq2pathway.data.Rcheck/00install.out
############################################################################## ############################################################################## ### ### Running command: ### ### /home/biocbuild/bbs-3.13-bioc/R/bin/R CMD INSTALL seq2pathway.data ### ############################################################################## ############################################################################## * installing to library ‘/home/biocbuild/bbs-3.13-bioc/R/library’ * installing *source* package ‘seq2pathway.data’ ... ** using staged installation ** data ** inst ** help *** installing help indices ** building package indices ** installing vignettes ** testing if installed package can be loaded from temporary location ** testing if installed package can be loaded from final location ** testing if installed package keeps a record of temporary installation path * DONE (seq2pathway.data)
seq2pathway.data.Rcheck/seq2pathway.data-Ex.timings
| name | user | system | elapsed | |
| Des_BP_list | 0.045 | 0.000 | 0.045 | |
| Des_CC_list | 0.005 | 0.001 | 0.007 | |
| Des_MF_list | 0.014 | 0.000 | 0.014 | |
| GO_BP_list | 0.112 | 0.000 | 0.112 | |
| GO_CC_list | 0.063 | 0.003 | 0.067 | |
| GO_GENCODE_df_hg_v19 | 0.022 | 0.000 | 0.022 | |
| GO_GENCODE_df_mm_vM1 | 0.015 | 0.001 | 0.015 | |
| GO_GENECODE_df_hg_v36 | 0.012 | 0.000 | 0.011 | |
| GO_GENECODE_df_mm_vM25 | 0.015 | 0.000 | 0.014 | |
| GO_MF_list | 0.052 | 0.000 | 0.052 | |
| Msig_GENCODE_df_hg_v19 | 0.023 | 0.000 | 0.024 | |
| Msig_GENCODE_df_mm_vM1 | 0.012 | 0.004 | 0.016 | |
| Msig_GENECODE_df_hg_v36 | 0.024 | 0.000 | 0.023 | |
| Msig_GENECODE_df_mm_vM25 | 0.018 | 0.000 | 0.018 | |
| gencode_coding | 0.209 | 0.000 | 0.209 | |