| Back to Build/check report for BioC 3.13 experimental data |
|
This page was generated on 2021-10-16 15:58:43 -0400 (Sat, 16 Oct 2021).
|
To the developers/maintainers of the scRNAseq package: Make sure to use the following settings in order to reproduce any error or warning you see on this page. |
| Package 340/406 | Hostname | OS / Arch | INSTALL | BUILD | CHECK | ||||||||
| scRNAseq 2.6.1 (landing page) Aaron Lun
| malbec2 | Linux (Ubuntu 20.04.2 LTS) / x86_64 | OK | OK | ERROR | ||||||||
| Package: scRNAseq |
| Version: 2.6.1 |
| Command: /home/biocbuild/bbs-3.13-bioc/R/bin/R CMD check --install=check:scRNAseq.install-out.txt --library=/home/biocbuild/bbs-3.13-bioc/R/library --no-vignettes --timings scRNAseq_2.6.1.tar.gz |
| StartedAt: 2021-10-16 13:58:30 -0400 (Sat, 16 Oct 2021) |
| EndedAt: 2021-10-16 14:26:47 -0400 (Sat, 16 Oct 2021) |
| EllapsedTime: 1696.8 seconds |
| RetCode: 1 |
| Status: ERROR |
| CheckDir: scRNAseq.Rcheck |
| Warnings: NA |
##############################################################################
##############################################################################
###
### Running command:
###
### /home/biocbuild/bbs-3.13-bioc/R/bin/R CMD check --install=check:scRNAseq.install-out.txt --library=/home/biocbuild/bbs-3.13-bioc/R/library --no-vignettes --timings scRNAseq_2.6.1.tar.gz
###
##############################################################################
##############################################################################
* using log directory ‘/home/biocbuild/bbs-3.13-data-experiment/meat/scRNAseq.Rcheck’
* using R version 4.1.1 (2021-08-10)
* using platform: x86_64-pc-linux-gnu (64-bit)
* using session charset: UTF-8
* using option ‘--no-vignettes’
* checking for file ‘scRNAseq/DESCRIPTION’ ... OK
* this is package ‘scRNAseq’ version ‘2.6.1’
* package encoding: UTF-8
* checking package namespace information ... OK
* checking package dependencies ... OK
* checking if this is a source package ... OK
* checking if there is a namespace ... OK
* checking for hidden files and directories ... NOTE
Found the following hidden files and directories:
.BBSoptions
.git_fetch_output.txt
.git_merge_output.txt
These were most likely included in error. See section ‘Package
structure’ in the ‘Writing R Extensions’ manual.
* checking for portable file names ... OK
* checking for sufficient/correct file permissions ... OK
* checking whether package ‘scRNAseq’ can be installed ... OK
* checking installed package size ... OK
* checking package directory ... OK
* checking ‘build’ directory ... OK
* checking DESCRIPTION meta-information ... OK
* checking top-level files ... OK
* checking for left-over files ... OK
* checking index information ... OK
* checking package subdirectories ... WARNING
Problems with news in ‘inst/NEWS.Rd’:
inst/NEWS.Rd:35: unexpected section header '\section'
inst/NEWS.Rd:51: unexpected section header '\section'
inst/NEWS.Rd:59: unexpected section header '\section'
inst/NEWS.Rd:67: unexpected section header '\section'
inst/NEWS.Rd:70: unexpected END_OF_INPUT '
'
* checking R files for non-ASCII characters ... OK
* checking R files for syntax errors ... OK
* checking whether the package can be loaded ... OK
* checking whether the package can be loaded with stated dependencies ... OK
* checking whether the package can be unloaded cleanly ... OK
* checking whether the namespace can be loaded with stated dependencies ... OK
* checking whether the namespace can be unloaded cleanly ... OK
* checking dependencies in R code ... OK
* checking S3 generic/method consistency ... OK
* checking replacement functions ... OK
* checking foreign function calls ... OK
* checking R code for possible problems ... NOTE
BhaduriOrganoidData: no visible global function definition for
'assayNames<-'
Undefined global functions or variables:
assayNames<-
* checking Rd files ... OK
* checking Rd metadata ... OK
* checking Rd cross-references ... OK
* checking for missing documentation entries ... OK
* checking for code/documentation mismatches ... OK
* checking Rd \usage sections ... WARNING
Documented arguments not in \usage in documentation object 'JessaBrainData':
‘ensembl’
Functions with \usage entries need to have the appropriate \alias
entries, and all their arguments documented.
The \usage entries must correspond to syntactically valid R code.
See chapter ‘Writing R documentation files’ in the ‘Writing R
Extensions’ manual.
* checking Rd contents ... OK
* checking for unstated dependencies in examples ... OK
* checking files in ‘vignettes’ ... OK
* checking examples ... ERROR
Running examples in ‘scRNAseq-Ex.R’ failed
The error most likely occurred in:
> base::assign(".ptime", proc.time(), pos = "CheckExEnv")
> ### Name: RichardTCellData
> ### Title: Obtain the Richard T cell data
> ### Aliases: RichardTCellData
>
> ### ** Examples
>
> sce <- RichardTCellData()
snapshotDate(): 2021-05-18
see ?scRNAseq and browseVignettes('scRNAseq') for documentation
loading from cache
Error: failed to load resource
name: EH3102
title: Richard CD8+ T cell counts
reason: unknown input format
Execution halted
* checking for unstated dependencies in ‘tests’ ... OK
* checking tests ...
Running ‘testthat.R’
OK
* checking for unstated dependencies in vignettes ... OK
* checking package vignettes in ‘inst/doc’ ... OK
* checking running R code from vignettes ... SKIPPED
* checking re-building of vignette outputs ... SKIPPED
* checking PDF version of manual ... OK
* DONE
Status: 1 ERROR, 2 WARNINGs, 2 NOTEs
See
‘/home/biocbuild/bbs-3.13-data-experiment/meat/scRNAseq.Rcheck/00check.log’
for details.
scRNAseq.Rcheck/00install.out
############################################################################## ############################################################################## ### ### Running command: ### ### /home/biocbuild/bbs-3.13-bioc/R/bin/R CMD INSTALL scRNAseq ### ############################################################################## ############################################################################## * installing to library ‘/home/biocbuild/bbs-3.13-bioc/R/library’ * installing *source* package ‘scRNAseq’ ... ** using staged installation ** R ** inst ** byte-compile and prepare package for lazy loading ** help *** installing help indices ** building package indices ** installing vignettes ** testing if installed package can be loaded from temporary location ** testing if installed package can be loaded from final location ** testing if installed package keeps a record of temporary installation path * DONE (scRNAseq)
scRNAseq.Rcheck/tests/testthat.Rout
R version 4.1.1 (2021-08-10) -- "Kick Things"
Copyright (C) 2021 The R Foundation for Statistical Computing
Platform: x86_64-pc-linux-gnu (64-bit)
R is free software and comes with ABSOLUTELY NO WARRANTY.
You are welcome to redistribute it under certain conditions.
Type 'license()' or 'licence()' for distribution details.
R is a collaborative project with many contributors.
Type 'contributors()' for more information and
'citation()' on how to cite R or R packages in publications.
Type 'demo()' for some demos, 'help()' for on-line help, or
'help.start()' for an HTML browser interface to help.
Type 'q()' to quit R.
> library(testthat)
> library(scRNAseq)
Loading required package: SingleCellExperiment
Loading required package: SummarizedExperiment
Loading required package: MatrixGenerics
Loading required package: matrixStats
Attaching package: 'MatrixGenerics'
The following objects are masked from 'package:matrixStats':
colAlls, colAnyNAs, colAnys, colAvgsPerRowSet, colCollapse,
colCounts, colCummaxs, colCummins, colCumprods, colCumsums,
colDiffs, colIQRDiffs, colIQRs, colLogSumExps, colMadDiffs,
colMads, colMaxs, colMeans2, colMedians, colMins, colOrderStats,
colProds, colQuantiles, colRanges, colRanks, colSdDiffs, colSds,
colSums2, colTabulates, colVarDiffs, colVars, colWeightedMads,
colWeightedMeans, colWeightedMedians, colWeightedSds,
colWeightedVars, rowAlls, rowAnyNAs, rowAnys, rowAvgsPerColSet,
rowCollapse, rowCounts, rowCummaxs, rowCummins, rowCumprods,
rowCumsums, rowDiffs, rowIQRDiffs, rowIQRs, rowLogSumExps,
rowMadDiffs, rowMads, rowMaxs, rowMeans2, rowMedians, rowMins,
rowOrderStats, rowProds, rowQuantiles, rowRanges, rowRanks,
rowSdDiffs, rowSds, rowSums2, rowTabulates, rowVarDiffs, rowVars,
rowWeightedMads, rowWeightedMeans, rowWeightedMedians,
rowWeightedSds, rowWeightedVars
Loading required package: GenomicRanges
Loading required package: stats4
Loading required package: BiocGenerics
Loading required package: parallel
Attaching package: 'BiocGenerics'
The following objects are masked from 'package:parallel':
clusterApply, clusterApplyLB, clusterCall, clusterEvalQ,
clusterExport, clusterMap, parApply, parCapply, parLapply,
parLapplyLB, parRapply, parSapply, parSapplyLB
The following objects are masked from 'package:stats':
IQR, mad, sd, var, xtabs
The following objects are masked from 'package:base':
Filter, Find, Map, Position, Reduce, anyDuplicated, append,
as.data.frame, basename, cbind, colnames, dirname, do.call,
duplicated, eval, evalq, get, grep, grepl, intersect, is.unsorted,
lapply, mapply, match, mget, order, paste, pmax, pmax.int, pmin,
pmin.int, rank, rbind, rownames, sapply, setdiff, sort, table,
tapply, union, unique, unsplit, which.max, which.min
Loading required package: S4Vectors
Attaching package: 'S4Vectors'
The following objects are masked from 'package:base':
I, expand.grid, unname
Loading required package: IRanges
Loading required package: GenomeInfoDb
Loading required package: Biobase
Welcome to Bioconductor
Vignettes contain introductory material; view with
'browseVignettes()'. To cite Bioconductor, see
'citation("Biobase")', and for packages 'citation("pkgname")'.
Attaching package: 'Biobase'
The following object is masked from 'package:MatrixGenerics':
rowMedians
The following objects are masked from 'package:matrixStats':
anyMissing, rowMedians
> test_check("scRNAseq")
[ FAIL 0 | WARN 37 | SKIP 0 | PASS 120 ]
Warning message:
call dbDisconnect() when finished working with a connection
>
> proc.time()
user system elapsed
704.282 23.715 837.824
scRNAseq.Rcheck/scRNAseq-Ex.timings
| name | user | system | elapsed | |
| AztekinTailData | 11.525 | 0.460 | 13.391 | |
| BachMammaryData | 14.878 | 0.432 | 19.991 | |
| BacherTCellData | 23.304 | 1.948 | 26.550 | |
| BaronPancreasData | 12.920 | 0.336 | 14.966 | |
| BhaduriOrganoidData | 34.444 | 1.768 | 37.797 | |
| BuettnerESCData | 16.353 | 0.444 | 19.412 | |
| BunisHSPCData | 12.996 | 0.352 | 15.034 | |
| CampbellBrainData | 8.977 | 0.248 | 10.110 | |
| ChenBrainData | 7.510 | 0.260 | 8.649 | |
| DarmanisBrainData | 6.087 | 0.076 | 6.978 | |
| ERCCSpikeInConcentrations | 3.392 | 0.020 | 3.946 | |
| ErnstSpermatogenesisData | 24.377 | 1.028 | 27.700 | |
| FletcherOlfactoryData | 9.204 | 0.180 | 10.467 | |
| GiladiHSCData | 23.039 | 1.819 | 27.095 | |
| GrunHSCData | 3.698 | 0.028 | 4.354 | |
| GrunPancreasData | 8.508 | 0.132 | 9.944 | |
| HeOrganAtlasData | 90.306 | 8.428 | 107.714 | |
| HermannSpermatogenesisData | 8.396 | 0.120 | 9.672 | |
| HuCortexData | 8.306 | 0.156 | 9.686 | |
| JessaBrainData | 27.223 | 2.132 | 31.593 | |
| KolodziejczykESCData | 12.691 | 0.304 | 15.246 | |
| KotliarovPBMCData | 11.878 | 0.305 | 14.139 | |
| LaMannoBrainData | 31.014 | 0.455 | 35.862 | |
| LawlorPancreasData | 6.196 | 0.092 | 7.287 | |
| LengESCData | 5.975 | 0.136 | 6.880 | |
| LunSpikeInData | 33.303 | 0.604 | 38.788 | |
| MacoskoRetinaData | 8.229 | 0.300 | 9.392 | |
| MairPBMCData | 13.274 | 0.328 | 14.978 | |
| MarquesBrainData | 6.578 | 0.096 | 7.493 | |
| MessmerESCData | 17.986 | 0.620 | 22.799 | |
| MuraroPancreasData | 7.420 | 0.227 | 8.523 | |
| NestorowaHSCData | 13.334 | 0.697 | 15.448 | |
| NowakowskiCortexData | 9.124 | 0.180 | 10.444 | |
| PaulHSCData | 7.003 | 0.269 | 8.214 | |
| PollenGliaData | 5.556 | 0.039 | 6.580 | |
| ReprocessedData | 16.199 | 0.285 | 18.603 | |