| Back to Build/check report for BioC 3.13 experimental data |
|
This page was generated on 2021-10-16 15:58:42 -0400 (Sat, 16 Oct 2021).
|
To the developers/maintainers of the mtbls2 package: Make sure to use the following settings in order to reproduce any error or warning you see on this page. |
| Package 254/406 | Hostname | OS / Arch | INSTALL | BUILD | CHECK | ||||||||
| mtbls2 1.22.0 (landing page) Steffen Neumann
| malbec2 | Linux (Ubuntu 20.04.2 LTS) / x86_64 | OK | ERROR | skipped | ||||||||
| Package: mtbls2 |
| Version: 1.22.0 |
| Command: /home/biocbuild/bbs-3.13-bioc/R/bin/R CMD build --keep-empty-dirs --no-resave-data mtbls2 |
| StartedAt: 2021-10-16 12:23:36 -0400 (Sat, 16 Oct 2021) |
| EndedAt: 2021-10-16 12:24:09 -0400 (Sat, 16 Oct 2021) |
| EllapsedTime: 32.9 seconds |
| RetCode: 1 |
| Status: ERROR |
| PackageFile: None |
| PackageFileSize: NA |
############################################################################## ############################################################################## ### ### Running command: ### ### /home/biocbuild/bbs-3.13-bioc/R/bin/R CMD build --keep-empty-dirs --no-resave-data mtbls2 ### ############################################################################## ############################################################################## * checking for file ‘mtbls2/DESCRIPTION’ ... OK * preparing ‘mtbls2’: * checking DESCRIPTION meta-information ... OK * installing the package to build vignettes * creating vignettes ... ERROR --- re-building ‘MTBLS2-xcms3.Rmd’ using rmarkdown Quitting from lines 17-41 (MTBLS2-xcms3.Rmd) Error: processing vignette 'MTBLS2-xcms3.Rmd' failed with diagnostics: attempt to use zero-length variable name --- failed re-building ‘MTBLS2-xcms3.Rmd’ --- re-building ‘MTBLS2.Rmd’ using rmarkdown Quitting from lines 22-46 (MTBLS2.Rmd) Error: processing vignette 'MTBLS2.Rmd' failed with diagnostics: attempt to use zero-length variable name --- failed re-building ‘MTBLS2.Rmd’ SUMMARY: processing the following files failed: ‘MTBLS2-xcms3.Rmd’ ‘MTBLS2.Rmd’ Error: Vignette re-building failed. Execution halted