| Back to Multiple platform build/check report for BioC 3.13 |
|
This page was generated on 2021-10-15 15:05:53 -0400 (Fri, 15 Oct 2021).
|
To the developers/maintainers of the sojourner package: - Please allow up to 24 hours (and sometimes 48 hours) for your latest push to git@git.bioconductor.org:packages/sojourner.git to reflect on this report. See How and When does the builder pull? When will my changes propagate? here for more information. - Make sure to use the following settings in order to reproduce any error or warning you see on this page. |
| Package 1805/2041 | Hostname | OS / Arch | INSTALL | BUILD | CHECK | BUILD BIN | ||||||||
| sojourner 1.6.0 (landing page) Sojourner Developer
| nebbiolo1 | Linux (Ubuntu 20.04.2 LTS) / x86_64 | OK | OK | WARNINGS | |||||||||
| tokay2 | Windows Server 2012 R2 Standard / x64 | OK | OK | WARNINGS | OK | |||||||||
| machv2 | macOS 10.14.6 Mojave / x86_64 | OK | OK | WARNINGS | OK | |||||||||
| Package: sojourner |
| Version: 1.6.0 |
| Command: /home/biocbuild/bbs-3.13-bioc/R/bin/R CMD check --install=check:sojourner.install-out.txt --library=/home/biocbuild/bbs-3.13-bioc/R/library --no-vignettes --timings sojourner_1.6.0.tar.gz |
| StartedAt: 2021-10-14 11:42:26 -0400 (Thu, 14 Oct 2021) |
| EndedAt: 2021-10-14 11:49:27 -0400 (Thu, 14 Oct 2021) |
| EllapsedTime: 420.9 seconds |
| RetCode: 0 |
| Status: WARNINGS |
| CheckDir: sojourner.Rcheck |
| Warnings: 1 |
##############################################################################
##############################################################################
###
### Running command:
###
### /home/biocbuild/bbs-3.13-bioc/R/bin/R CMD check --install=check:sojourner.install-out.txt --library=/home/biocbuild/bbs-3.13-bioc/R/library --no-vignettes --timings sojourner_1.6.0.tar.gz
###
##############################################################################
##############################################################################
* using log directory ‘/home/biocbuild/bbs-3.13-bioc/meat/sojourner.Rcheck’
* using R version 4.1.1 (2021-08-10)
* using platform: x86_64-pc-linux-gnu (64-bit)
* using session charset: UTF-8
* using option ‘--no-vignettes’
* checking for file ‘sojourner/DESCRIPTION’ ... OK
* this is package ‘sojourner’ version ‘1.6.0’
* package encoding: UTF-8
* checking package namespace information ... OK
* checking package dependencies ... OK
* checking if this is a source package ... OK
* checking if there is a namespace ... OK
* checking for hidden files and directories ... OK
* checking for portable file names ... OK
* checking for sufficient/correct file permissions ... OK
* checking whether package ‘sojourner’ can be installed ... WARNING
Found the following significant warnings:
Warning: multiple methods tables found for ‘area’
See ‘/home/biocbuild/bbs-3.13-bioc/meat/sojourner.Rcheck/00install.out’ for details.
* checking installed package size ... OK
* checking package directory ... OK
* checking ‘build’ directory ... OK
* checking DESCRIPTION meta-information ... OK
* checking top-level files ... OK
* checking for left-over files ... OK
* checking index information ... OK
* checking package subdirectories ... OK
* checking R files for non-ASCII characters ... OK
* checking R files for syntax errors ... OK
* checking whether the package can be loaded ... OK
* checking whether the package can be loaded with stated dependencies ... OK
* checking whether the package can be unloaded cleanly ... OK
* checking whether the namespace can be loaded with stated dependencies ... OK
* checking whether the namespace can be unloaded cleanly ... OK
* checking dependencies in R code ... OK
* checking S3 generic/method consistency ... OK
* checking replacement functions ... OK
* checking foreign function calls ... OK
* checking R code for possible problems ... OK
* checking Rd files ... OK
* checking Rd metadata ... OK
* checking Rd cross-references ... OK
* checking for missing documentation entries ... OK
* checking for code/documentation mismatches ... OK
* checking Rd \usage sections ... OK
* checking Rd contents ... OK
* checking for unstated dependencies in examples ... OK
* checking files in ‘vignettes’ ... OK
* checking examples ... OK
Examples with CPU (user + system) or elapsed time > 5s
user system elapsed
plotLocalizations_Density-methods 28.014 0.172 28.207
fitNormDistr-methods 21.269 0.338 21.602
plotTrackOverlay_Dcoef-methods 20.522 0.139 20.661
maskTracks-methods 10.652 0.357 11.015
Dcoef-methods 8.016 0.146 8.187
plotIndividual_Tracks-methods 6.408 0.067 6.474
compare_RT_CDF-methods 2.183 0.024 76.446
combineTrackll-methods 2.143 0.046 76.218
* checking for unstated dependencies in ‘tests’ ... OK
* checking tests ...
Running ‘runTests.R’
OK
* checking for unstated dependencies in vignettes ... OK
* checking package vignettes in ‘inst/doc’ ... OK
* checking running R code from vignettes ... SKIPPED
* checking re-building of vignette outputs ... SKIPPED
* checking PDF version of manual ... OK
* DONE
Status: 1 WARNING
See
‘/home/biocbuild/bbs-3.13-bioc/meat/sojourner.Rcheck/00check.log’
for details.
sojourner.Rcheck/00install.out
############################################################################## ############################################################################## ### ### Running command: ### ### /home/biocbuild/bbs-3.13-bioc/R/bin/R CMD INSTALL sojourner ### ############################################################################## ############################################################################## * installing to library ‘/home/biocbuild/bbs-3.13-bioc/R/library’ * installing *source* package ‘sojourner’ ... ** using staged installation ** R ** inst ** byte-compile and prepare package for lazy loading Warning: multiple methods tables found for ‘area’ ** help *** installing help indices ** building package indices ** installing vignettes ** testing if installed package can be loaded from temporary location Warning: multiple methods tables found for ‘area’ ** testing if installed package can be loaded from final location Warning: multiple methods tables found for ‘area’ ** testing if installed package keeps a record of temporary installation path * DONE (sojourner)
sojourner.Rcheck/tests/runTests.Rout
R version 4.1.1 (2021-08-10) -- "Kick Things"
Copyright (C) 2021 The R Foundation for Statistical Computing
Platform: x86_64-pc-linux-gnu (64-bit)
R is free software and comes with ABSOLUTELY NO WARRANTY.
You are welcome to redistribute it under certain conditions.
Type 'license()' or 'licence()' for distribution details.
R is a collaborative project with many contributors.
Type 'contributors()' for more information and
'citation()' on how to cite R or R packages in publications.
Type 'demo()' for some demos, 'help()' for on-line help, or
'help.start()' for an HTML browser interface to help.
Type 'q()' to quit R.
> BiocGenerics:::testPackage("sojourner")
Reading ParticleTracker file: SWR1_WT_140mW_image6.csv ...
mage6 read and processed.
Process complete.
Reading ParticleTracker file: SWR1_WT_140mW_image6.csv ...
mage6 read and processed.
Process complete.
applying filter, min 5 max Inf
Reading ParticleTracker file: SWR1_WT_140mW_image6.csv ...
mage6 read and processed.
Process complete.
applying filter, min 5 max Inf
applying filter, min 7 max Inf
45 tracks length > & = 1
45 tracks length > & = 2
45 tracks length > & = 3
45 tracks length > & = 4
45 tracks length > & = 5
45 tracks length > & = 6
...
Reading ParticleTracker file: SWR1_WT_140mW_image6.csv ...
mage6 read and processed.
Process complete.
applying trimmer, min 1 max 20
RUNIT TEST PROTOCOL -- Thu Oct 14 11:49:23 2021
***********************************************
Number of test functions: 4
Number of errors: 0
Number of failures: 0
1 Test Suite :
sojourner RUnit Tests - 4 test functions, 0 errors, 0 failures
Number of test functions: 4
Number of errors: 0
Number of failures: 0
Warning message:
multiple methods tables found for 'area'
>
> proc.time()
user system elapsed
8.435 0.407 8.816
sojourner.Rcheck/sojourner-Ex.timings
| name | user | system | elapsed | |
| Dcoef-methods | 8.016 | 0.146 | 8.187 | |
| combineTrackll-methods | 2.143 | 0.046 | 76.218 | |
| compareFolder-methods | 0.099 | 0.016 | 0.110 | |
| compare_RT_CDF-methods | 2.183 | 0.024 | 76.446 | |
| createTrackll-methods | 0.023 | 0.016 | 0.035 | |
| dispVariance-methods | 0.805 | 0.013 | 0.817 | |
| displacementCDF-methods | 1.676 | 0.192 | 1.864 | |
| dwellTime-methods | 0.322 | 0.002 | 0.342 | |
| exportTrackll-methods | 0.069 | 0.029 | 0.092 | |
| filterTrack-methods | 0.076 | 0.007 | 0.083 | |
| fitNormDistr-methods | 21.269 | 0.338 | 21.602 | |
| fitRT-methods | 3.438 | 0.096 | 3.525 | |
| linkSkippedFrames-methods | 0.112 | 0.011 | 0.119 | |
| maskTracks-methods | 10.652 | 0.357 | 11.015 | |
| mergeTracks-methods | 0.035 | 0.007 | 0.038 | |
| msd-methods | 2.381 | 0.124 | 2.499 | |
| plotIndividual_Tracks-methods | 6.408 | 0.067 | 6.474 | |
| plotLocalizations_Density-methods | 28.014 | 0.172 | 28.207 | |
| plotTrack-methods | 3.452 | 0.094 | 3.557 | |
| plotTrackOverlay_Dcoef-methods | 20.522 | 0.139 | 20.661 | |
| sojournerGUI-methods | 0.000 | 0.001 | 0.000 | |
| squareDisp-methods | 0.104 | 0.021 | 0.119 | |