| Back to Multiple platform build/check report for BioC 3.13 |
|
This page was generated on 2021-10-15 15:06:42 -0400 (Fri, 15 Oct 2021).
|
To the developers/maintainers of the methylKit package: - Please allow up to 24 hours (and sometimes 48 hours) for your latest push to git@git.bioconductor.org:packages/methylKit.git to reflect on this report. See How and When does the builder pull? When will my changes propagate? here for more information. - Make sure to use the following settings in order to reproduce any error or warning you see on this page. |
| Package 1109/2041 | Hostname | OS / Arch | INSTALL | BUILD | CHECK | BUILD BIN | ||||||||
| methylKit 1.18.0 (landing page) Altuna Akalin
| nebbiolo1 | Linux (Ubuntu 20.04.2 LTS) / x86_64 | OK | OK | WARNINGS | |||||||||
| tokay2 | Windows Server 2012 R2 Standard / x64 | OK | OK | WARNINGS | OK | |||||||||
| machv2 | macOS 10.14.6 Mojave / x86_64 | OK | OK | WARNINGS | OK | |||||||||
| Package: methylKit |
| Version: 1.18.0 |
| Command: /Library/Frameworks/R.framework/Versions/Current/Resources/bin/R CMD check --install=check:methylKit.install-out.txt --library=/Library/Frameworks/R.framework/Versions/Current/Resources/library --no-vignettes --timings methylKit_1.18.0.tar.gz |
| StartedAt: 2021-10-14 20:59:47 -0400 (Thu, 14 Oct 2021) |
| EndedAt: 2021-10-14 21:07:34 -0400 (Thu, 14 Oct 2021) |
| EllapsedTime: 467.1 seconds |
| RetCode: 0 |
| Status: WARNINGS |
| CheckDir: methylKit.Rcheck |
| Warnings: 1 |
##############################################################################
##############################################################################
###
### Running command:
###
### /Library/Frameworks/R.framework/Versions/Current/Resources/bin/R CMD check --install=check:methylKit.install-out.txt --library=/Library/Frameworks/R.framework/Versions/Current/Resources/library --no-vignettes --timings methylKit_1.18.0.tar.gz
###
##############################################################################
##############################################################################
* using log directory ‘/Users/biocbuild/bbs-3.13-bioc/meat/methylKit.Rcheck’
* using R version 4.1.1 (2021-08-10)
* using platform: x86_64-apple-darwin17.0 (64-bit)
* using session charset: UTF-8
* using option ‘--no-vignettes’
* checking for file ‘methylKit/DESCRIPTION’ ... OK
* checking extension type ... Package
* this is package ‘methylKit’ version ‘1.18.0’
* checking package namespace information ... OK
* checking package dependencies ... OK
* checking if this is a source package ... OK
* checking if there is a namespace ... OK
* checking for hidden files and directories ... NOTE
Found the following hidden files and directories:
.git_fetch_output.txt
.git_merge_output.txt
These were most likely included in error. See section ‘Package
structure’ in the ‘Writing R Extensions’ manual.
* checking for portable file names ... OK
* checking for sufficient/correct file permissions ... OK
* checking whether package ‘methylKit’ can be installed ... OK
* checking installed package size ... OK
* checking package directory ... OK
* checking ‘build’ directory ... OK
* checking DESCRIPTION meta-information ... OK
* checking top-level files ... OK
* checking for left-over files ... OK
* checking index information ... OK
* checking package subdirectories ... OK
* checking R files for non-ASCII characters ... OK
* checking R files for syntax errors ... OK
* checking whether the package can be loaded ... OK
* checking whether the package can be loaded with stated dependencies ... OK
* checking whether the package can be unloaded cleanly ... OK
* checking whether the namespace can be loaded with stated dependencies ... OK
* checking whether the namespace can be unloaded cleanly ... OK
* checking dependencies in R code ... NOTE
Namespace in Imports field not imported from: ‘KernSmooth’
All declared Imports should be used.
* checking S3 generic/method consistency ... OK
* checking replacement functions ... OK
* checking foreign function calls ... OK
* checking R code for possible problems ... OK
* checking Rd files ... OK
* checking Rd metadata ... OK
* checking Rd cross-references ... OK
* checking for missing documentation entries ... OK
* checking for code/documentation mismatches ... OK
* checking Rd \usage sections ... WARNING
Undocumented arguments in documentation object 'methylRawList-class'
‘...’ ‘treatment’
Undocumented arguments in documentation object 'methylRawListDB-class'
‘...’ ‘treatment’
Functions with \usage entries need to have the appropriate \alias
entries, and all their arguments documented.
The \usage entries must correspond to syntactically valid R code.
See chapter ‘Writing R documentation files’ in the ‘Writing R
Extensions’ manual.
* checking Rd contents ... OK
* checking for unstated dependencies in examples ... OK
* checking contents of ‘data’ directory ... OK
* checking data for non-ASCII characters ... OK
* checking data for ASCII and uncompressed saves ... OK
* checking line endings in C/C++/Fortran sources/headers ... OK
* checking line endings in Makefiles ... OK
* checking compilation flags in Makevars ... OK
* checking for GNU extensions in Makefiles ... NOTE
GNU make is a SystemRequirements.
* checking for portable use of $(BLAS_LIBS) and $(LAPACK_LIBS) ... OK
* checking use of PKG_*FLAGS in Makefiles ... OK
* checking compiled code ... NOTE
Note: information on .o files is not available
File ‘/Library/Frameworks/R.framework/Versions/4.1/Resources/library/methylKit/libs/methylKit.so’:
Found ‘___assert_rtn’, possibly from ‘assert’ (C)
Found ‘___stderrp’, possibly from ‘stderr’ (C)
Found ‘___stdoutp’, possibly from ‘stdout’ (C)
Found ‘_abort’, possibly from ‘abort’ (C)
Found ‘_exit’, possibly from ‘exit’ (C)
Found ‘_printf’, possibly from ‘printf’ (C)
Found ‘_putchar’, possibly from ‘putchar’ (C)
Found ‘_puts’, possibly from ‘printf’ (C), ‘puts’ (C)
Found ‘_srand48’, possibly from ‘srand48’ (C)
Compiled code should not call entry points which might terminate R nor
write to stdout/stderr instead of to the console, nor use Fortran I/O
nor system RNGs. The detected symbols are linked into the code but
might come from libraries and not actually be called.
See ‘Writing portable packages’ in the ‘Writing R Extensions’ manual.
* checking files in ‘vignettes’ ... OK
* checking examples ... OK
Examples with CPU (user + system) or elapsed time > 5s
user system elapsed
calculateDiffMeth-methods 9.072 0.226 9.302
* checking for unstated dependencies in ‘tests’ ... OK
* checking tests ...
Running ‘testthat.R’
OK
* checking for unstated dependencies in vignettes ... OK
* checking package vignettes in ‘inst/doc’ ... OK
* checking running R code from vignettes ... SKIPPED
* checking re-building of vignette outputs ... SKIPPED
* checking PDF version of manual ... OK
* DONE
Status: 1 WARNING, 4 NOTEs
See
‘/Users/biocbuild/bbs-3.13-bioc/meat/methylKit.Rcheck/00check.log’
for details.
methylKit.Rcheck/00install.out
############################################################################## ############################################################################## ### ### Running command: ### ### /Library/Frameworks/R.framework/Versions/Current/Resources/bin/R CMD INSTALL methylKit ### ############################################################################## ############################################################################## * installing to library ‘/Library/Frameworks/R.framework/Versions/4.1/Resources/library’ * installing *source* package ‘methylKit’ ... ** using staged installation ** libs clang++ -mmacosx-version-min=10.13 -std=gnu++11 -I"/Library/Frameworks/R.framework/Resources/include" -DNDEBUG -D_FILE_OFFSET_BITS=64 -I'/Library/Frameworks/R.framework/Versions/4.1/Resources/library/Rcpp/include' -I'/Library/Frameworks/R.framework/Versions/4.1/Resources/library/Rhtslib/include' -I'/Library/Frameworks/R.framework/Versions/4.1/Resources/library/zlibbioc/include' -I/usr/local/include -fPIC -Wall -g -O2 -c RcppExports.cpp -o RcppExports.o clang++ -mmacosx-version-min=10.13 -std=gnu++11 -I"/Library/Frameworks/R.framework/Resources/include" -DNDEBUG -D_FILE_OFFSET_BITS=64 -I'/Library/Frameworks/R.framework/Versions/4.1/Resources/library/Rcpp/include' -I'/Library/Frameworks/R.framework/Versions/4.1/Resources/library/Rhtslib/include' -I'/Library/Frameworks/R.framework/Versions/4.1/Resources/library/zlibbioc/include' -I/usr/local/include -fPIC -Wall -g -O2 -c methCall.cpp -o methCall.o clang++ -mmacosx-version-min=10.13 -std=gnu++11 -dynamiclib -Wl,-headerpad_max_install_names -undefined dynamic_lookup -single_module -multiply_defined suppress -L/Library/Frameworks/R.framework/Resources/lib -L/usr/local/lib -o methylKit.so RcppExports.o methCall.o /Library/Frameworks/R.framework/Versions/4.1/Resources/library/Rhtslib/usrlib/libhts.a -lcurl -F/Library/Frameworks/R.framework/.. -framework R -Wl,-framework -Wl,CoreFoundation installing to /Library/Frameworks/R.framework/Versions/4.1/Resources/library/00LOCK-methylKit/00new/methylKit/libs ** R ** data ** inst ** byte-compile and prepare package for lazy loading ** help *** installing help indices ** building package indices ** installing vignettes ** testing if installed package can be loaded from temporary location ** checking absolute paths in shared objects and dynamic libraries ** testing if installed package can be loaded from final location ** testing if installed package keeps a record of temporary installation path * DONE (methylKit)
methylKit.Rcheck/tests/testthat.Rout
R version 4.1.1 (2021-08-10) -- "Kick Things"
Copyright (C) 2021 The R Foundation for Statistical Computing
Platform: x86_64-apple-darwin17.0 (64-bit)
R is free software and comes with ABSOLUTELY NO WARRANTY.
You are welcome to redistribute it under certain conditions.
Type 'license()' or 'licence()' for distribution details.
R is a collaborative project with many contributors.
Type 'contributors()' for more information and
'citation()' on how to cite R or R packages in publications.
Type 'demo()' for some demos, 'help()' for on-line help, or
'help.start()' for an HTML browser interface to help.
Type 'q()' to quit R.
> library(testthat)
> library(methylKit)
Loading required package: GenomicRanges
Loading required package: stats4
Loading required package: BiocGenerics
Loading required package: parallel
Attaching package: 'BiocGenerics'
The following objects are masked from 'package:parallel':
clusterApply, clusterApplyLB, clusterCall, clusterEvalQ,
clusterExport, clusterMap, parApply, parCapply, parLapply,
parLapplyLB, parRapply, parSapply, parSapplyLB
The following objects are masked from 'package:stats':
IQR, mad, sd, var, xtabs
The following objects are masked from 'package:base':
Filter, Find, Map, Position, Reduce, anyDuplicated, append,
as.data.frame, basename, cbind, colnames, dirname, do.call,
duplicated, eval, evalq, get, grep, grepl, intersect, is.unsorted,
lapply, mapply, match, mget, order, paste, pmax, pmax.int, pmin,
pmin.int, rank, rbind, rownames, sapply, setdiff, sort, table,
tapply, union, unique, unsplit, which.max, which.min
Loading required package: S4Vectors
Attaching package: 'S4Vectors'
The following objects are masked from 'package:base':
I, expand.grid, unname
Loading required package: IRanges
Loading required package: GenomeInfoDb
>
>
>
> test_check("methylKit")
Using internal DSS code...
Using internal DSS code...
[ FAIL 0 | WARN 0 | SKIP 0 | PASS 238 ]
>
> proc.time()
user system elapsed
119.910 2.201 122.308
methylKit.Rcheck/methylKit-Ex.timings
| name | user | system | elapsed | |
| PCASamples-methods | 0.028 | 0.002 | 0.031 | |
| adjustMethylC | 0.116 | 0.004 | 0.123 | |
| assocComp-methods | 0.032 | 0.003 | 0.035 | |
| bedgraph-methods | 0.037 | 0.005 | 0.042 | |
| calculateDiffMeth-methods | 9.072 | 0.226 | 9.302 | |
| calculateDiffMethDSS-methods | 0.637 | 0.010 | 0.648 | |
| clusterSamples-methods | 0.050 | 0.004 | 0.053 | |
| dataSim-methods | 0.027 | 0.002 | 0.030 | |
| diffMethPerChr-methods | 0.034 | 0.003 | 0.038 | |
| extract-methods | 0.032 | 0.002 | 0.034 | |
| filterByCoverage-methods | 0.146 | 0.008 | 0.154 | |
| getAssembly-methods | 0.014 | 0.003 | 0.017 | |
| getContext-methods | 0.013 | 0.002 | 0.016 | |
| getCorrelation-methods | 0.067 | 0.006 | 0.073 | |
| getCoverageStats-methods | 0.018 | 0.003 | 0.020 | |
| getDBPath-methods | 0.182 | 0.027 | 0.208 | |
| getData-methods | 0.027 | 0.005 | 0.032 | |
| getMethylDiff-methods | 0.020 | 0.003 | 0.023 | |
| getMethylationStats-methods | 0.031 | 0.003 | 0.034 | |
| getSampleID-methods | 0.013 | 0.003 | 0.015 | |
| getTreatment-methods | 0.017 | 0.002 | 0.019 | |
| makeMethylDB-methods | 0.000 | 0.001 | 0.000 | |
| methRead-methods | 0.290 | 0.025 | 0.317 | |
| methSeg | 0 | 0 | 0 | |
| methylBase-class | 0.031 | 0.002 | 0.033 | |
| methylBaseDB-class | 0.080 | 0.004 | 0.084 | |
| methylDiff-class | 0.053 | 0.002 | 0.056 | |
| methylDiffDB-class | 3.198 | 0.031 | 3.233 | |
| methylRaw-class | 0.101 | 0.005 | 0.106 | |
| methylRawDB-class | 0.099 | 0.006 | 0.105 | |
| methylRawList-class | 0.011 | 0.001 | 0.012 | |
| methylRawListDB-class | 0.171 | 0.017 | 0.188 | |
| normalizeCoverage-methods | 0.146 | 0.013 | 0.160 | |
| percMethylation-methods | 0.024 | 0.002 | 0.025 | |
| pool-methods | 0.015 | 0.002 | 0.017 | |
| processBismarkAln-methods | 0.057 | 0.009 | 0.067 | |
| readMethylDB-methods | 0 | 0 | 0 | |
| reconstruct-methods | 0.034 | 0.003 | 0.036 | |
| regionCounts | 0.469 | 0.006 | 0.476 | |
| removeComp-methods | 0.034 | 0.003 | 0.037 | |
| reorganize-methods | 0.156 | 0.005 | 0.161 | |
| select-methods | 0.108 | 0.012 | 0.121 | |
| selectByOverlap-methods | 4.626 | 0.054 | 4.685 | |
| show-methods | 0.037 | 0.003 | 0.040 | |
| tileMethylCounts-methods | 0.820 | 0.005 | 0.825 | |
| unite-methods | 0.130 | 0.002 | 0.132 | |