| Back to Multiple platform build/check report for BioC 3.13 |
|
This page was generated on 2021-10-15 15:05:54 -0400 (Fri, 15 Oct 2021).
|
To the developers/maintainers of the StarBioTrek package: - Please allow up to 24 hours (and sometimes 48 hours) for your latest push to git@git.bioconductor.org:packages/StarBioTrek.git to reflect on this report. See How and When does the builder pull? When will my changes propagate? here for more information. - Make sure to use the following settings in order to reproduce any error or warning you see on this page. |
| Package 1854/2041 | Hostname | OS / Arch | INSTALL | BUILD | CHECK | BUILD BIN | ||||||||
| StarBioTrek 1.18.0 (landing page) Claudia Cava
| nebbiolo1 | Linux (Ubuntu 20.04.2 LTS) / x86_64 | OK | OK | WARNINGS | |||||||||
| tokay2 | Windows Server 2012 R2 Standard / x64 | OK | OK | WARNINGS | OK | |||||||||
| machv2 | macOS 10.14.6 Mojave / x86_64 | OK | OK | WARNINGS | OK | |||||||||
| Package: StarBioTrek |
| Version: 1.18.0 |
| Command: /home/biocbuild/bbs-3.13-bioc/R/bin/R CMD check --install=check:StarBioTrek.install-out.txt --library=/home/biocbuild/bbs-3.13-bioc/R/library --no-vignettes --timings StarBioTrek_1.18.0.tar.gz |
| StartedAt: 2021-10-14 11:46:14 -0400 (Thu, 14 Oct 2021) |
| EndedAt: 2021-10-14 11:48:22 -0400 (Thu, 14 Oct 2021) |
| EllapsedTime: 127.4 seconds |
| RetCode: 0 |
| Status: WARNINGS |
| CheckDir: StarBioTrek.Rcheck |
| Warnings: 2 |
##############################################################################
##############################################################################
###
### Running command:
###
### /home/biocbuild/bbs-3.13-bioc/R/bin/R CMD check --install=check:StarBioTrek.install-out.txt --library=/home/biocbuild/bbs-3.13-bioc/R/library --no-vignettes --timings StarBioTrek_1.18.0.tar.gz
###
##############################################################################
##############################################################################
* using log directory ‘/home/biocbuild/bbs-3.13-bioc/meat/StarBioTrek.Rcheck’
* using R version 4.1.1 (2021-08-10)
* using platform: x86_64-pc-linux-gnu (64-bit)
* using session charset: UTF-8
* using option ‘--no-vignettes’
* checking for file ‘StarBioTrek/DESCRIPTION’ ... OK
* checking extension type ... Package
* this is package ‘StarBioTrek’ version ‘1.18.0’
* checking package namespace information ... OK
* checking package dependencies ... OK
* checking if this is a source package ... OK
* checking if there is a namespace ... OK
* checking for hidden files and directories ... OK
* checking for portable file names ... OK
* checking for sufficient/correct file permissions ... OK
* checking whether package ‘StarBioTrek’ can be installed ... OK
* checking installed package size ... NOTE
installed size is 5.6Mb
sub-directories of 1Mb or more:
data 5.4Mb
* checking package directory ... OK
* checking ‘build’ directory ... OK
* checking DESCRIPTION meta-information ... OK
* checking top-level files ... OK
* checking for left-over files ... OK
* checking index information ... OK
* checking package subdirectories ... OK
* checking R files for non-ASCII characters ... OK
* checking R files for syntax errors ... OK
* checking whether the package can be loaded ... OK
* checking whether the package can be loaded with stated dependencies ... OK
* checking whether the package can be unloaded cleanly ... OK
* checking whether the namespace can be loaded with stated dependencies ... OK
* checking whether the namespace can be unloaded cleanly ... OK
* checking dependencies in R code ... NOTE
Namespace in Imports field not imported from: ‘AnnotationDbi’
All declared Imports should be used.
* checking S3 generic/method consistency ... OK
* checking replacement functions ... OK
* checking foreign function calls ... OK
* checking R code for possible problems ... NOTE
svm_classification: no visible binding for global variable ‘Target’
Undefined global functions or variables:
Target
* checking Rd files ... OK
* checking Rd metadata ... OK
* checking Rd cross-references ... OK
* checking for missing documentation entries ... OK
* checking for code/documentation mismatches ... OK
* checking Rd \usage sections ... WARNING
Documented arguments not in \usage in documentation object 'svm_classification':
‘Target’
Functions with \usage entries need to have the appropriate \alias
entries, and all their arguments documented.
The \usage entries must correspond to syntactically valid R code.
See chapter ‘Writing R documentation files’ in the ‘Writing R
Extensions’ manual.
* checking Rd contents ... OK
* checking for unstated dependencies in examples ... OK
* checking contents of ‘data’ directory ... OK
* checking data for non-ASCII characters ... OK
* checking LazyData ... WARNING
LazyData DB of 5.4 MB without LazyDataCompression set
See §1.1.6 of 'Writing R Extensions'
* checking data for ASCII and uncompressed saves ... OK
* checking files in ‘vignettes’ ... OK
* checking examples ... OK
* checking for unstated dependencies in vignettes ... OK
* checking package vignettes in ‘inst/doc’ ... OK
* checking running R code from vignettes ... SKIPPED
* checking re-building of vignette outputs ... SKIPPED
* checking PDF version of manual ... OK
* DONE
Status: 2 WARNINGs, 3 NOTEs
See
‘/home/biocbuild/bbs-3.13-bioc/meat/StarBioTrek.Rcheck/00check.log’
for details.
StarBioTrek.Rcheck/00install.out
############################################################################## ############################################################################## ### ### Running command: ### ### /home/biocbuild/bbs-3.13-bioc/R/bin/R CMD INSTALL StarBioTrek ### ############################################################################## ############################################################################## * installing to library ‘/home/biocbuild/bbs-3.13-bioc/R/library’ * installing *source* package ‘StarBioTrek’ ... ** using staged installation ** R ** data *** moving datasets to lazyload DB ** inst ** byte-compile and prepare package for lazy loading ** help *** installing help indices ** building package indices ** installing vignettes ** testing if installed package can be loaded from temporary location ** testing if installed package can be loaded from final location ** testing if installed package keeps a record of temporary installation path * DONE (StarBioTrek)
StarBioTrek.Rcheck/StarBioTrek-Ex.timings
| name | user | system | elapsed | |
| ConvertedIDgenes | 2.971 | 0.055 | 3.027 | |
| GE_matrix | 0.038 | 0.000 | 0.037 | |
| GE_matrix_mean | 0.037 | 0.001 | 0.036 | |
| GetData | 0.001 | 0.000 | 0.000 | |
| GetPathData | 0.004 | 0.000 | 0.003 | |
| GetPathNet | 0.002 | 0.000 | 0.002 | |
| IPPI | 0.000 | 0.000 | 0.001 | |
| SelectedSample | 0.542 | 0.007 | 0.551 | |
| average | 0.649 | 0.100 | 0.749 | |
| circleplot | 0.664 | 0.003 | 0.668 | |
| dsscorecrtlk | 0.023 | 0.000 | 0.024 | |
| eucdistcrtlk | 0.021 | 0.000 | 0.021 | |
| getNETdata | 0.000 | 0.000 | 0.001 | |
| listpathnet | 0.309 | 0.000 | 0.309 | |
| pathnet | 0.236 | 0.000 | 0.237 | |
| plotcrosstalk | 0.006 | 0.003 | 0.008 | |
| stdv | 0.019 | 0.000 | 0.020 | |
| svm_classification | 0 | 0 | 0 | |