| Back to Multiple platform build/check report for BioC 3.13 |
|
This page was generated on 2021-10-15 15:06:54 -0400 (Fri, 15 Oct 2021).
|
To the developers/maintainers of the StarBioTrek package: - Please allow up to 24 hours (and sometimes 48 hours) for your latest push to git@git.bioconductor.org:packages/StarBioTrek.git to reflect on this report. See How and When does the builder pull? When will my changes propagate? here for more information. - Make sure to use the following settings in order to reproduce any error or warning you see on this page. |
| Package 1854/2041 | Hostname | OS / Arch | INSTALL | BUILD | CHECK | BUILD BIN | ||||||||
| StarBioTrek 1.18.0 (landing page) Claudia Cava
| nebbiolo1 | Linux (Ubuntu 20.04.2 LTS) / x86_64 | OK | OK | WARNINGS | |||||||||
| tokay2 | Windows Server 2012 R2 Standard / x64 | OK | OK | WARNINGS | OK | |||||||||
| machv2 | macOS 10.14.6 Mojave / x86_64 | OK | OK | WARNINGS | OK | |||||||||
| Package: StarBioTrek |
| Version: 1.18.0 |
| Command: /Library/Frameworks/R.framework/Versions/Current/Resources/bin/R CMD check --install=check:StarBioTrek.install-out.txt --library=/Library/Frameworks/R.framework/Versions/Current/Resources/library --no-vignettes --timings StarBioTrek_1.18.0.tar.gz |
| StartedAt: 2021-10-15 00:27:21 -0400 (Fri, 15 Oct 2021) |
| EndedAt: 2021-10-15 00:30:27 -0400 (Fri, 15 Oct 2021) |
| EllapsedTime: 186.4 seconds |
| RetCode: 0 |
| Status: WARNINGS |
| CheckDir: StarBioTrek.Rcheck |
| Warnings: 2 |
##############################################################################
##############################################################################
###
### Running command:
###
### /Library/Frameworks/R.framework/Versions/Current/Resources/bin/R CMD check --install=check:StarBioTrek.install-out.txt --library=/Library/Frameworks/R.framework/Versions/Current/Resources/library --no-vignettes --timings StarBioTrek_1.18.0.tar.gz
###
##############################################################################
##############################################################################
* using log directory ‘/Users/biocbuild/bbs-3.13-bioc/meat/StarBioTrek.Rcheck’
* using R version 4.1.1 (2021-08-10)
* using platform: x86_64-apple-darwin17.0 (64-bit)
* using session charset: UTF-8
* using option ‘--no-vignettes’
* checking for file ‘StarBioTrek/DESCRIPTION’ ... OK
* checking extension type ... Package
* this is package ‘StarBioTrek’ version ‘1.18.0’
* checking package namespace information ... OK
* checking package dependencies ... OK
* checking if this is a source package ... OK
* checking if there is a namespace ... OK
* checking for hidden files and directories ... NOTE
Found the following hidden files and directories:
.git_fetch_output.txt
.git_merge_output.txt
These were most likely included in error. See section ‘Package
structure’ in the ‘Writing R Extensions’ manual.
* checking for portable file names ... OK
* checking for sufficient/correct file permissions ... OK
* checking whether package ‘StarBioTrek’ can be installed ... OK
* checking installed package size ... NOTE
installed size is 6.2Mb
sub-directories of 1Mb or more:
data 6.1Mb
* checking package directory ... OK
* checking ‘build’ directory ... OK
* checking DESCRIPTION meta-information ... OK
* checking top-level files ... OK
* checking for left-over files ... OK
* checking index information ... OK
* checking package subdirectories ... OK
* checking R files for non-ASCII characters ... OK
* checking R files for syntax errors ... OK
* checking whether the package can be loaded ... OK
* checking whether the package can be loaded with stated dependencies ... OK
* checking whether the package can be unloaded cleanly ... OK
* checking whether the namespace can be loaded with stated dependencies ... OK
* checking whether the namespace can be unloaded cleanly ... OK
* checking dependencies in R code ... NOTE
Namespace in Imports field not imported from: ‘AnnotationDbi’
All declared Imports should be used.
* checking S3 generic/method consistency ... OK
* checking replacement functions ... OK
* checking foreign function calls ... OK
* checking R code for possible problems ... NOTE
svm_classification: no visible binding for global variable ‘Target’
Undefined global functions or variables:
Target
* checking Rd files ... OK
* checking Rd metadata ... OK
* checking Rd cross-references ... OK
* checking for missing documentation entries ... OK
* checking for code/documentation mismatches ... OK
* checking Rd \usage sections ... WARNING
Documented arguments not in \usage in documentation object 'svm_classification':
‘Target’
Functions with \usage entries need to have the appropriate \alias
entries, and all their arguments documented.
The \usage entries must correspond to syntactically valid R code.
See chapter ‘Writing R documentation files’ in the ‘Writing R
Extensions’ manual.
* checking Rd contents ... OK
* checking for unstated dependencies in examples ... OK
* checking contents of ‘data’ directory ... OK
* checking data for non-ASCII characters ... OK
* checking LazyData ... WARNING
LazyData DB of 5.4 MB without LazyDataCompression set
See §1.1.6 of 'Writing R Extensions'
* checking data for ASCII and uncompressed saves ... OK
* checking files in ‘vignettes’ ... OK
* checking examples ... OK
* checking for unstated dependencies in vignettes ... OK
* checking package vignettes in ‘inst/doc’ ... OK
* checking running R code from vignettes ... SKIPPED
* checking re-building of vignette outputs ... SKIPPED
* checking PDF version of manual ... OK
* DONE
Status: 2 WARNINGs, 4 NOTEs
See
‘/Users/biocbuild/bbs-3.13-bioc/meat/StarBioTrek.Rcheck/00check.log’
for details.
StarBioTrek.Rcheck/00install.out
############################################################################## ############################################################################## ### ### Running command: ### ### /Library/Frameworks/R.framework/Versions/Current/Resources/bin/R CMD INSTALL StarBioTrek ### ############################################################################## ############################################################################## * installing to library ‘/Library/Frameworks/R.framework/Versions/4.1/Resources/library’ * installing *source* package ‘StarBioTrek’ ... ** using staged installation ** R ** data *** moving datasets to lazyload DB ** inst ** byte-compile and prepare package for lazy loading ** help *** installing help indices ** building package indices ** installing vignettes ** testing if installed package can be loaded from temporary location ** testing if installed package can be loaded from final location ** testing if installed package keeps a record of temporary installation path * DONE (StarBioTrek)
StarBioTrek.Rcheck/StarBioTrek-Ex.timings
| name | user | system | elapsed | |
| ConvertedIDgenes | 4.546 | 0.088 | 4.642 | |
| GE_matrix | 0.062 | 0.003 | 0.066 | |
| GE_matrix_mean | 0.065 | 0.006 | 0.070 | |
| GetData | 0 | 0 | 0 | |
| GetPathData | 0.007 | 0.001 | 0.007 | |
| GetPathNet | 0.003 | 0.000 | 0.004 | |
| IPPI | 0 | 0 | 0 | |
| SelectedSample | 0.589 | 0.026 | 0.615 | |
| average | 1.331 | 0.129 | 1.461 | |
| circleplot | 1.076 | 0.049 | 1.125 | |
| dsscorecrtlk | 0.029 | 0.001 | 0.030 | |
| eucdistcrtlk | 0.034 | 0.001 | 0.035 | |
| getNETdata | 0 | 0 | 0 | |
| listpathnet | 0.491 | 0.009 | 0.500 | |
| pathnet | 0.441 | 0.007 | 0.449 | |
| plotcrosstalk | 0.015 | 0.000 | 0.016 | |
| stdv | 0.043 | 0.001 | 0.044 | |
| svm_classification | 0.000 | 0.000 | 0.001 | |