| Back to Multiple platform build/check report for BioC 3.13 | 
 | 
This page was generated on 2021-10-15 15:06:54 -0400 (Fri, 15 Oct 2021).
| To the developers/maintainers of the SPONGE package: - Please allow up to 24 hours (and sometimes 48 hours) for your latest push to git@git.bioconductor.org:packages/SPONGE.git to reflect on this report. See How and When does the builder pull? When will my changes propagate? here for more information. - Make sure to use the following settings in order to reproduce any error or warning you see on this page. | 
| Package 1834/2041 | Hostname | OS / Arch | INSTALL | BUILD | CHECK | BUILD BIN | ||||||||
| SPONGE 1.14.0  (landing page) Markus List 
 | nebbiolo1 | Linux (Ubuntu 20.04.2 LTS) / x86_64 | OK | OK | WARNINGS |  | ||||||||
| tokay2 | Windows Server 2012 R2 Standard / x64 | OK | OK | WARNINGS | OK |  | ||||||||
| machv2 | macOS 10.14.6 Mojave / x86_64 | OK | OK | WARNINGS | OK |  | ||||||||
| Package: SPONGE | 
| Version: 1.14.0 | 
| Command: /Library/Frameworks/R.framework/Versions/Current/Resources/bin/R CMD check --install=check:SPONGE.install-out.txt --library=/Library/Frameworks/R.framework/Versions/Current/Resources/library --no-vignettes --timings SPONGE_1.14.0.tar.gz | 
| StartedAt: 2021-10-15 00:22:15 -0400 (Fri, 15 Oct 2021) | 
| EndedAt: 2021-10-15 00:27:22 -0400 (Fri, 15 Oct 2021) | 
| EllapsedTime: 306.8 seconds | 
| RetCode: 0 | 
| Status: WARNINGS | 
| CheckDir: SPONGE.Rcheck | 
| Warnings: 1 | 
##############################################################################
##############################################################################
###
### Running command:
###
###   /Library/Frameworks/R.framework/Versions/Current/Resources/bin/R CMD check --install=check:SPONGE.install-out.txt --library=/Library/Frameworks/R.framework/Versions/Current/Resources/library --no-vignettes --timings SPONGE_1.14.0.tar.gz
###
##############################################################################
##############################################################################
* using log directory ‘/Users/biocbuild/bbs-3.13-bioc/meat/SPONGE.Rcheck’
* using R version 4.1.1 (2021-08-10)
* using platform: x86_64-apple-darwin17.0 (64-bit)
* using session charset: UTF-8
* using option ‘--no-vignettes’
* checking for file ‘SPONGE/DESCRIPTION’ ... OK
* checking extension type ... Package
* this is package ‘SPONGE’ version ‘1.14.0’
* checking package namespace information ... OK
* checking package dependencies ... OK
* checking if this is a source package ... OK
* checking if there is a namespace ... OK
* checking for hidden files and directories ... NOTE
Found the following hidden files and directories:
  .git_fetch_output.txt
  .git_merge_output.txt
These were most likely included in error. See section ‘Package
structure’ in the ‘Writing R Extensions’ manual.
* checking for portable file names ... OK
* checking for sufficient/correct file permissions ... OK
* checking whether package ‘SPONGE’ can be installed ... OK
* checking installed package size ... NOTE
  installed size is  8.3Mb
  sub-directories of 1Mb or more:
    data   8.0Mb
* checking package directory ... OK
* checking ‘build’ directory ... OK
* checking DESCRIPTION meta-information ... OK
* checking top-level files ... OK
* checking for left-over files ... OK
* checking index information ... OK
* checking package subdirectories ... OK
* checking R files for non-ASCII characters ... OK
* checking R files for syntax errors ... OK
* checking whether the package can be loaded ... OK
* checking whether the package can be loaded with stated dependencies ... OK
* checking whether the package can be unloaded cleanly ... OK
* checking whether the namespace can be loaded with stated dependencies ... OK
* checking whether the namespace can be unloaded cleanly ... OK
* checking dependencies in R code ... OK
* checking S3 generic/method consistency ... OK
* checking replacement functions ... OK
* checking foreign function calls ... OK
* checking R code for possible problems ... NOTE
checkLambda: no visible binding for global variable ‘i’
check_and_convert_expression_data: no visible global function
  definition for ‘is’
check_and_convert_expression_data: no visible global function
  definition for ‘attach.big.matrix’
check_and_convert_expression_data: no visible global function
  definition for ‘mwhich’
compute_p_values: no visible binding for global variable ‘cor_cut’
compute_p_values: no visible binding for global variable ‘df_cut’
compute_p_values: no visible global function definition for ‘J’
compute_p_values: no visible binding for global variable ‘.I’
compute_p_values: no visible binding for global variable ‘.EACHI’
compute_p_values: no visible binding for global variable ‘p.val’
compute_p_values: no visible global function definition for ‘:=’
compute_p_values: no visible binding for global variable ‘p.adj’
determine_cutoffs_for_null_model_partitioning: no visible global
  function definition for ‘:=’
determine_cutoffs_for_null_model_partitioning: no visible binding for
  global variable ‘cor_cut’
determine_cutoffs_for_null_model_partitioning: no visible binding for
  global variable ‘df_cut’
fn_elasticnet: no visible binding for global variable ‘alpha’
fn_gene_miRNA_F_test: no visible binding for global variable ‘mirna’
fn_get_model_coef: no visible binding for global variable ‘gene’
isplitDT2 : nextEl: no visible global function definition for ‘.’
processChunk: no visible binding for global variable ‘geneA_idx’
processChunk: no visible binding for global variable ‘geneB_idx’
processChunk: no visible binding for global variable ‘geneA’
processChunk: no visible binding for global variable ‘geneB’
processChunk: no visible binding for global variable ‘mirna’
sample_zero_mscor_cov: no visible binding for global variable
  ‘solution’
sample_zero_mscor_cov: no visible global function definition for ‘ginv’
sample_zero_mscor_cov: no visible binding for global variable ‘i’
sample_zero_mscor_data: no visible binding for global variable
  ‘cov.matrix’
sponge: no visible global function definition for ‘is’
sponge: no visible binding for global variable ‘i’
sponge: no visible global function definition for ‘attach.big.matrix’
sponge: no visible binding for global variable ‘gene_combis’
sponge_build_null_model: no visible binding for global variable
  ‘precomputed_cov_matrices’
sponge_build_null_model: no visible binding for global variable
  ‘cov.matrices.m’
sponge_build_null_model: no visible binding for global variable
  ‘cov.matrices.k’
sponge_build_null_model: no visible binding for global variable ‘m’
sponge_build_null_model: no visible binding for global variable ‘k’
sponge_compute_p_values: no visible binding for global variable ‘dt.m’
sponge_compute_p_values: no visible global function definition for ‘:=’
sponge_compute_p_values: no visible binding for global variable
  ‘cor_cut’
sponge_compute_p_values: no visible binding for global variable
  ‘df_cut’
sponge_gene_miRNA_interaction_filter: no visible global function
  definition for ‘is’
sponge_gene_miRNA_interaction_filter: no visible binding for global
  variable ‘chunk’
sponge_gene_miRNA_interaction_filter: no visible binding for global
  variable ‘g_expr_batch’
sponge_gene_miRNA_interaction_filter : <anonymous>: no visible binding
  for global variable ‘g_expr_batch’
sponge_gene_miRNA_interaction_filter: no visible binding for global
  variable ‘gene’
sponge_gene_miRNA_interaction_filter: no visible binding for global
  variable ‘g_expr’
sponge_network: no visible binding for global variable ‘gene’
sponge_network: no visible binding for global variable ‘mir’
sponge_plot_network_centralities: no visible global function definition
  for ‘head’
sponge_plot_simulation_results: no visible binding for global variable
  ‘mscor’
sponge_run_benchmark: no visible binding for global variable
  ‘precomputed_cov_matrices’
sponge_run_benchmark: no visible binding for global variable
  ‘elastic.net’
sponge_run_benchmark: no visible binding for global variable
  ‘each.miRNA’
sponge_subsampling: no visible binding for global variable ‘sub.n’
sponge_subsampling: no visible binding for global variable ‘geneA’
sponge_subsampling: no visible binding for global variable ‘geneB’
Undefined global functions or variables:
  . .EACHI .I := J alpha attach.big.matrix chunk cor_cut cov.matrices.k
  cov.matrices.m cov.matrix df_cut dt.m each.miRNA elastic.net g_expr
  g_expr_batch gene geneA geneA_idx geneB geneB_idx gene_combis ginv
  head i is k m mir mirna mscor mwhich p.adj p.val
  precomputed_cov_matrices solution sub.n
Consider adding
  importFrom("methods", "is")
  importFrom("utils", "head")
to your NAMESPACE file (and ensure that your DESCRIPTION Imports field
contains 'methods').
* checking Rd files ... OK
* checking Rd metadata ... OK
* checking Rd cross-references ... OK
* checking for missing documentation entries ... OK
* checking for code/documentation mismatches ... OK
* checking Rd \usage sections ... OK
* checking Rd contents ... OK
* checking for unstated dependencies in examples ... OK
* checking contents of ‘data’ directory ... OK
* checking data for non-ASCII characters ... OK
* checking LazyData ... WARNING
  LazyData DB of 8.0 MB without LazyDataCompression set
  See §1.1.6 of 'Writing R Extensions'
* checking data for ASCII and uncompressed saves ... OK
* checking files in ‘vignettes’ ... OK
* checking examples ... OK
Examples with CPU (user + system) or elapsed time > 5s
                                       user system elapsed
sponge_gene_miRNA_interaction_filter 40.569  0.648  41.247
sponge_build_null_model              23.198  0.132  23.358
sponge_run_benchmark                 14.150  0.150  14.309
* checking for unstated dependencies in ‘tests’ ... OK
* checking tests ...
  Running ‘testthat.R’
 OK
* checking for unstated dependencies in vignettes ... OK
* checking package vignettes in ‘inst/doc’ ... OK
* checking running R code from vignettes ... SKIPPED
* checking re-building of vignette outputs ... SKIPPED
* checking PDF version of manual ... OK
* DONE
Status: 1 WARNING, 3 NOTEs
See
  ‘/Users/biocbuild/bbs-3.13-bioc/meat/SPONGE.Rcheck/00check.log’
for details.
SPONGE.Rcheck/00install.out
############################################################################## ############################################################################## ### ### Running command: ### ### /Library/Frameworks/R.framework/Versions/Current/Resources/bin/R CMD INSTALL SPONGE ### ############################################################################## ############################################################################## * installing to library ‘/Library/Frameworks/R.framework/Versions/4.1/Resources/library’ * installing *source* package ‘SPONGE’ ... ** using staged installation ** R ** data *** moving datasets to lazyload DB ** inst ** byte-compile and prepare package for lazy loading ** help *** installing help indices ** building package indices ** installing vignettes ** testing if installed package can be loaded from temporary location ** testing if installed package can be loaded from final location ** testing if installed package keeps a record of temporary installation path * DONE (SPONGE)
SPONGE.Rcheck/tests/testthat.Rout
R version 4.1.1 (2021-08-10) -- "Kick Things"
Copyright (C) 2021 The R Foundation for Statistical Computing
Platform: x86_64-apple-darwin17.0 (64-bit)
R is free software and comes with ABSOLUTELY NO WARRANTY.
You are welcome to redistribute it under certain conditions.
Type 'license()' or 'licence()' for distribution details.
R is a collaborative project with many contributors.
Type 'contributors()' for more information and
'citation()' on how to cite R or R packages in publications.
Type 'demo()' for some demos, 'help()' for on-line help, or
'help.start()' for an HTML browser interface to help.
Type 'q()' to quit R.
> library(testthat)
> library(SPONGE)
> 
> test_check("SPONGE")
[ FAIL 0 | WARN 1 | SKIP 0 | PASS 163 ]
> 
> proc.time()
   user  system elapsed 
 97.420   1.403 115.285 
SPONGE.Rcheck/SPONGE-Ex.timings
| name | user | system | elapsed | |
| check_and_convert_expression_data | 0.000 | 0.001 | 0.001 | |
| sample_zero_mscor_cov | 0.386 | 0.017 | 0.403 | |
| sample_zero_mscor_data | 2.358 | 0.096 | 2.456 | |
| sponge | 0.943 | 0.014 | 0.958 | |
| sponge_build_null_model | 23.198 | 0.132 | 23.358 | |
| sponge_compute_p_values | 0.515 | 0.023 | 0.537 | |
| sponge_edge_centralities | 0.011 | 0.007 | 0.017 | |
| sponge_gene_miRNA_interaction_filter | 40.569 | 0.648 | 41.247 | |
| sponge_network | 0.012 | 0.010 | 0.022 | |
| sponge_node_centralities | 0.009 | 0.004 | 0.013 | |
| sponge_plot_network | 0.252 | 0.031 | 0.320 | |
| sponge_plot_network_centralities | 0.000 | 0.001 | 0.001 | |
| sponge_plot_simulation_results | 3.837 | 0.042 | 3.881 | |
| sponge_run_benchmark | 14.150 | 0.150 | 14.309 | |
| sponge_subsampling | 0.778 | 0.020 | 0.799 | |