| Back to Multiple platform build/check report for BioC 3.13 |
|
This page was generated on 2021-10-15 15:05:39 -0400 (Fri, 15 Oct 2021).
|
To the developers/maintainers of the DEP package: - Please allow up to 24 hours (and sometimes 48 hours) for your latest push to git@git.bioconductor.org:packages/DEP.git to reflect on this report. See How and When does the builder pull? When will my changes propagate? here for more information. - Make sure to use the following settings in order to reproduce any error or warning you see on this page. |
| Package 478/2041 | Hostname | OS / Arch | INSTALL | BUILD | CHECK | BUILD BIN | ||||||||
| DEP 1.14.0 (landing page) Arne Smits
| nebbiolo1 | Linux (Ubuntu 20.04.2 LTS) / x86_64 | OK | OK | WARNINGS | |||||||||
| tokay2 | Windows Server 2012 R2 Standard / x64 | OK | OK | WARNINGS | OK | |||||||||
| machv2 | macOS 10.14.6 Mojave / x86_64 | OK | OK | WARNINGS | OK | |||||||||
| Package: DEP |
| Version: 1.14.0 |
| Command: /home/biocbuild/bbs-3.13-bioc/R/bin/R CMD check --install=check:DEP.install-out.txt --library=/home/biocbuild/bbs-3.13-bioc/R/library --no-vignettes --timings DEP_1.14.0.tar.gz |
| StartedAt: 2021-10-14 09:33:14 -0400 (Thu, 14 Oct 2021) |
| EndedAt: 2021-10-14 09:38:01 -0400 (Thu, 14 Oct 2021) |
| EllapsedTime: 286.9 seconds |
| RetCode: 0 |
| Status: WARNINGS |
| CheckDir: DEP.Rcheck |
| Warnings: 1 |
##############################################################################
##############################################################################
###
### Running command:
###
### /home/biocbuild/bbs-3.13-bioc/R/bin/R CMD check --install=check:DEP.install-out.txt --library=/home/biocbuild/bbs-3.13-bioc/R/library --no-vignettes --timings DEP_1.14.0.tar.gz
###
##############################################################################
##############################################################################
* using log directory ‘/home/biocbuild/bbs-3.13-bioc/meat/DEP.Rcheck’
* using R version 4.1.1 (2021-08-10)
* using platform: x86_64-pc-linux-gnu (64-bit)
* using session charset: UTF-8
* using option ‘--no-vignettes’
* checking for file ‘DEP/DESCRIPTION’ ... OK
* this is package ‘DEP’ version ‘1.14.0’
* package encoding: UTF-8
* checking package namespace information ... OK
* checking package dependencies ... OK
* checking if this is a source package ... OK
* checking if there is a namespace ... OK
* checking for hidden files and directories ... OK
* checking for portable file names ... OK
* checking for sufficient/correct file permissions ... OK
* checking whether package ‘DEP’ can be installed ... OK
* checking installed package size ... OK
* checking package directory ... OK
* checking ‘build’ directory ... OK
* checking DESCRIPTION meta-information ... OK
* checking top-level files ... OK
* checking for left-over files ... OK
* checking index information ... OK
* checking package subdirectories ... OK
* checking R files for non-ASCII characters ... OK
* checking R files for syntax errors ... OK
* checking whether the package can be loaded ... OK
* checking whether the package can be loaded with stated dependencies ... OK
* checking whether the package can be unloaded cleanly ... OK
* checking whether the namespace can be loaded with stated dependencies ... OK
* checking whether the namespace can be unloaded cleanly ... OK
* checking dependencies in R code ... OK
* checking S3 generic/method consistency ... OK
* checking replacement functions ... OK
* checking foreign function calls ... OK
* checking R code for possible problems ... OK
* checking Rd files ... OK
* checking Rd metadata ... OK
* checking Rd cross-references ... WARNING
Missing link or links in documentation object 'LFQ.Rd':
‘[MSnbase:impute-methods]{impute}’
Missing link or links in documentation object 'TMT.Rd':
‘[MSnbase:impute-methods]{impute}’
Missing link or links in documentation object 'impute.Rd':
‘[MSnbase:impute-methods]{impute}’
Missing link or links in documentation object 'process.Rd':
‘[MSnbase:impute-methods]{impute}’
See section 'Cross-references' in the 'Writing R Extensions' manual.
* checking for missing documentation entries ... OK
* checking for code/documentation mismatches ... OK
* checking Rd \usage sections ... OK
* checking Rd contents ... OK
* checking for unstated dependencies in examples ... OK
* checking contents of ‘data’ directory ... OK
* checking data for non-ASCII characters ... OK
* checking LazyData ... OK
* checking data for ASCII and uncompressed saves ... OK
* checking R/sysdata.rda ... OK
* checking files in ‘vignettes’ ... OK
* checking examples ... OK
* checking for unstated dependencies in ‘tests’ ... OK
* checking tests ...
Running ‘testthat.R’
OK
* checking for unstated dependencies in vignettes ... OK
* checking package vignettes in ‘inst/doc’ ... OK
* checking running R code from vignettes ... SKIPPED
* checking re-building of vignette outputs ... SKIPPED
* checking PDF version of manual ... OK
* DONE
Status: 1 WARNING
See
‘/home/biocbuild/bbs-3.13-bioc/meat/DEP.Rcheck/00check.log’
for details.
DEP.Rcheck/00install.out
############################################################################## ############################################################################## ### ### Running command: ### ### /home/biocbuild/bbs-3.13-bioc/R/bin/R CMD INSTALL DEP ### ############################################################################## ############################################################################## * installing to library ‘/home/biocbuild/bbs-3.13-bioc/R/library’ * installing *source* package ‘DEP’ ... ** using staged installation ** R ** data *** moving datasets to lazyload DB ** inst ** byte-compile and prepare package for lazy loading ** help *** installing help indices ** building package indices ** installing vignettes ** testing if installed package can be loaded from temporary location ** testing if installed package can be loaded from final location ** testing if installed package keeps a record of temporary installation path * DONE (DEP)
DEP.Rcheck/tests/testthat.Rout
R version 4.1.1 (2021-08-10) -- "Kick Things"
Copyright (C) 2021 The R Foundation for Statistical Computing
Platform: x86_64-pc-linux-gnu (64-bit)
R is free software and comes with ABSOLUTELY NO WARRANTY.
You are welcome to redistribute it under certain conditions.
Type 'license()' or 'licence()' for distribution details.
R is a collaborative project with many contributors.
Type 'contributors()' for more information and
'citation()' on how to cite R or R packages in publications.
Type 'demo()' for some demos, 'help()' for on-line help, or
'help.start()' for an HTML browser interface to help.
Type 'q()' to quit R.
> library(testthat)
> library(DEP)
>
> test_check("DEP")
[ FAIL 0 | WARN 12 | SKIP 0 | PASS 333 ]
>
> proc.time()
user system elapsed
44.689 1.779 46.474
DEP.Rcheck/DEP-Ex.timings
| name | user | system | elapsed | |
| LFQ | 1.961 | 0.060 | 2.021 | |
| TMT | 0.000 | 0.000 | 0.001 | |
| add_rejections | 0.741 | 0.056 | 0.796 | |
| analyze_dep | 2.656 | 0.048 | 2.704 | |
| filter_missval | 0.535 | 0.008 | 0.543 | |
| filter_proteins | 0.369 | 0.064 | 0.433 | |
| get_df_long | 0.705 | 0.028 | 0.733 | |
| get_df_wide | 0.717 | 0.008 | 0.726 | |
| get_prefix | 0.000 | 0.002 | 0.002 | |
| get_results | 0.918 | 0.000 | 0.918 | |
| get_suffix | 0.001 | 0.000 | 0.001 | |
| import_IsobarQuant | 0 | 0 | 0 | |
| import_MaxQuant | 0.053 | 0.000 | 0.053 | |
| impute | 1.411 | 0.096 | 1.508 | |
| make_se | 0.042 | 0.004 | 0.046 | |
| make_se_parse | 0.073 | 0.000 | 0.073 | |
| make_unique | 0.015 | 0.004 | 0.018 | |
| manual_impute | 0.830 | 0.068 | 0.898 | |
| meanSdPlot | 0.642 | 0.083 | 0.726 | |
| normalize_vsn | 1.226 | 0.605 | 1.830 | |
| plot_all | 1.550 | 0.036 | 1.587 | |
| plot_cond | 1.006 | 0.060 | 1.066 | |
| plot_cond_freq | 0.883 | 0.024 | 0.907 | |
| plot_cond_overlap | 0.861 | 0.016 | 0.878 | |
| plot_cor | 1.240 | 0.023 | 1.264 | |
| plot_coverage | 0.570 | 0.001 | 0.570 | |
| plot_detect | 0.71 | 0.00 | 0.71 | |
| plot_dist | 3.251 | 0.004 | 3.255 | |
| plot_frequency | 0.432 | 0.000 | 0.432 | |
| plot_gsea | 0.678 | 0.004 | 0.682 | |
| plot_heatmap | 2.339 | 0.004 | 2.343 | |
| plot_imputation | 1.178 | 0.027 | 1.206 | |
| plot_missval | 2.443 | 0.004 | 2.446 | |
| plot_normalization | 1.162 | 0.016 | 1.178 | |
| plot_numbers | 0.489 | 0.000 | 0.489 | |
| plot_p_hist | 1.22 | 0.00 | 1.22 | |
| plot_pca | 1.114 | 0.003 | 1.118 | |
| plot_single | 2.126 | 0.005 | 2.131 | |
| plot_volcano | 3.626 | 0.004 | 3.630 | |
| process | 1.317 | 0.000 | 1.317 | |
| report | 0.001 | 0.000 | 0.001 | |
| run_app | 0 | 0 | 0 | |
| se2msn | 0.109 | 0.000 | 0.109 | |
| test_diff | 0.893 | 0.000 | 0.894 | |
| test_gsea | 0.674 | 0.000 | 0.674 | |
| theme_DEP1 | 0.475 | 0.000 | 0.475 | |
| theme_DEP2 | 0.500 | 0.003 | 0.504 | |