Back to Multiple platform build/check report for BioC 3.13 |
|
This page was generated on 2021-10-15 15:06:33 -0400 (Fri, 15 Oct 2021).
To the developers/maintainers of the DEP package: - Please allow up to 24 hours (and sometimes 48 hours) for your latest push to git@git.bioconductor.org:packages/DEP.git to reflect on this report. See How and When does the builder pull? When will my changes propagate? here for more information. - Make sure to use the following settings in order to reproduce any error or warning you see on this page. |
Package 478/2041 | Hostname | OS / Arch | INSTALL | BUILD | CHECK | BUILD BIN | ||||||||
DEP 1.14.0 (landing page) Arne Smits
| nebbiolo1 | Linux (Ubuntu 20.04.2 LTS) / x86_64 | OK | OK | WARNINGS | ![]() | ||||||||
tokay2 | Windows Server 2012 R2 Standard / x64 | OK | OK | WARNINGS | OK | ![]() | ||||||||
machv2 | macOS 10.14.6 Mojave / x86_64 | OK | OK | WARNINGS | OK | ![]() | ||||||||
Package: DEP |
Version: 1.14.0 |
Command: /Library/Frameworks/R.framework/Versions/Current/Resources/bin/R CMD check --install=check:DEP.install-out.txt --library=/Library/Frameworks/R.framework/Versions/Current/Resources/library --no-vignettes --timings DEP_1.14.0.tar.gz |
StartedAt: 2021-10-14 18:16:31 -0400 (Thu, 14 Oct 2021) |
EndedAt: 2021-10-14 18:23:36 -0400 (Thu, 14 Oct 2021) |
EllapsedTime: 424.4 seconds |
RetCode: 0 |
Status: WARNINGS |
CheckDir: DEP.Rcheck |
Warnings: 1 |
############################################################################## ############################################################################## ### ### Running command: ### ### /Library/Frameworks/R.framework/Versions/Current/Resources/bin/R CMD check --install=check:DEP.install-out.txt --library=/Library/Frameworks/R.framework/Versions/Current/Resources/library --no-vignettes --timings DEP_1.14.0.tar.gz ### ############################################################################## ############################################################################## * using log directory ‘/Users/biocbuild/bbs-3.13-bioc/meat/DEP.Rcheck’ * using R version 4.1.1 (2021-08-10) * using platform: x86_64-apple-darwin17.0 (64-bit) * using session charset: UTF-8 * using option ‘--no-vignettes’ * checking for file ‘DEP/DESCRIPTION’ ... OK * this is package ‘DEP’ version ‘1.14.0’ * package encoding: UTF-8 * checking package namespace information ... OK * checking package dependencies ... OK * checking if this is a source package ... OK * checking if there is a namespace ... OK * checking for hidden files and directories ... NOTE Found the following hidden files and directories: .git_fetch_output.txt .git_merge_output.txt These were most likely included in error. See section ‘Package structure’ in the ‘Writing R Extensions’ manual. * checking for portable file names ... OK * checking for sufficient/correct file permissions ... OK * checking whether package ‘DEP’ can be installed ... OK * checking installed package size ... OK * checking package directory ... OK * checking ‘build’ directory ... OK * checking DESCRIPTION meta-information ... OK * checking top-level files ... OK * checking for left-over files ... OK * checking index information ... OK * checking package subdirectories ... OK * checking R files for non-ASCII characters ... OK * checking R files for syntax errors ... OK * checking whether the package can be loaded ... OK * checking whether the package can be loaded with stated dependencies ... OK * checking whether the package can be unloaded cleanly ... OK * checking whether the namespace can be loaded with stated dependencies ... OK * checking whether the namespace can be unloaded cleanly ... OK * checking dependencies in R code ... OK * checking S3 generic/method consistency ... OK * checking replacement functions ... OK * checking foreign function calls ... OK * checking R code for possible problems ... OK * checking Rd files ... OK * checking Rd metadata ... OK * checking Rd cross-references ... WARNING Missing link or links in documentation object 'LFQ.Rd': ‘[MSnbase:impute-methods]{impute}’ Missing link or links in documentation object 'TMT.Rd': ‘[MSnbase:impute-methods]{impute}’ Missing link or links in documentation object 'impute.Rd': ‘[MSnbase:impute-methods]{impute}’ Missing link or links in documentation object 'process.Rd': ‘[MSnbase:impute-methods]{impute}’ See section 'Cross-references' in the 'Writing R Extensions' manual. * checking for missing documentation entries ... OK * checking for code/documentation mismatches ... OK * checking Rd \usage sections ... OK * checking Rd contents ... OK * checking for unstated dependencies in examples ... OK * checking contents of ‘data’ directory ... OK * checking data for non-ASCII characters ... OK * checking LazyData ... OK * checking data for ASCII and uncompressed saves ... OK * checking R/sysdata.rda ... OK * checking files in ‘vignettes’ ... OK * checking examples ... OK Examples with CPU (user + system) or elapsed time > 5s user system elapsed plot_dist 5.915 0.070 5.988 plot_volcano 5.008 0.057 5.095 * checking for unstated dependencies in ‘tests’ ... OK * checking tests ... Running ‘testthat.R’ OK * checking for unstated dependencies in vignettes ... OK * checking package vignettes in ‘inst/doc’ ... OK * checking running R code from vignettes ... SKIPPED * checking re-building of vignette outputs ... SKIPPED * checking PDF version of manual ... OK * DONE Status: 1 WARNING, 1 NOTE See ‘/Users/biocbuild/bbs-3.13-bioc/meat/DEP.Rcheck/00check.log’ for details.
DEP.Rcheck/00install.out
############################################################################## ############################################################################## ### ### Running command: ### ### /Library/Frameworks/R.framework/Versions/Current/Resources/bin/R CMD INSTALL DEP ### ############################################################################## ############################################################################## * installing to library ‘/Library/Frameworks/R.framework/Versions/4.1/Resources/library’ * installing *source* package ‘DEP’ ... ** using staged installation ** R ** data *** moving datasets to lazyload DB ** inst ** byte-compile and prepare package for lazy loading ** help *** installing help indices ** building package indices ** installing vignettes ** testing if installed package can be loaded from temporary location ** testing if installed package can be loaded from final location ** testing if installed package keeps a record of temporary installation path * DONE (DEP)
DEP.Rcheck/tests/testthat.Rout
R version 4.1.1 (2021-08-10) -- "Kick Things" Copyright (C) 2021 The R Foundation for Statistical Computing Platform: x86_64-apple-darwin17.0 (64-bit) R is free software and comes with ABSOLUTELY NO WARRANTY. You are welcome to redistribute it under certain conditions. Type 'license()' or 'licence()' for distribution details. R is a collaborative project with many contributors. Type 'contributors()' for more information and 'citation()' on how to cite R or R packages in publications. Type 'demo()' for some demos, 'help()' for on-line help, or 'help.start()' for an HTML browser interface to help. Type 'q()' to quit R. > library(testthat) > library(DEP) > > test_check("DEP") [ FAIL 0 | WARN 12 | SKIP 0 | PASS 333 ] > > proc.time() user system elapsed 70.052 2.328 72.714
DEP.Rcheck/DEP-Ex.timings
name | user | system | elapsed | |
LFQ | 2.417 | 0.071 | 2.491 | |
TMT | 0.000 | 0.001 | 0.000 | |
add_rejections | 1.141 | 0.052 | 1.194 | |
analyze_dep | 2.936 | 0.100 | 3.037 | |
filter_missval | 1.150 | 0.049 | 1.200 | |
filter_proteins | 0.605 | 0.034 | 0.639 | |
get_df_long | 1.366 | 0.045 | 1.411 | |
get_df_wide | 1.171 | 0.031 | 1.203 | |
get_prefix | 0.004 | 0.001 | 0.005 | |
get_results | 1.477 | 0.042 | 1.519 | |
get_suffix | 0.002 | 0.001 | 0.002 | |
import_IsobarQuant | 0 | 0 | 0 | |
import_MaxQuant | 0.098 | 0.000 | 0.098 | |
impute | 2.772 | 0.054 | 2.828 | |
make_se | 0.058 | 0.000 | 0.059 | |
make_se_parse | 0.088 | 0.001 | 0.089 | |
make_unique | 0.027 | 0.001 | 0.029 | |
manual_impute | 1.150 | 0.044 | 1.195 | |
meanSdPlot | 1.463 | 0.026 | 1.490 | |
normalize_vsn | 0.737 | 0.020 | 0.758 | |
plot_all | 2.415 | 0.072 | 2.489 | |
plot_cond | 1.728 | 0.037 | 1.769 | |
plot_cond_freq | 1.286 | 0.030 | 1.318 | |
plot_cond_overlap | 1.550 | 0.035 | 1.587 | |
plot_cor | 1.982 | 0.038 | 2.028 | |
plot_coverage | 1.035 | 0.029 | 1.066 | |
plot_detect | 1.244 | 0.023 | 1.270 | |
plot_dist | 5.915 | 0.070 | 5.988 | |
plot_frequency | 0.797 | 0.020 | 0.818 | |
plot_gsea | 1.110 | 0.023 | 1.133 | |
plot_heatmap | 4.172 | 0.050 | 4.226 | |
plot_imputation | 1.681 | 0.054 | 1.735 | |
plot_missval | 2.683 | 0.061 | 2.751 | |
plot_normalization | 2.233 | 0.088 | 2.322 | |
plot_numbers | 0.769 | 0.020 | 0.789 | |
plot_p_hist | 2.205 | 0.034 | 2.243 | |
plot_pca | 2.050 | 0.032 | 2.084 | |
plot_single | 2.207 | 0.027 | 2.238 | |
plot_volcano | 5.008 | 0.057 | 5.095 | |
process | 2.822 | 0.045 | 2.870 | |
report | 0.000 | 0.000 | 0.001 | |
run_app | 0.000 | 0.000 | 0.001 | |
se2msn | 0.135 | 0.001 | 0.136 | |
test_diff | 1.567 | 0.062 | 1.630 | |
test_gsea | 1.341 | 0.028 | 1.369 | |
theme_DEP1 | 0.907 | 0.027 | 0.936 | |
theme_DEP2 | 0.838 | 0.020 | 0.860 | |