| Back to Multiple platform build/check report for BioC 3.13 |
|
This page was generated on 2021-10-15 15:06:33 -0400 (Fri, 15 Oct 2021).
|
To the developers/maintainers of the CTDquerier package: - Please allow up to 24 hours (and sometimes 48 hours) for your latest push to git@git.bioconductor.org:packages/CTDquerier.git to reflect on this report. See How and When does the builder pull? When will my changes propagate? here for more information. - Make sure to use the following settings in order to reproduce any error or warning you see on this page. |
| Package 420/2041 | Hostname | OS / Arch | INSTALL | BUILD | CHECK | BUILD BIN | ||||||||
| CTDquerier 2.0.0 (landing page) Xavier Escribà-Montagut
| nebbiolo1 | Linux (Ubuntu 20.04.2 LTS) / x86_64 | OK | OK | TIMEOUT | |||||||||
| tokay2 | Windows Server 2012 R2 Standard / x64 | OK | OK | WARNINGS | OK | |||||||||
| machv2 | macOS 10.14.6 Mojave / x86_64 | OK | OK | WARNINGS | OK | |||||||||
| Package: CTDquerier |
| Version: 2.0.0 |
| Command: /Library/Frameworks/R.framework/Versions/Current/Resources/bin/R CMD check --install=check:CTDquerier.install-out.txt --library=/Library/Frameworks/R.framework/Versions/Current/Resources/library --no-vignettes --timings CTDquerier_2.0.0.tar.gz |
| StartedAt: 2021-10-14 17:56:46 -0400 (Thu, 14 Oct 2021) |
| EndedAt: 2021-10-14 18:00:12 -0400 (Thu, 14 Oct 2021) |
| EllapsedTime: 205.9 seconds |
| RetCode: 0 |
| Status: WARNINGS |
| CheckDir: CTDquerier.Rcheck |
| Warnings: 1 |
##############################################################################
##############################################################################
###
### Running command:
###
### /Library/Frameworks/R.framework/Versions/Current/Resources/bin/R CMD check --install=check:CTDquerier.install-out.txt --library=/Library/Frameworks/R.framework/Versions/Current/Resources/library --no-vignettes --timings CTDquerier_2.0.0.tar.gz
###
##############################################################################
##############################################################################
* using log directory ‘/Users/biocbuild/bbs-3.13-bioc/meat/CTDquerier.Rcheck’
* using R version 4.1.1 (2021-08-10)
* using platform: x86_64-apple-darwin17.0 (64-bit)
* using session charset: UTF-8
* using option ‘--no-vignettes’
* checking for file ‘CTDquerier/DESCRIPTION’ ... OK
* this is package ‘CTDquerier’ version ‘2.0.0’
* package encoding: UTF-8
* checking package namespace information ... OK
* checking package dependencies ... OK
* checking if this is a source package ... OK
* checking if there is a namespace ... OK
* checking for hidden files and directories ... OK
* checking for portable file names ... OK
* checking for sufficient/correct file permissions ... OK
* checking whether package ‘CTDquerier’ can be installed ... OK
* checking installed package size ... OK
* checking package directory ... OK
* checking DESCRIPTION meta-information ... OK
* checking top-level files ... OK
* checking for left-over files ... OK
* checking index information ... OK
* checking package subdirectories ... OK
* checking R files for non-ASCII characters ... OK
* checking R files for syntax errors ... OK
* checking whether the package can be loaded ... OK
* checking whether the package can be loaded with stated dependencies ... OK
* checking whether the package can be unloaded cleanly ... OK
* checking whether the namespace can be loaded with stated dependencies ... OK
* checking whether the namespace can be unloaded cleanly ... OK
* checking dependencies in R code ... OK
* checking S3 generic/method consistency ... OK
* checking replacement functions ... OK
* checking foreign function calls ... OK
* checking R code for possible problems ... OK
* checking Rd files ... OK
* checking Rd metadata ... OK
* checking Rd cross-references ... OK
* checking for missing documentation entries ... OK
* checking for code/documentation mismatches ... OK
* checking Rd \usage sections ... OK
* checking Rd contents ... OK
* checking for unstated dependencies in examples ... OK
* checking contents of ‘data’ directory ... OK
* checking data for non-ASCII characters ... NOTE
Note: found 176 marked UTF-8 strings
* checking data for ASCII and uncompressed saves ... OK
* checking files in ‘vignettes’ ... WARNING
Files in the 'vignettes' directory but no files in 'inst/doc':
‘batch_query.Rmd’, ‘biomed-central.csl’, ‘case_study.Rmd’,
‘case_study.bib’, ‘img/01_CTDbase.png’, ‘img/02_XKR4_keyword.png’,
‘img/03_BatchQuery.png’, ‘vignette.Rmd’
* checking examples ... OK
Examples with CPU (user + system) or elapsed time > 5s
user system elapsed
enrich-methods 4.959 0.036 15.003
download_ctd_chem 2.780 0.121 12.881
load_ctd_chem 1.086 0.024 11.217
load_ctd_dise 0.966 0.023 11.137
query_ctd_chem 0.940 0.022 10.969
query_ctd_dise 0.900 0.017 10.923
query_ctd_gene 0.874 0.018 10.901
download_ctd_genes 0.851 0.026 11.041
load_ctd_gene 0.837 0.017 10.908
download_ctd_dise 0.813 0.020 10.893
* checking PDF version of manual ... OK
* DONE
Status: 1 WARNING, 1 NOTE
See
‘/Users/biocbuild/bbs-3.13-bioc/meat/CTDquerier.Rcheck/00check.log’
for details.
CTDquerier.Rcheck/00install.out
############################################################################## ############################################################################## ### ### Running command: ### ### /Library/Frameworks/R.framework/Versions/Current/Resources/bin/R CMD INSTALL CTDquerier ### ############################################################################## ############################################################################## * installing to library ‘/Library/Frameworks/R.framework/Versions/4.1/Resources/library’ * installing *source* package ‘CTDquerier’ ... ** using staged installation ** R ** data ** inst ** byte-compile and prepare package for lazy loading ** help *** installing help indices ** building package indices ** installing vignettes ** testing if installed package can be loaded from temporary location ** testing if installed package can be loaded from final location ** testing if installed package keeps a record of temporary installation path * DONE (CTDquerier)
CTDquerier.Rcheck/CTDquerier-Ex.timings
| name | user | system | elapsed | |
| download_ctd_chem | 2.780 | 0.121 | 12.881 | |
| download_ctd_dise | 0.813 | 0.020 | 10.893 | |
| download_ctd_genes | 0.851 | 0.026 | 11.041 | |
| enrich-methods | 4.959 | 0.036 | 15.003 | |
| gala | 4.200 | 0.034 | 4.237 | |
| get_table-methods | 3.698 | 0.021 | 3.721 | |
| get_terms-methods | 4.037 | 0.020 | 4.063 | |
| leaf_plot | 0.794 | 0.030 | 0.825 | |
| load_ctd_chem | 1.086 | 0.024 | 11.217 | |
| load_ctd_dise | 0.966 | 0.023 | 11.137 | |
| load_ctd_gene | 0.837 | 0.017 | 10.908 | |
| query_ctd_chem | 0.940 | 0.022 | 10.969 | |
| query_ctd_dise | 0.900 | 0.017 | 10.923 | |
| query_ctd_gene | 0.874 | 0.018 | 10.901 | |