Back to Multiple platform build/check report for BioC 3.12 |
|
This page was generated on 2021-05-06 12:29:35 -0400 (Thu, 06 May 2021).
To the developers/maintainers of the UniProt.ws package: Please make sure to use the following settings in order to reproduce any error or warning you see on this page. |
Package 1924/1974 | Hostname | OS / Arch | INSTALL | BUILD | CHECK | BUILD BIN | ||||||||
UniProt.ws 2.30.0 (landing page) Bioconductor Package Maintainer
| malbec1 | Linux (Ubuntu 18.04.5 LTS) / x86_64 | OK | ERROR | skipped | |||||||||
tokay1 | Windows Server 2012 R2 Standard / x64 | OK | ERROR | skipped | skipped | |||||||||
merida1 | macOS 10.14.6 Mojave / x86_64 | OK | OK | TIMEOUT | OK | |||||||||
Package: UniProt.ws |
Version: 2.30.0 |
Command: /home/biocbuild/bbs-3.12-bioc/R/bin/R CMD build --keep-empty-dirs --no-resave-data UniProt.ws |
StartedAt: 2021-05-05 22:32:17 -0400 (Wed, 05 May 2021) |
EndedAt: 2021-05-05 22:34:55 -0400 (Wed, 05 May 2021) |
EllapsedTime: 157.6 seconds |
RetCode: 1 |
Status: ERROR |
PackageFile: None |
PackageFileSize: NA |
############################################################################## ############################################################################## ### ### Running command: ### ### /home/biocbuild/bbs-3.12-bioc/R/bin/R CMD build --keep-empty-dirs --no-resave-data UniProt.ws ### ############################################################################## ############################################################################## * checking for file ‘UniProt.ws/DESCRIPTION’ ... OK * preparing ‘UniProt.ws’: * checking DESCRIPTION meta-information ... OK * installing the package to build vignettes * creating vignettes ... ERROR --- re-building ‘UniProt.ws.Rnw’ using knitr Quitting from lines 110-115 (UniProt.ws.Rnw) Error: processing vignette 'UniProt.ws.Rnw' failed with diagnostics: attempt to set 'colnames' on an object with less than two dimensions --- failed re-building ‘UniProt.ws.Rnw’ SUMMARY: processing the following file failed: ‘UniProt.ws.Rnw’ Error: Vignette re-building failed. Execution halted