| Back to Multiple platform build/check report for BioC 3.12 |
|
This page was generated on 2021-05-06 12:27:51 -0400 (Thu, 06 May 2021).
|
To the developers/maintainers of the HCAMatrixBrowser package: Please make sure to use the following settings in order to reproduce any error or warning you see on this page. |
| Package 818/1974 | Hostname | OS / Arch | INSTALL | BUILD | CHECK | BUILD BIN | ||||||||
| HCAMatrixBrowser 1.0.1 (landing page) Marcel Ramos
| malbec1 | Linux (Ubuntu 18.04.5 LTS) / x86_64 | OK | ERROR | skipped | |||||||||
| tokay1 | Windows Server 2012 R2 Standard / x64 | OK | ERROR | skipped | skipped | |||||||||
| merida1 | macOS 10.14.6 Mojave / x86_64 | OK | ERROR | skipped | skipped | |||||||||
| Package: HCAMatrixBrowser |
| Version: 1.0.1 |
| Command: /home/biocbuild/bbs-3.12-bioc/R/bin/R CMD build --keep-empty-dirs --no-resave-data HCAMatrixBrowser |
| StartedAt: 2021-05-05 19:33:38 -0400 (Wed, 05 May 2021) |
| EndedAt: 2021-05-05 19:34:33 -0400 (Wed, 05 May 2021) |
| EllapsedTime: 54.4 seconds |
| RetCode: 1 |
| Status: ERROR |
| PackageFile: None |
| PackageFileSize: NA |
##############################################################################
##############################################################################
###
### Running command:
###
### /home/biocbuild/bbs-3.12-bioc/R/bin/R CMD build --keep-empty-dirs --no-resave-data HCAMatrixBrowser
###
##############################################################################
##############################################################################
* checking for file ‘HCAMatrixBrowser/DESCRIPTION’ ... OK
* preparing ‘HCAMatrixBrowser’:
* checking DESCRIPTION meta-information ... OK
* installing the package to build vignettes
* creating vignettes ... ERROR
--- re-building ‘HCAMatrix.Rmd’ using rmarkdown
Loading required package: AnVIL
Loading required package: dplyr
Attaching package: 'dplyr'
The following objects are masked from 'package:stats':
filter, lag
The following objects are masked from 'package:base':
intersect, setdiff, setequal, union
Attaching package: 'HCAMatrixBrowser'
The following object is masked from 'package:dplyr':
filter
The following object is masked from 'package:stats':
filter
Quitting from lines 58-59 (HCAMatrix.Rmd)
Error: processing vignette 'HCAMatrix.Rmd' failed with diagnostics:
Could not resolve host: matrix.data.humancellatlas.org
--- failed re-building ‘HCAMatrix.Rmd’
--- re-building ‘HCAMatrixBrowser.Rmd’ using rmarkdown
Quitting from lines 102-103 (HCAMatrixBrowser.Rmd)
Error: processing vignette 'HCAMatrixBrowser.Rmd' failed with diagnostics:
Could not resolve host: matrix.data.humancellatlas.org
--- failed re-building ‘HCAMatrixBrowser.Rmd’
SUMMARY: processing the following files failed:
‘HCAMatrix.Rmd’ ‘HCAMatrixBrowser.Rmd’
Error: Vignette re-building failed.
Execution halted