| Back to Multiple platform build/check report for BioC 3.12 | 
 | 
This page was generated on 2021-05-06 12:35:13 -0400 (Thu, 06 May 2021).
| To the developers/maintainers of the HCAExplorer package: Please make sure to use the following settings in order to reproduce any error or warning you see on this page. | 
| Package 817/1974 | Hostname | OS / Arch | INSTALL | BUILD | CHECK | BUILD BIN | ||||||||
| HCAExplorer 1.4.0  (landing page) Bioconductor Package Maintainer 
 | malbec1 | Linux (Ubuntu 18.04.5 LTS) / x86_64 | OK | ERROR | skipped | |||||||||
| tokay1 | Windows Server 2012 R2 Standard / x64 | OK | ERROR | skipped | skipped | |||||||||
| merida1 | macOS 10.14.6 Mojave / x86_64 | OK | ERROR | skipped | skipped | |||||||||
| Package: HCAExplorer | 
| Version: 1.4.0 | 
| Command: /Library/Frameworks/R.framework/Versions/Current/Resources/bin/R CMD build --keep-empty-dirs --no-resave-data HCAExplorer | 
| StartedAt: 2021-05-05 19:57:24 -0400 (Wed, 05 May 2021) | 
| EndedAt: 2021-05-05 19:58:55 -0400 (Wed, 05 May 2021) | 
| EllapsedTime: 91.9 seconds | 
| RetCode: 1 | 
| Status: ERROR | 
| PackageFile: None | 
| PackageFileSize: NA | 
##############################################################################
##############################################################################
###
### Running command:
###
###   /Library/Frameworks/R.framework/Versions/Current/Resources/bin/R CMD build --keep-empty-dirs --no-resave-data HCAExplorer
###
##############################################################################
##############################################################################
* checking for file ‘HCAExplorer/DESCRIPTION’ ... OK
* preparing ‘HCAExplorer’:
* checking DESCRIPTION meta-information ... OK
* installing the package to build vignettes
* creating vignettes ... ERROR
--- re-building ‘HCAExplorer.Rmd’ using knitr
Loading required package: dplyr
Attaching package: 'dplyr'
The following objects are masked from 'package:stats':
    filter, lag
The following objects are masked from 'package:base':
    intersect, setdiff, setequal, union
Quitting from lines 114-116 (HCAExplorer.Rmd) 
Error: processing vignette 'HCAExplorer.Rmd' failed with diagnostics:
Timeout was reached: [service.explore.data.humancellatlas.org] Resolving timed out after 10000 milliseconds
--- failed re-building ‘HCAExplorer.Rmd’
SUMMARY: processing the following file failed:
  ‘HCAExplorer.Rmd’
Error: Vignette re-building failed.
Execution halted