| Back to Multiple platform build/check report for BioC 3.12 |
|
This page was generated on 2021-05-06 12:27:51 -0400 (Thu, 06 May 2021).
|
To the developers/maintainers of the HCAExplorer package: Please make sure to use the following settings in order to reproduce any error or warning you see on this page. |
| Package 817/1974 | Hostname | OS / Arch | INSTALL | BUILD | CHECK | BUILD BIN | ||||||||
| HCAExplorer 1.4.0 (landing page) Bioconductor Package Maintainer
| malbec1 | Linux (Ubuntu 18.04.5 LTS) / x86_64 | OK | ERROR | skipped | |||||||||
| tokay1 | Windows Server 2012 R2 Standard / x64 | OK | ERROR | skipped | skipped | |||||||||
| merida1 | macOS 10.14.6 Mojave / x86_64 | OK | ERROR | skipped | skipped | |||||||||
| Package: HCAExplorer |
| Version: 1.4.0 |
| Command: /home/biocbuild/bbs-3.12-bioc/R/bin/R CMD build --keep-empty-dirs --no-resave-data HCAExplorer |
| StartedAt: 2021-05-05 19:33:23 -0400 (Wed, 05 May 2021) |
| EndedAt: 2021-05-05 19:34:42 -0400 (Wed, 05 May 2021) |
| EllapsedTime: 79.4 seconds |
| RetCode: 1 |
| Status: ERROR |
| PackageFile: None |
| PackageFileSize: NA |
##############################################################################
##############################################################################
###
### Running command:
###
### /home/biocbuild/bbs-3.12-bioc/R/bin/R CMD build --keep-empty-dirs --no-resave-data HCAExplorer
###
##############################################################################
##############################################################################
* checking for file ‘HCAExplorer/DESCRIPTION’ ... OK
* preparing ‘HCAExplorer’:
* checking DESCRIPTION meta-information ... OK
* installing the package to build vignettes
* creating vignettes ... ERROR
--- re-building ‘HCAExplorer.Rmd’ using knitr
Loading required package: dplyr
Attaching package: 'dplyr'
The following objects are masked from 'package:stats':
filter, lag
The following objects are masked from 'package:base':
intersect, setdiff, setequal, union
Quitting from lines 114-116 (HCAExplorer.Rmd)
Error: processing vignette 'HCAExplorer.Rmd' failed with diagnostics:
Could not resolve host: service.explore.data.humancellatlas.org
--- failed re-building ‘HCAExplorer.Rmd’
SUMMARY: processing the following file failed:
‘HCAExplorer.Rmd’
Error: Vignette re-building failed.
Execution halted