| Back to Multiple platform build/check report for BioC 3.12 |
|
This page was generated on 2021-05-06 12:30:02 -0400 (Thu, 06 May 2021).
|
To the developers/maintainers of the BiocSklearn package: Please make sure to use the following settings in order to reproduce any error or warning you see on this page. |
| Package 170/1974 | Hostname | OS / Arch | INSTALL | BUILD | CHECK | BUILD BIN | ||||||||
| BiocSklearn 1.12.0 (landing page) VJ Carey
| malbec1 | Linux (Ubuntu 18.04.5 LTS) / x86_64 | OK | OK | OK | |||||||||
| tokay1 | Windows Server 2012 R2 Standard / x64 | OK | ERROR | skipped | skipped | |||||||||
| merida1 | macOS 10.14.6 Mojave / x86_64 | OK | OK | OK | OK | |||||||||
| Package: BiocSklearn |
| Version: 1.12.0 |
| Command: chmod a+r BiocSklearn -R && C:\Users\biocbuild\bbs-3.12-bioc\R\bin\R.exe --arch x64 CMD build --keep-empty-dirs --no-resave-data BiocSklearn |
| StartedAt: 2021-05-05 19:53:28 -0400 (Wed, 05 May 2021) |
| EndedAt: 2021-05-05 19:55:18 -0400 (Wed, 05 May 2021) |
| EllapsedTime: 110.6 seconds |
| RetCode: 1 |
| Status: ERROR |
| PackageFile: None |
| PackageFileSize: NA |
############################################################################## ############################################################################## ### ### Running command: ### ### chmod a+r BiocSklearn -R && C:\Users\biocbuild\bbs-3.12-bioc\R\bin\R.exe --arch x64 CMD build --keep-empty-dirs --no-resave-data BiocSklearn ### ############################################################################## ############################################################################## * checking for file 'BiocSklearn/DESCRIPTION' ... OK * preparing 'BiocSklearn': * checking DESCRIPTION meta-information ... OK * installing the package to build vignettes * creating vignettes ... ERROR --- re-building 'BiocSklearn.Rmd' using rmarkdown Quitting from lines 115-117 (BiocSklearn.Rmd) Error: processing vignette 'BiocSklearn.Rmd' failed with diagnostics: no conda environment exists at path 'C:/Users/biocbuild/AppData/Local/basilisk/1.2.1/BiocSklearn-1.12.0/bsklenv' --- failed re-building 'BiocSklearn.Rmd' SUMMARY: processing the following file failed: 'BiocSklearn.Rmd' Error: Vignette re-building failed. Execution halted