| Back to Multiple platform build/check report for BioC 3.11 |
|
This page was generated on 2020-04-20 14:52:06 -0400 (Mon, 20 Apr 2020).
| TO THE DEVELOPERS/MAINTAINERS OF THE netDx PACKAGE: Please make sure to use the following settings in order to reproduce any error or warning you see on this page. |
| Package 1172/1876 | Hostname | OS / Arch | INSTALL | BUILD | CHECK | BUILD BIN | ||||||
| netDx 0.99.18 Shraddha Pai
| malbec2 | Linux (Ubuntu 18.04.4 LTS) / x86_64 | OK | ERROR | skipped | |||||||
| tokay2 | Windows Server 2012 R2 Standard / x64 | OK | ERROR | skipped | skipped | |||||||
| machv2 | macOS 10.14.6 Mojave / x86_64 | OK | OK | [ WARNINGS ] | OK |
| Package: netDx |
| Version: 0.99.18 |
| Command: /Library/Frameworks/R.framework/Versions/Current/Resources/bin/R CMD check --install=check:netDx.install-out.txt --library=/Library/Frameworks/R.framework/Versions/Current/Resources/library --no-vignettes --timings netDx_0.99.18.tar.gz |
| StartedAt: 2020-04-20 08:11:00 -0400 (Mon, 20 Apr 2020) |
| EndedAt: 2020-04-20 08:22:15 -0400 (Mon, 20 Apr 2020) |
| EllapsedTime: 675.0 seconds |
| RetCode: 0 |
| Status: WARNINGS |
| CheckDir: netDx.Rcheck |
| Warnings: 1 |
##############################################################################
##############################################################################
###
### Running command:
###
### /Library/Frameworks/R.framework/Versions/Current/Resources/bin/R CMD check --install=check:netDx.install-out.txt --library=/Library/Frameworks/R.framework/Versions/Current/Resources/library --no-vignettes --timings netDx_0.99.18.tar.gz
###
##############################################################################
##############################################################################
* using log directory ‘/Users/biocbuild/bbs-3.11-bioc/meat/netDx.Rcheck’
* using R version 4.0.0 alpha (2020-04-05 r78150)
* using platform: x86_64-apple-darwin17.0 (64-bit)
* using session charset: UTF-8
* using option ‘--no-vignettes’
* checking for file ‘netDx/DESCRIPTION’ ... OK
* this is package ‘netDx’ version ‘0.99.18’
* package encoding: UTF-8
* checking package namespace information ... OK
* checking package dependencies ... OK
* checking if this is a source package ... OK
* checking if there is a namespace ... OK
* checking for hidden files and directories ... OK
* checking for portable file names ... OK
* checking for sufficient/correct file permissions ... OK
* checking whether package ‘netDx’ can be installed ... OK
* checking installed package size ... OK
* checking package directory ... OK
* checking ‘build’ directory ... OK
* checking DESCRIPTION meta-information ... NOTE
Malformed Description field: should contain one or more complete sentences.
* checking top-level files ... OK
* checking for left-over files ... OK
* checking index information ... OK
* checking package subdirectories ... OK
* checking R files for non-ASCII characters ... OK
* checking R files for syntax errors ... OK
* checking whether the package can be loaded ... OK
* checking whether the package can be loaded with stated dependencies ... OK
* checking whether the package can be unloaded cleanly ... OK
* checking whether the namespace can be loaded with stated dependencies ... OK
* checking whether the namespace can be unloaded cleanly ... OK
* checking dependencies in R code ... OK
* checking S3 generic/method consistency ... OK
* checking replacement functions ... OK
* checking foreign function calls ... OK
* checking R code for possible problems ... OK
* checking Rd files ... OK
* checking Rd metadata ... OK
* checking Rd cross-references ... OK
* checking for missing documentation entries ... OK
* checking for code/documentation mismatches ... OK
* checking Rd \usage sections ... OK
* checking Rd contents ... OK
* checking for unstated dependencies in examples ... OK
* checking contents of ‘data’ directory ... OK
* checking data for non-ASCII characters ... OK
* checking data for ASCII and uncompressed saves ... WARNING
Note: significantly better compression could be obtained
by using R CMD build --resave-data
old_size new_size compress
cnv_GR.rda 71Kb 59Kb xz
cnv_patientNetCount.rda 72Kb 34Kb bzip2
cnv_pheno.rda 30Kb 23Kb xz
xpr.rda 576Kb 408Kb xz
* checking files in ‘vignettes’ ... OK
* checking examples ... OK
Examples with CPU (user + system) or elapsed time > 5s
user system elapsed
buildPredictor 31.566 1.042 33.983
createPSN_MultiData 29.728 0.505 47.574
buildPredictor_sparseGenetic 19.710 0.283 21.599
RR_featureTally 9.823 1.018 10.858
runFeatureSelection 9.000 0.704 6.269
compileFeatures 8.132 0.826 35.554
getPatientPredictions 6.923 0.020 6.967
plotPerf 6.707 0.058 6.775
runQuery 4.254 0.403 5.619
enrichLabelNets 1.511 0.059 83.305
getEnr 0.718 0.099 22.794
makePSN_NamedMatrix 0.103 0.007 14.253
countIntType_batch 0.023 0.008 14.226
* checking for unstated dependencies in ‘tests’ ... OK
* checking tests ...
Running ‘testthat.R’
OK
* checking for unstated dependencies in vignettes ... OK
* checking package vignettes in ‘inst/doc’ ... OK
* checking running R code from vignettes ... SKIPPED
* checking re-building of vignette outputs ... SKIPPED
* checking PDF version of manual ... OK
* DONE
Status: 1 WARNING, 1 NOTE
See
‘/Users/biocbuild/bbs-3.11-bioc/meat/netDx.Rcheck/00check.log’
for details.
netDx.Rcheck/00install.out
############################################################################## ############################################################################## ### ### Running command: ### ### /Library/Frameworks/R.framework/Versions/Current/Resources/bin/R CMD INSTALL netDx ### ############################################################################## ############################################################################## * installing to library ‘/Library/Frameworks/R.framework/Versions/4.0/Resources/library’ * installing *source* package ‘netDx’ ... ** using staged installation ** R ** data ** inst ** byte-compile and prepare package for lazy loading ** help *** installing help indices ** building package indices ** installing vignettes ** testing if installed package can be loaded from temporary location ** testing if installed package can be loaded from final location ** testing if installed package keeps a record of temporary installation path * DONE (netDx)
netDx.Rcheck/tests/testthat.Rout
R version 4.0.0 alpha (2020-04-05 r78150)
Copyright (C) 2020 The R Foundation for Statistical Computing
Platform: x86_64-apple-darwin17.0 (64-bit)
R is free software and comes with ABSOLUTELY NO WARRANTY.
You are welcome to redistribute it under certain conditions.
Type 'license()' or 'licence()' for distribution details.
R is a collaborative project with many contributors.
Type 'contributors()' for more information and
'citation()' on how to cite R or R packages in publications.
Type 'demo()' for some demos, 'help()' for on-line help, or
'help.start()' for an HTML browser interface to help.
Type 'q()' to quit R.
> library(testthat)
> library(netDx)
>
> test_check("netDx")
== testthat results ===========================================================
[ OK: 15 | SKIPPED: 0 | WARNINGS: 0 | FAILED: 0 ]
>
> proc.time()
user system elapsed
20.914 1.451 64.437
netDx.Rcheck/netDx-Ex.timings
| name | user | system | elapsed | |
| MB.pheno | 0.011 | 0.003 | 0.014 | |
| RR_featureTally | 9.823 | 1.018 | 10.858 | |
| avgNormDiff | 0.044 | 0.002 | 0.046 | |
| buildPredictor | 31.566 | 1.042 | 33.983 | |
| buildPredictor_sparseGenetic | 19.710 | 0.283 | 21.599 | |
| callFeatSel | 0.207 | 0.002 | 0.210 | |
| cleanPathwayName | 0.000 | 0.001 | 0.001 | |
| cnv_GR | 0.045 | 0.002 | 0.048 | |
| cnv_TTstatus | 0.013 | 0.038 | 0.051 | |
| cnv_netPass | 0.005 | 0.002 | 0.007 | |
| cnv_netScores | 0.011 | 0.029 | 0.040 | |
| cnv_patientNetCount | 0.177 | 0.173 | 0.350 | |
| cnv_pheno | 0.010 | 0.002 | 0.012 | |
| compareShortestPath | 0.031 | 0.004 | 0.035 | |
| compileFeatureScores | 0.010 | 0.001 | 0.011 | |
| compileFeatures | 8.132 | 0.826 | 35.554 | |
| confmat | 0.003 | 0.001 | 0.004 | |
| countIntType | 0.001 | 0.001 | 0.002 | |
| countIntType_batch | 0.023 | 0.008 | 14.226 | |
| countPatientsInNet | 0.003 | 0.002 | 0.005 | |
| createPSN_MultiData | 29.728 | 0.505 | 47.574 | |
| enrichLabelNets | 1.511 | 0.059 | 83.305 | |
| featScores | 0.062 | 0.078 | 0.144 | |
| fetchPathwayDefinitions | 1.922 | 0.066 | 2.354 | |
| genes | 0.004 | 0.003 | 0.006 | |
| getEMapInput | 1.685 | 0.070 | 1.988 | |
| getEMapInput_many | 1.953 | 0.339 | 3.132 | |
| getEnr | 0.718 | 0.099 | 22.794 | |
| getFeatureScores | 0.024 | 0.001 | 0.026 | |
| getGMjar_path | 0.535 | 0.008 | 0.605 | |
| getNetConsensus | 0.024 | 0.001 | 0.025 | |
| getOR | 0.003 | 0.002 | 0.006 | |
| getPatientPredictions | 6.923 | 0.020 | 6.967 | |
| getPatientRankings | 0.119 | 0.002 | 0.122 | |
| getRegionOL | 0.702 | 0.007 | 0.710 | |
| getSimilarity | 0.208 | 0.002 | 0.210 | |
| makePSN_NamedMatrix | 0.103 | 0.007 | 14.253 | |
| makePSN_RangeSets | 0.015 | 0.002 | 0.019 | |
| makeQueries | 0.010 | 0.002 | 0.012 | |
| mapNamedRangesToSets | 0.057 | 0.002 | 0.059 | |
| normDiff | 0.000 | 0.000 | 0.001 | |
| npheno | 0.002 | 0.001 | 0.004 | |
| pathwayList | 0.005 | 0.014 | 0.019 | |
| pathway_GR | 0.133 | 0.006 | 0.140 | |
| perfCalc | 0.003 | 0.001 | 0.005 | |
| pheno | 0.015 | 0.001 | 0.017 | |
| pheno_full | 0.004 | 0.002 | 0.005 | |
| plotEmap | 1.670 | 0.034 | 1.766 | |
| plotPerf | 6.707 | 0.058 | 6.775 | |
| plotPerf_multi | 0.121 | 0.029 | 0.151 | |
| predRes | 0.004 | 0.003 | 0.008 | |
| predictPatientLabels | 0.013 | 0.001 | 0.014 | |
| pruneNets | 0.013 | 0.004 | 0.018 | |
| readPathways | 1.633 | 0.032 | 1.729 | |
| runFeatureSelection | 9.000 | 0.704 | 6.269 | |
| runQuery | 4.254 | 0.403 | 5.619 | |
| setupFeatureDB | 0.062 | 0.006 | 0.070 | |
| silh | 0.005 | 0.003 | 0.008 | |
| sim.eucscale | 0.507 | 0.003 | 0.511 | |
| sim.pearscale | 0.833 | 0.006 | 0.841 | |
| simpleCap | 0.000 | 0.001 | 0.001 | |
| sparsify2 | 0.507 | 0.089 | 0.596 | |
| sparsify3 | 0.371 | 0.026 | 0.398 | |
| splitTestTrain | 0.014 | 0.001 | 0.015 | |
| splitTestTrain_resampling | 0.006 | 0.002 | 0.008 | |
| updateNets | 0.009 | 0.002 | 0.012 | |
| writeNetsSIF | 0.011 | 0.006 | 0.017 | |
| writeQueryBatchFile | 0.004 | 0.002 | 0.007 | |
| writeQueryFile | 0.006 | 0.001 | 0.007 | |
| xpr | 0.032 | 0.040 | 0.467 | |