| Back to Multiple platform build/check report for BioC 3.11 |
|
This page was generated on 2020-10-17 11:56:36 -0400 (Sat, 17 Oct 2020).
| TO THE DEVELOPERS/MAINTAINERS OF THE flowUtils PACKAGE: Please make sure to use the following settings in order to reproduce any error or warning you see on this page. |
| Package 630/1905 | Hostname | OS / Arch | INSTALL | BUILD | CHECK | BUILD BIN | ||||||
| flowUtils 1.52.0 Josef Spidlen
| malbec2 | Linux (Ubuntu 18.04.4 LTS) / x86_64 | OK | OK | WARNINGS | |||||||
| tokay2 | Windows Server 2012 R2 Standard / x64 | OK | OK | [ WARNINGS ] | OK | |||||||
| machv2 | macOS 10.14.6 Mojave / x86_64 | OK | OK | WARNINGS | OK |
| Package: flowUtils |
| Version: 1.52.0 |
| Command: C:\Users\biocbuild\bbs-3.11-bioc\R\bin\R.exe CMD check --force-multiarch --install=check:flowUtils.install-out.txt --library=C:\Users\biocbuild\bbs-3.11-bioc\R\library --no-vignettes --timings flowUtils_1.52.0.tar.gz |
| StartedAt: 2020-10-17 04:09:48 -0400 (Sat, 17 Oct 2020) |
| EndedAt: 2020-10-17 04:11:27 -0400 (Sat, 17 Oct 2020) |
| EllapsedTime: 99.0 seconds |
| RetCode: 0 |
| Status: WARNINGS |
| CheckDir: flowUtils.Rcheck |
| Warnings: 2 |
############################################################################## ############################################################################## ### ### Running command: ### ### C:\Users\biocbuild\bbs-3.11-bioc\R\bin\R.exe CMD check --force-multiarch --install=check:flowUtils.install-out.txt --library=C:\Users\biocbuild\bbs-3.11-bioc\R\library --no-vignettes --timings flowUtils_1.52.0.tar.gz ### ############################################################################## ############################################################################## * using log directory 'C:/Users/biocbuild/bbs-3.11-bioc/meat/flowUtils.Rcheck' * using R version 4.0.3 (2020-10-10) * using platform: x86_64-w64-mingw32 (64-bit) * using session charset: ISO8859-1 * using option '--no-vignettes' * checking for file 'flowUtils/DESCRIPTION' ... OK * checking extension type ... Package * this is package 'flowUtils' version '1.52.0' * checking package namespace information ... OK * checking package dependencies ... OK * checking if this is a source package ... OK * checking if there is a namespace ... OK * checking for hidden files and directories ... OK * checking for portable file names ... OK * checking whether package 'flowUtils' can be installed ... OK * checking installed package size ... OK * checking package directory ... OK * checking 'build' directory ... OK * checking DESCRIPTION meta-information ... OK * checking top-level files ... OK * checking for left-over files ... OK * checking index information ... OK * checking package subdirectories ... OK * checking R files for non-ASCII characters ... OK * checking R files for syntax errors ... OK * loading checks for arch 'i386' ** checking whether the package can be loaded ... OK ** checking whether the package can be loaded with stated dependencies ... OK ** checking whether the package can be unloaded cleanly ... OK ** checking whether the namespace can be loaded with stated dependencies ... OK ** checking whether the namespace can be unloaded cleanly ... OK * loading checks for arch 'x64' ** checking whether the package can be loaded ... OK ** checking whether the package can be loaded with stated dependencies ... OK ** checking whether the package can be unloaded cleanly ... OK ** checking whether the namespace can be loaded with stated dependencies ... OK ** checking whether the namespace can be unloaded cleanly ... OK * checking dependencies in R code ... OK * checking S3 generic/method consistency ... OK * checking replacement functions ... OK * checking foreign function calls ... OK * checking R code for possible problems ... OK * checking Rd files ... OK * checking Rd metadata ... OK * checking Rd cross-references ... OK * checking for missing documentation entries ... OK * checking for code/documentation mismatches ... OK * checking Rd \usage sections ... OK * checking Rd contents ... OK * checking for unstated dependencies in examples ... OK * checking files in 'vignettes' ... OK * checking examples ... ** running examples for arch 'i386' ... WARNING Found the following significant warnings: Warning: '.local' is deprecated. Warning: '.local' is deprecated. Deprecated functions may be defunct as soon as of the next release of R. See ?Deprecated. ** running examples for arch 'x64' ... WARNING Found the following significant warnings: Warning: '.local' is deprecated. Warning: '.local' is deprecated. Deprecated functions may be defunct as soon as of the next release of R. See ?Deprecated. * checking for unstated dependencies in vignettes ... OK * checking package vignettes in 'inst/doc' ... OK * checking running R code from vignettes ... SKIPPED * checking re-building of vignette outputs ... SKIPPED * checking PDF version of manual ... OK * DONE Status: 2 WARNINGs See 'C:/Users/biocbuild/bbs-3.11-bioc/meat/flowUtils.Rcheck/00check.log' for details.
flowUtils.Rcheck/00install.out
##############################################################################
##############################################################################
###
### Running command:
###
### C:\cygwin\bin\curl.exe -O https://malbec2.bioconductor.org/BBS/3.11/bioc/src/contrib/flowUtils_1.52.0.tar.gz && rm -rf flowUtils.buildbin-libdir && mkdir flowUtils.buildbin-libdir && C:\Users\biocbuild\bbs-3.11-bioc\R\bin\R.exe CMD INSTALL --merge-multiarch --build --library=flowUtils.buildbin-libdir flowUtils_1.52.0.tar.gz && C:\Users\biocbuild\bbs-3.11-bioc\R\bin\R.exe CMD INSTALL flowUtils_1.52.0.zip && rm flowUtils_1.52.0.tar.gz flowUtils_1.52.0.zip
###
##############################################################################
##############################################################################
% Total % Received % Xferd Average Speed Time Time Time Current
Dload Upload Total Spent Left Speed
0 0 0 0 0 0 0 0 --:--:-- --:--:-- --:--:-- 0
100 85270 100 85270 0 0 498k 0 --:--:-- --:--:-- --:--:-- 520k
install for i386
* installing *source* package 'flowUtils' ...
** using staged installation
** R
** inst
** byte-compile and prepare package for lazy loading
No methods found in package 'flowCore' for requests: 'action', 'assign', 'Data', 'gate', 'tree' when loading 'flowUtils'
** help
*** installing help indices
converting help for package 'flowUtils'
finding HTML links ... done
flowUtil-package html
read.gatingML html
testGatingMLCompliance html
write.gatingML html
** building package indices
** installing vignettes
** testing if installed package can be loaded from temporary location
No methods found in package 'flowCore' for requests: 'action', 'assign', 'Data', 'gate', 'tree' when loading 'flowUtils'
** testing if installed package can be loaded from final location
No methods found in package 'flowCore' for requests: 'action', 'assign', 'Data', 'gate', 'tree' when loading 'flowUtils'
** testing if installed package keeps a record of temporary installation path
install for x64
* installing *source* package 'flowUtils' ...
** testing if installed package can be loaded
No methods found in package 'flowCore' for requests: 'action', 'assign', 'Data', 'gate', 'tree' when loading 'flowUtils'
* MD5 sums
packaged installation of 'flowUtils' as flowUtils_1.52.0.zip
* DONE (flowUtils)
* installing to library 'C:/Users/biocbuild/bbs-3.11-bioc/R/library'
package 'flowUtils' successfully unpacked and MD5 sums checked
|
flowUtils.Rcheck/examples_i386/flowUtils-Ex.timings
|
flowUtils.Rcheck/examples_x64/flowUtils-Ex.timings
|