| Back to Multiple platform build/check report for BioC 3.11 |
|
This page was generated on 2020-01-16 13:30:32 -0500 (Thu, 16 Jan 2020).
| Package 585/1818 | Hostname | OS / Arch | INSTALL | BUILD | CHECK | BUILD BIN | ||||||
| flowCore 1.53.7 Mike Jiang
| malbec2 | Linux (Ubuntu 18.04.3 LTS) / x86_64 | OK | OK | WARNINGS | |||||||
| tokay2 | Windows Server 2012 R2 Standard / x64 | OK | OK | WARNINGS | OK | |||||||
| celaya2 | OS X 10.11.6 El Capitan / x86_64 | OK | OK | [ WARNINGS ] | OK |
| Package: flowCore |
| Version: 1.53.7 |
| Command: /Library/Frameworks/R.framework/Versions/Current/Resources/bin/R CMD check --install=check:flowCore.install-out.txt --library=/Library/Frameworks/R.framework/Versions/Current/Resources/library --no-vignettes --timings flowCore_1.53.7.tar.gz |
| StartedAt: 2020-01-16 04:30:23 -0500 (Thu, 16 Jan 2020) |
| EndedAt: 2020-01-16 04:33:41 -0500 (Thu, 16 Jan 2020) |
| EllapsedTime: 198.1 seconds |
| RetCode: 0 |
| Status: WARNINGS |
| CheckDir: flowCore.Rcheck |
| Warnings: 3 |
##############################################################################
##############################################################################
###
### Running command:
###
### /Library/Frameworks/R.framework/Versions/Current/Resources/bin/R CMD check --install=check:flowCore.install-out.txt --library=/Library/Frameworks/R.framework/Versions/Current/Resources/library --no-vignettes --timings flowCore_1.53.7.tar.gz
###
##############################################################################
##############################################################################
* using log directory ‘/Users/biocbuild/bbs-3.11-bioc/meat/flowCore.Rcheck’
* using R Under development (unstable) (2019-12-14 r77572)
* using platform: x86_64-apple-darwin15.6.0 (64-bit)
* using session charset: UTF-8
* using option ‘--no-vignettes’
* checking for file ‘flowCore/DESCRIPTION’ ... OK
* this is package ‘flowCore’ version ‘1.53.7’
* package encoding: UTF-8
* checking package namespace information ... OK
* checking package dependencies ... OK
* checking if this is a source package ... OK
* checking if there is a namespace ... OK
* checking for hidden files and directories ... OK
* checking for portable file names ... OK
* checking for sufficient/correct file permissions ... OK
* checking whether package ‘flowCore’ can be installed ... OK
* checking installed package size ... NOTE
installed size is 8.1Mb
sub-directories of 1Mb or more:
R 1.0Mb
data 5.0Mb
extdata 1.1Mb
* checking package directory ... OK
* checking ‘build’ directory ... OK
* checking DESCRIPTION meta-information ... OK
* checking top-level files ... OK
* checking for left-over files ... OK
* checking index information ... OK
* checking package subdirectories ... OK
* checking R files for non-ASCII characters ... WARNING
Found the following file with non-ASCII characters:
AllGenerics.R
Portable packages must use only ASCII characters in their R code,
except perhaps in comments.
Use \uxxxx escapes for other characters.
* checking R files for syntax errors ... OK
* checking whether the package can be loaded ... OK
* checking whether the package can be loaded with stated dependencies ... OK
* checking whether the package can be unloaded cleanly ... OK
* checking whether the namespace can be loaded with stated dependencies ... OK
* checking whether the namespace can be unloaded cleanly ... OK
* checking dependencies in R code ... OK
* checking S3 generic/method consistency ... OK
* checking replacement functions ... OK
* checking foreign function calls ... OK
* checking R code for possible problems ... NOTE
eval,compensatedParameter-missing : <anonymous>: no visible binding for
global variable ‘mat’
eval,compensatedParameter-missing : <anonymous>: no visible binding for
global variable ‘msv’
Undefined global functions or variables:
mat msv
* checking Rd files ... OK
* checking Rd metadata ... OK
* checking Rd cross-references ... WARNING
Missing link or links in documentation object 'compensation-class.Rd':
‘[flowCore:spillover-flowSet]{spillover}’
See section 'Cross-references' in the 'Writing R Extensions' manual.
* checking for missing documentation entries ... WARNING
Undocumented code objects:
‘isNull’ ‘spillover’ ‘spillover_match’
Undocumented S4 methods:
generic 'identifier' and siglist 'NULL'
All user-level objects in a package (including S4 classes and methods)
should have documentation entries.
See chapter ‘Writing R documentation files’ in the ‘Writing R
Extensions’ manual.
* checking for code/documentation mismatches ... OK
* checking Rd \usage sections ... OK
* checking Rd contents ... OK
* checking for unstated dependencies in examples ... OK
* checking contents of ‘data’ directory ... OK
* checking data for non-ASCII characters ... OK
* checking data for ASCII and uncompressed saves ... OK
* checking line endings in C/C++/Fortran sources/headers ... OK
* checking line endings in Makefiles ... OK
* checking compilation flags in Makevars ... OK
* checking for GNU extensions in Makefiles ... OK
* checking for portable use of $(BLAS_LIBS) and $(LAPACK_LIBS) ... OK
* checking use of PKG_*FLAGS in Makefiles ... OK
* checking compiled code ... NOTE
Note: information on .o files is not available
* checking sizes of PDF files under ‘inst/doc’ ... OK
* checking installed files from ‘inst/doc’ ... OK
* checking files in ‘vignettes’ ... OK
* checking examples ... OK
Examples with CPU (user + system) or elapsed time > 5s
user system elapsed
filterResultList-class 6.626 0.530 7.161
flowFrame-class 5.921 0.478 6.522
* checking for unstated dependencies in ‘tests’ ... OK
* checking tests ...
Running ‘testthat.R’
OK
* checking for unstated dependencies in vignettes ... OK
* checking package vignettes in ‘inst/doc’ ... OK
* checking running R code from vignettes ... SKIPPED
* checking re-building of vignette outputs ... SKIPPED
* checking PDF version of manual ... OK
* DONE
Status: 3 WARNINGs, 3 NOTEs
See
‘/Users/biocbuild/bbs-3.11-bioc/meat/flowCore.Rcheck/00check.log’
for details.
flowCore.Rcheck/00install.out
############################################################################## ############################################################################## ### ### Running command: ### ### /Library/Frameworks/R.framework/Versions/Current/Resources/bin/R CMD INSTALL flowCore ### ############################################################################## ############################################################################## * installing to library ‘/Library/Frameworks/R.framework/Versions/4.0/Resources/library’ * installing *source* package ‘flowCore’ ... ** using staged installation ** libs clang++ -std=gnu++11 -I"/Library/Frameworks/R.framework/Resources/include" -DNDEBUG -I'/Library/Frameworks/R.framework/Versions/4.0/Resources/library/Rcpp/include' -I'/Library/Frameworks/R.framework/Versions/4.0/Resources/library/BH/include' -I'/Library/Frameworks/R.framework/Versions/4.0/Resources/library/cytolib/include' -isysroot /Library/Developer/CommandLineTools/SDKs/MacOSX.sdk -I/usr/local/include -fPIC -Wall -g -O2 -c FastLogicle.cpp -o FastLogicle.o clang++ -std=gnu++11 -I"/Library/Frameworks/R.framework/Resources/include" -DNDEBUG -I'/Library/Frameworks/R.framework/Versions/4.0/Resources/library/Rcpp/include' -I'/Library/Frameworks/R.framework/Versions/4.0/Resources/library/BH/include' -I'/Library/Frameworks/R.framework/Versions/4.0/Resources/library/cytolib/include' -isysroot /Library/Developer/CommandLineTools/SDKs/MacOSX.sdk -I/usr/local/include -fPIC -Wall -g -O2 -c Hyperlog.cpp -o Hyperlog.o clang++ -std=gnu++11 -I"/Library/Frameworks/R.framework/Resources/include" -DNDEBUG -I'/Library/Frameworks/R.framework/Versions/4.0/Resources/library/Rcpp/include' -I'/Library/Frameworks/R.framework/Versions/4.0/Resources/library/BH/include' -I'/Library/Frameworks/R.framework/Versions/4.0/Resources/library/cytolib/include' -isysroot /Library/Developer/CommandLineTools/SDKs/MacOSX.sdk -I/usr/local/include -fPIC -Wall -g -O2 -c Logicle.cpp -o Logicle.o clang++ -std=gnu++11 -I"/Library/Frameworks/R.framework/Resources/include" -DNDEBUG -I'/Library/Frameworks/R.framework/Versions/4.0/Resources/library/Rcpp/include' -I'/Library/Frameworks/R.framework/Versions/4.0/Resources/library/BH/include' -I'/Library/Frameworks/R.framework/Versions/4.0/Resources/library/cytolib/include' -isysroot /Library/Developer/CommandLineTools/SDKs/MacOSX.sdk -I/usr/local/include -fPIC -Wall -g -O2 -c RcppExports.cpp -o RcppExports.o clang++ -std=gnu++11 -I"/Library/Frameworks/R.framework/Resources/include" -DNDEBUG -I'/Library/Frameworks/R.framework/Versions/4.0/Resources/library/Rcpp/include' -I'/Library/Frameworks/R.framework/Versions/4.0/Resources/library/BH/include' -I'/Library/Frameworks/R.framework/Versions/4.0/Resources/library/cytolib/include' -isysroot /Library/Developer/CommandLineTools/SDKs/MacOSX.sdk -I/usr/local/include -fPIC -Wall -g -O2 -c biexponential.cpp -o biexponential.o clang++ -std=gnu++11 -I"/Library/Frameworks/R.framework/Resources/include" -DNDEBUG -I'/Library/Frameworks/R.framework/Versions/4.0/Resources/library/Rcpp/include' -I'/Library/Frameworks/R.framework/Versions/4.0/Resources/library/BH/include' -I'/Library/Frameworks/R.framework/Versions/4.0/Resources/library/cytolib/include' -isysroot /Library/Developer/CommandLineTools/SDKs/MacOSX.sdk -I/usr/local/include -fPIC -Wall -g -O2 -c convertRawBytes.cpp -o convertRawBytes.o clang++ -std=gnu++11 -I"/Library/Frameworks/R.framework/Resources/include" -DNDEBUG -I'/Library/Frameworks/R.framework/Versions/4.0/Resources/library/Rcpp/include' -I'/Library/Frameworks/R.framework/Versions/4.0/Resources/library/BH/include' -I'/Library/Frameworks/R.framework/Versions/4.0/Resources/library/cytolib/include' -isysroot /Library/Developer/CommandLineTools/SDKs/MacOSX.sdk -I/usr/local/include -fPIC -Wall -g -O2 -c fcsTextParse.cpp -o fcsTextParse.o clang++ -std=gnu++11 -I"/Library/Frameworks/R.framework/Resources/include" -DNDEBUG -I'/Library/Frameworks/R.framework/Versions/4.0/Resources/library/Rcpp/include' -I'/Library/Frameworks/R.framework/Versions/4.0/Resources/library/BH/include' -I'/Library/Frameworks/R.framework/Versions/4.0/Resources/library/cytolib/include' -isysroot /Library/Developer/CommandLineTools/SDKs/MacOSX.sdk -I/usr/local/include -fPIC -Wall -g -O2 -c hyperlogTransform.cpp -o hyperlogTransform.o clang++ -std=gnu++11 -I"/Library/Frameworks/R.framework/Resources/include" -DNDEBUG -I'/Library/Frameworks/R.framework/Versions/4.0/Resources/library/Rcpp/include' -I'/Library/Frameworks/R.framework/Versions/4.0/Resources/library/BH/include' -I'/Library/Frameworks/R.framework/Versions/4.0/Resources/library/cytolib/include' -isysroot /Library/Developer/CommandLineTools/SDKs/MacOSX.sdk -I/usr/local/include -fPIC -Wall -g -O2 -c inPolygon.cpp -o inPolygon.o clang++ -std=gnu++11 -I"/Library/Frameworks/R.framework/Resources/include" -DNDEBUG -I'/Library/Frameworks/R.framework/Versions/4.0/Resources/library/Rcpp/include' -I'/Library/Frameworks/R.framework/Versions/4.0/Resources/library/BH/include' -I'/Library/Frameworks/R.framework/Versions/4.0/Resources/library/cytolib/include' -isysroot /Library/Developer/CommandLineTools/SDKs/MacOSX.sdk -I/usr/local/include -fPIC -Wall -g -O2 -c inPolytope.cpp -o inPolytope.o clang++ -std=gnu++11 -I"/Library/Frameworks/R.framework/Resources/include" -DNDEBUG -I'/Library/Frameworks/R.framework/Versions/4.0/Resources/library/Rcpp/include' -I'/Library/Frameworks/R.framework/Versions/4.0/Resources/library/BH/include' -I'/Library/Frameworks/R.framework/Versions/4.0/Resources/library/cytolib/include' -isysroot /Library/Developer/CommandLineTools/SDKs/MacOSX.sdk -I/usr/local/include -fPIC -Wall -g -O2 -c logicleTransform.cpp -o logicleTransform.o clang++ -std=gnu++11 -I"/Library/Frameworks/R.framework/Resources/include" -DNDEBUG -I'/Library/Frameworks/R.framework/Versions/4.0/Resources/library/Rcpp/include' -I'/Library/Frameworks/R.framework/Versions/4.0/Resources/library/BH/include' -I'/Library/Frameworks/R.framework/Versions/4.0/Resources/library/cytolib/include' -isysroot /Library/Developer/CommandLineTools/SDKs/MacOSX.sdk -I/usr/local/include -fPIC -Wall -g -O2 -c pairVectorRcppWrap.cpp -o pairVectorRcppWrap.o clang++ -std=gnu++11 -I"/Library/Frameworks/R.framework/Resources/include" -DNDEBUG -I'/Library/Frameworks/R.framework/Versions/4.0/Resources/library/Rcpp/include' -I'/Library/Frameworks/R.framework/Versions/4.0/Resources/library/BH/include' -I'/Library/Frameworks/R.framework/Versions/4.0/Resources/library/cytolib/include' -isysroot /Library/Developer/CommandLineTools/SDKs/MacOSX.sdk -I/usr/local/include -fPIC -Wall -g -O2 -c poly_centroid.cpp -o poly_centroid.o clang++ -std=gnu++11 -I"/Library/Frameworks/R.framework/Resources/include" -DNDEBUG -I'/Library/Frameworks/R.framework/Versions/4.0/Resources/library/Rcpp/include' -I'/Library/Frameworks/R.framework/Versions/4.0/Resources/library/BH/include' -I'/Library/Frameworks/R.framework/Versions/4.0/Resources/library/cytolib/include' -isysroot /Library/Developer/CommandLineTools/SDKs/MacOSX.sdk -I/usr/local/include -fPIC -Wall -g -O2 -c sortBytes.cpp -o sortBytes.o clang++ -std=gnu++11 -I"/Library/Frameworks/R.framework/Resources/include" -DNDEBUG -I'/Library/Frameworks/R.framework/Versions/4.0/Resources/library/Rcpp/include' -I'/Library/Frameworks/R.framework/Versions/4.0/Resources/library/BH/include' -I'/Library/Frameworks/R.framework/Versions/4.0/Resources/library/cytolib/include' -isysroot /Library/Developer/CommandLineTools/SDKs/MacOSX.sdk -I/usr/local/include -fPIC -Wall -g -O2 -c uint2double.cpp -o uint2double.o clang++ -std=gnu++11 -I"/Library/Frameworks/R.framework/Resources/include" -DNDEBUG -I'/Library/Frameworks/R.framework/Versions/4.0/Resources/library/Rcpp/include' -I'/Library/Frameworks/R.framework/Versions/4.0/Resources/library/BH/include' -I'/Library/Frameworks/R.framework/Versions/4.0/Resources/library/cytolib/include' -isysroot /Library/Developer/CommandLineTools/SDKs/MacOSX.sdk -I/usr/local/include -fPIC -Wall -g -O2 -c zeroin.cpp -o zeroin.o clang++ -std=gnu++11 -dynamiclib -Wl,-headerpad_max_install_names -undefined dynamic_lookup -single_module -multiply_defined suppress -L/Library/Frameworks/R.framework/Resources/lib -L/usr/local/lib -o flowCore.so FastLogicle.o Hyperlog.o Logicle.o RcppExports.o biexponential.o convertRawBytes.o fcsTextParse.o hyperlogTransform.o inPolygon.o inPolytope.o logicleTransform.o pairVectorRcppWrap.o poly_centroid.o sortBytes.o uint2double.o zeroin.o -F/Library/Frameworks/R.framework/.. -framework R -Wl,-framework -Wl,CoreFoundation if [ `uname -s` = 'Darwin' ]; then install_name_tool -change /usr/local/clang4/lib/libc++.1.dylib /usr/lib/libc++.1.dylib flowCore.so; fi installing to /Library/Frameworks/R.framework/Versions/4.0/Resources/library/00LOCK-flowCore/00new/flowCore/libs ** R ** data ** inst ** byte-compile and prepare package for lazy loading ** help *** installing help indices ** building package indices ** installing vignettes ‘HowTo-flowCore.Rnw’ using ‘UTF-8’ ** testing if installed package can be loaded from temporary location ** checking absolute paths in shared objects and dynamic libraries ** testing if installed package can be loaded from final location ** testing if installed package keeps a record of temporary installation path * DONE (flowCore)
flowCore.Rcheck/tests/testthat.Rout
R Under development (unstable) (2019-12-14 r77572) -- "Unsuffered Consequences"
Copyright (C) 2019 The R Foundation for Statistical Computing
Platform: x86_64-apple-darwin15.6.0 (64-bit)
R is free software and comes with ABSOLUTELY NO WARRANTY.
You are welcome to redistribute it under certain conditions.
Type 'license()' or 'licence()' for distribution details.
R is a collaborative project with many contributors.
Type 'contributors()' for more information and
'citation()' on how to cite R or R packages in publications.
Type 'demo()' for some demos, 'help()' for on-line help, or
'help.start()' for an HTML browser interface to help.
Type 'q()' to quit R.
> library(testthat)
> library(flowCore)
> library(flowStats)
>
>
> test_check("flowCore")
Loading required package: BiocGenerics
Loading required package: parallel
Attaching package: 'BiocGenerics'
The following objects are masked from 'package:parallel':
clusterApply, clusterApplyLB, clusterCall, clusterEvalQ,
clusterExport, clusterMap, parApply, parCapply, parLapply,
parLapplyLB, parRapply, parSapply, parSapplyLB
The following object is masked from 'package:flowStats':
normalize
The following object is masked from 'package:flowCore':
normalize
The following objects are masked from 'package:stats':
IQR, mad, sd, var, xtabs
The following objects are masked from 'package:base':
Filter, Find, Map, Position, Reduce, anyDuplicated, append,
as.data.frame, basename, cbind, colnames, dirname, do.call,
duplicated, eval, evalq, get, grep, grepl, intersect, is.unsorted,
lapply, mapply, match, mget, order, paste, pmax, pmax.int, pmin,
pmin.int, rank, rbind, rownames, sapply, setdiff, sort, table,
tapply, union, unique, unsplit, which, which.max, which.min
Welcome to Bioconductor
Vignettes contain introductory material; view with
'browseVignettes()'. To cite Bioconductor, see
'citation("Biobase")', and for packages 'citation("pkgname")'.
orig_channel_name new_channel_name
$P5N B710-A FL1-1
$P9N V545-A FL1-2
══ testthat results ═══════════════════════════════════════════════════════════
[ OK: 322 | SKIPPED: 3 | WARNINGS: 4 | FAILED: 0 ]
>
> #devtools::test("~/rglab/workspace/flowCore")
>
> proc.time()
user system elapsed
28.936 4.012 33.025
flowCore.Rcheck/flowCore-Ex.timings
| name | user | system | elapsed | |
| EHtrans-class | 0.088 | 0.009 | 0.098 | |
| FCSTransTransform | 0.887 | 0.131 | 1.018 | |
| Subset-methods | 0.458 | 0.072 | 0.555 | |
| arcsinhTransform | 0.110 | 0.024 | 0.133 | |
| asinht-class | 0.043 | 0.010 | 0.052 | |
| asinhtGml2-class | 0.050 | 0.015 | 0.065 | |
| biexponentialTransform | 3.681 | 0.292 | 3.974 | |
| boundaryFilter-class | 0.248 | 0.028 | 0.275 | |
| characterOrNumeric-class | 0.002 | 0.001 | 0.002 | |
| characterOrParameters-class | 0.001 | 0.000 | 0.001 | |
| characterOrTransformation-class | 0.002 | 0.001 | 0.003 | |
| coerce | 0.078 | 0.004 | 0.081 | |
| collapse_desc | 0.741 | 0.135 | 0.876 | |
| compensatedParameter-class | 0.211 | 0.024 | 0.239 | |
| compensation-class | 0.507 | 0.121 | 0.628 | |
| decompensate-methods | 0.090 | 0.025 | 0.114 | |
| dg1polynomial-class | 0.042 | 0.008 | 0.050 | |
| each_col | 0.045 | 0.012 | 0.059 | |
| ellipsoidGate-class | 0.107 | 0.028 | 0.136 | |
| exponential-class | 0.033 | 0.004 | 0.037 | |
| expressionFilter-class | 0.147 | 0.017 | 0.163 | |
| filter-methods | 1.069 | 0.175 | 1.244 | |
| filter-on-methods | 0.143 | 0.002 | 0.146 | |
| filterList-class | 0.007 | 0.000 | 0.007 | |
| filterResult-class | 0.001 | 0.000 | 0.002 | |
| filterResultList-class | 6.626 | 0.530 | 7.161 | |
| filterSummary-class | 0.146 | 0.028 | 0.174 | |
| filterSummaryList-class | 1.426 | 0.236 | 1.662 | |
| filter_keywords | 0.773 | 0.134 | 0.907 | |
| flowFrame-class | 5.921 | 0.478 | 6.522 | |
| flowSet-class | 3.578 | 0.311 | 3.892 | |
| fr_append_cols | 0.776 | 0.137 | 0.913 | |
| fsApply | 0.209 | 0.049 | 0.258 | |
| getIndexSort-methods | 0.028 | 0.001 | 0.030 | |
| hyperlog-class | 1.944 | 0.008 | 1.953 | |
| hyperlogtGml2-class | 0.041 | 0.001 | 0.042 | |
| identifier-methods | 0.031 | 0.003 | 0.033 | |
| inverseLogicleTransform | 0.841 | 0.135 | 0.975 | |
| invsplitscale-class | 0.044 | 0.005 | 0.050 | |
| keyword-methods | 0.776 | 0.114 | 0.890 | |
| kmeansFilter-class | 0.203 | 0.010 | 0.213 | |
| linearTransform | 0.049 | 0.005 | 0.053 | |
| lintGml2-class | 0.041 | 0.004 | 0.045 | |
| lnTransform | 1.752 | 0.180 | 1.936 | |
| logTransform | 0.047 | 0.004 | 0.050 | |
| logarithm-class | 0.040 | 0.005 | 0.045 | |
| logicalFilterResult-class | 0.001 | 0.001 | 0.002 | |
| logicleTransform | 0.885 | 0.141 | 1.026 | |
| logicletGml2-class | 0.058 | 0.002 | 0.060 | |
| logtGml2-class | 0.045 | 0.007 | 0.051 | |
| manyFilterResult-class | 0.001 | 0.001 | 0.002 | |
| markernames | 0.804 | 0.126 | 0.931 | |
| multipleFilterResult-class | 0.001 | 0.001 | 0.002 | |
| parameters-methods | 0.038 | 0.002 | 0.039 | |
| polygonGate-class | 0.091 | 0.008 | 0.098 | |
| quadGate-class | 0.233 | 0.011 | 0.245 | |
| quadratic-class | 0.032 | 0.003 | 0.034 | |
| quadraticTransform | 0.035 | 0.005 | 0.041 | |
| ratio-class | 0.049 | 0.005 | 0.053 | |
| ratiotGml2-class | 0.039 | 0.004 | 0.043 | |
| read.FCS | 0.124 | 0.011 | 0.135 | |
| read.FCSheader | 0.011 | 0.004 | 0.015 | |
| read.flowSet | 0.151 | 0.022 | 0.173 | |
| rectangleGate-class | 0.098 | 0.004 | 0.102 | |
| rotate_gate | 0.000 | 0.001 | 0.000 | |
| sampleFilter-class | 0.056 | 0.008 | 0.063 | |
| scaleTransform | 0.043 | 0.005 | 0.048 | |
| scale_gate | 0 | 0 | 0 | |
| shift_gate | 0.001 | 0.000 | 0.001 | |
| singleParameterTransform-class | 0.001 | 0.001 | 0.003 | |
| sinht-class | 0.035 | 0.005 | 0.039 | |
| split-methods | 1.313 | 0.183 | 1.495 | |
| splitScaleTransform | 1.758 | 0.190 | 1.951 | |
| splitscale-class | 0.039 | 0.004 | 0.043 | |
| squareroot-class | 0.039 | 0.006 | 0.044 | |
| timeFilter-class | 2.255 | 0.210 | 2.467 | |
| transform-class | 0.001 | 0.000 | 0.002 | |
| transformFilter-class | 0.182 | 0.008 | 0.197 | |
| transformList-class | 0.839 | 0.137 | 0.976 | |
| transformMap-class | 0.002 | 0.000 | 0.001 | |
| transform_gate | 0.000 | 0.000 | 0.001 | |
| truncateTransform | 0.050 | 0.005 | 0.055 | |
| unitytransform-class | 0.033 | 0.005 | 0.037 | |
| write.FCS | 0.077 | 0.014 | 0.091 | |
| write.flowSet | 0.993 | 0.129 | 1.122 | |