| Back to Multiple platform build/check report for BioC 3.11 |
|
This page was generated on 2020-10-17 11:59:46 -0400 (Sat, 17 Oct 2020).
| TO THE DEVELOPERS/MAINTAINERS OF THE TAPseq PACKAGE: Please make sure to use the following settings in order to reproduce any error or warning you see on this page. |
| Package 1777/1905 | Hostname | OS / Arch | INSTALL | BUILD | CHECK | BUILD BIN | ||||||
| TAPseq 1.0.0 Andreas Gschwind
| malbec2 | Linux (Ubuntu 18.04.4 LTS) / x86_64 | OK | OK | WARNINGS | |||||||
| tokay2 | Windows Server 2012 R2 Standard / x64 | OK | OK | WARNINGS | NA | |||||||
| machv2 | macOS 10.14.6 Mojave / x86_64 | OK | OK | [ WARNINGS ] | OK |
| Package: TAPseq |
| Version: 1.0.0 |
| Command: /Library/Frameworks/R.framework/Versions/Current/Resources/bin/R CMD check --install=check:TAPseq.install-out.txt --library=/Library/Frameworks/R.framework/Versions/Current/Resources/library --no-vignettes --timings TAPseq_1.0.0.tar.gz |
| StartedAt: 2020-10-17 05:49:00 -0400 (Sat, 17 Oct 2020) |
| EndedAt: 2020-10-17 05:58:54 -0400 (Sat, 17 Oct 2020) |
| EllapsedTime: 594.6 seconds |
| RetCode: 0 |
| Status: WARNINGS |
| CheckDir: TAPseq.Rcheck |
| Warnings: 1 |
##############################################################################
##############################################################################
###
### Running command:
###
### /Library/Frameworks/R.framework/Versions/Current/Resources/bin/R CMD check --install=check:TAPseq.install-out.txt --library=/Library/Frameworks/R.framework/Versions/Current/Resources/library --no-vignettes --timings TAPseq_1.0.0.tar.gz
###
##############################################################################
##############################################################################
* using log directory ‘/Users/biocbuild/bbs-3.11-bioc/meat/TAPseq.Rcheck’
* using R version 4.0.3 (2020-10-10)
* using platform: x86_64-apple-darwin17.0 (64-bit)
* using session charset: UTF-8
* using option ‘--no-vignettes’
* checking for file ‘TAPseq/DESCRIPTION’ ... OK
* checking extension type ... Package
* this is package ‘TAPseq’ version ‘1.0.0’
* package encoding: UTF-8
* checking package namespace information ... OK
* checking package dependencies ... OK
* checking if this is a source package ... OK
* checking if there is a namespace ... OK
* checking for hidden files and directories ... OK
* checking for portable file names ... OK
* checking for sufficient/correct file permissions ... OK
* checking whether package ‘TAPseq’ can be installed ... WARNING
Found the following significant warnings:
Warning: Following software required by TAPseq is not installed or not in PATH:
See ‘/Users/biocbuild/bbs-3.11-bioc/meat/TAPseq.Rcheck/00install.out’ for details.
* checking installed package size ... OK
* checking package directory ... OK
* checking ‘build’ directory ... OK
* checking DESCRIPTION meta-information ... OK
* checking top-level files ... OK
* checking for left-over files ... OK
* checking index information ... OK
* checking package subdirectories ... OK
* checking R files for non-ASCII characters ... OK
* checking R files for syntax errors ... OK
* checking whether the package can be loaded ... OK
* checking whether the package can be loaded with stated dependencies ... OK
* checking whether the package can be unloaded cleanly ... OK
* checking whether the namespace can be loaded with stated dependencies ... NOTE
Warning: Following software required by TAPseq is not installed or not in PATH:
primer3_core
makeblastdb
blastn
Please install these tools before trying to use this package!
A namespace must be able to be loaded with just the base namespace
loaded: otherwise if the namespace gets loaded by a saved object, the
session will be unable to start.
Probably some imports need to be declared in the NAMESPACE file.
* checking whether the namespace can be unloaded cleanly ... OK
* checking dependencies in R code ... OK
* checking S3 generic/method consistency ... OK
* checking replacement functions ... OK
* checking foreign function calls ... OK
* checking R code for possible problems ... OK
* checking Rd files ... OK
* checking Rd metadata ... OK
* checking Rd cross-references ... OK
* checking for missing documentation entries ... OK
* checking for code/documentation mismatches ... OK
* checking Rd \usage sections ... OK
* checking Rd contents ... OK
* checking for unstated dependencies in examples ... OK
* checking contents of ‘data’ directory ... OK
* checking data for non-ASCII characters ... OK
* checking data for ASCII and uncompressed saves ... OK
* checking R/sysdata.rda ... OK
* checking files in ‘vignettes’ ... OK
* checking examples ... OK
Examples with CPU (user + system) or elapsed time > 5s
user system elapsed
selectTargetGenes 48.375 2.433 49.665
pickPrimers 9.704 0.141 9.855
truncateTxsPolyA 9.252 0.197 9.462
TAPseqInput 7.804 0.071 7.878
exportPrimers 5.941 0.030 5.974
inferPolyASites 4.650 1.011 3.657
* checking for unstated dependencies in ‘tests’ ... OK
* checking tests ...
Running ‘testthat.R’
OK
* checking for unstated dependencies in vignettes ... OK
* checking package vignettes in ‘inst/doc’ ... OK
* checking running R code from vignettes ... SKIPPED
* checking re-building of vignette outputs ... SKIPPED
* checking PDF version of manual ... OK
* DONE
Status: 1 WARNING, 1 NOTE
See
‘/Users/biocbuild/bbs-3.11-bioc/meat/TAPseq.Rcheck/00check.log’
for details.
TAPseq.Rcheck/00install.out
############################################################################## ############################################################################## ### ### Running command: ### ### /Library/Frameworks/R.framework/Versions/Current/Resources/bin/R CMD INSTALL TAPseq ### ############################################################################## ############################################################################## * installing to library ‘/Library/Frameworks/R.framework/Versions/4.0/Resources/library’ * installing *source* package ‘TAPseq’ ... ** using staged installation ** R ** data ** inst ** byte-compile and prepare package for lazy loading ** help *** installing help indices ** building package indices ** installing vignettes ** testing if installed package can be loaded from temporary location Warning: Following software required by TAPseq is not installed or not in PATH: primer3_core makeblastdb blastn Please install these tools before trying to use this package! ** testing if installed package can be loaded from final location Warning: Following software required by TAPseq is not installed or not in PATH: primer3_core makeblastdb blastn Please install these tools before trying to use this package! ** testing if installed package keeps a record of temporary installation path * DONE (TAPseq)
TAPseq.Rcheck/tests/testthat.Rout
R version 4.0.3 (2020-10-10) -- "Bunny-Wunnies Freak Out"
Copyright (C) 2020 The R Foundation for Statistical Computing
Platform: x86_64-apple-darwin17.0 (64-bit)
R is free software and comes with ABSOLUTELY NO WARRANTY.
You are welcome to redistribute it under certain conditions.
Type 'license()' or 'licence()' for distribution details.
R is a collaborative project with many contributors.
Type 'contributors()' for more information and
'citation()' on how to cite R or R packages in publications.
Type 'demo()' for some demos, 'help()' for on-line help, or
'help.start()' for an HTML browser interface to help.
Type 'q()' to quit R.
> library(testthat)
> library(TAPseq)
TAPseq is using the following tools:
primer3_core: NA
makeblastdb: NA
blastn: NA
Warning message:
Following software required by TAPseq is not installed or not in PATH:
primer3_core
makeblastdb
blastn
Please install these tools before trying to use this package!
>
> test_check("TAPseq")
══ testthat results ═══════════════════════════════════════════════════════════
[ OK: 209 | SKIPPED: 0 | WARNINGS: 0 | FAILED: 0 ]
>
> proc.time()
user system elapsed
74.312 1.593 78.709
TAPseq.Rcheck/TAPseq-Ex.timings
| name | user | system | elapsed | |
| TAPseqInput | 7.804 | 0.071 | 7.878 | |
| TsIO-class | 0.083 | 0.004 | 0.087 | |
| TsIOList-class | 0.212 | 0.034 | 0.267 | |
| accessors | 0.693 | 0.022 | 0.715 | |
| checkPrimers | 3.570 | 0.020 | 3.595 | |
| createIORecord | 3.650 | 0.008 | 3.660 | |
| designPrimers | 0.107 | 0.004 | 0.112 | |
| estimateOffTargets | 0.000 | 0.000 | 0.001 | |
| exportPrimers | 5.941 | 0.030 | 5.974 | |
| getTxsSeq | 1.392 | 0.037 | 1.431 | |
| inferPolyASites | 4.650 | 1.011 | 3.657 | |
| parsePrimer3Output | 0.001 | 0.000 | 0.001 | |
| pickPrimers | 9.704 | 0.141 | 9.855 | |
| selectTargetGenes | 48.375 | 2.433 | 49.665 | |
| truncateTxsPolyA | 9.252 | 0.197 | 9.462 | |