| Back to Multiple platform build/check report for BioC 3.11 |
|
This page was generated on 2020-10-17 11:59:41 -0400 (Sat, 17 Oct 2020).
| TO THE DEVELOPERS/MAINTAINERS OF THE SpidermiR PACKAGE: Please make sure to use the following settings in order to reproduce any error or warning you see on this page. |
| Package 1712/1905 | Hostname | OS / Arch | INSTALL | BUILD | CHECK | BUILD BIN | ||||||
| SpidermiR 1.18.2 Claudia Cava
| malbec2 | Linux (Ubuntu 18.04.4 LTS) / x86_64 | OK | OK | WARNINGS | |||||||
| tokay2 | Windows Server 2012 R2 Standard / x64 | OK | OK | WARNINGS | NA | |||||||
| machv2 | macOS 10.14.6 Mojave / x86_64 | OK | OK | [ WARNINGS ] | OK |
| Package: SpidermiR |
| Version: 1.18.2 |
| Command: /Library/Frameworks/R.framework/Versions/Current/Resources/bin/R CMD check --install=check:SpidermiR.install-out.txt --library=/Library/Frameworks/R.framework/Versions/Current/Resources/library --no-vignettes --timings SpidermiR_1.18.2.tar.gz |
| StartedAt: 2020-10-17 05:34:04 -0400 (Sat, 17 Oct 2020) |
| EndedAt: 2020-10-17 05:41:53 -0400 (Sat, 17 Oct 2020) |
| EllapsedTime: 469.4 seconds |
| RetCode: 0 |
| Status: WARNINGS |
| CheckDir: SpidermiR.Rcheck |
| Warnings: 1 |
##############################################################################
##############################################################################
###
### Running command:
###
### /Library/Frameworks/R.framework/Versions/Current/Resources/bin/R CMD check --install=check:SpidermiR.install-out.txt --library=/Library/Frameworks/R.framework/Versions/Current/Resources/library --no-vignettes --timings SpidermiR_1.18.2.tar.gz
###
##############################################################################
##############################################################################
* using log directory ‘/Users/biocbuild/bbs-3.11-bioc/meat/SpidermiR.Rcheck’
* using R version 4.0.3 (2020-10-10)
* using platform: x86_64-apple-darwin17.0 (64-bit)
* using session charset: UTF-8
* using option ‘--no-vignettes’
* checking for file ‘SpidermiR/DESCRIPTION’ ... OK
* checking extension type ... Package
* this is package ‘SpidermiR’ version ‘1.18.2’
* checking package namespace information ... OK
* checking package dependencies ... OK
* checking if this is a source package ... OK
* checking if there is a namespace ... OK
* checking for hidden files and directories ... OK
* checking for portable file names ... OK
* checking for sufficient/correct file permissions ... OK
* checking whether package ‘SpidermiR’ can be installed ... WARNING
Found the following significant warnings:
Note: possible error in 'simpleNetwork(NetworkData, ': unused argument (textColour = "black")
See ‘/Users/biocbuild/bbs-3.11-bioc/meat/SpidermiR.Rcheck/00install.out’ for details.
Information on the location(s) of code generating the ‘Note’s can be
obtained by re-running with environment variable R_KEEP_PKG_SOURCE set
to ‘yes’.
* checking installed package size ... OK
* checking package directory ... OK
* checking ‘build’ directory ... OK
* checking DESCRIPTION meta-information ... OK
* checking top-level files ... OK
* checking for left-over files ... OK
* checking index information ... OK
* checking package subdirectories ... OK
* checking R files for non-ASCII characters ... OK
* checking R files for syntax errors ... OK
* checking whether the package can be loaded ... OK
* checking whether the package can be loaded with stated dependencies ... OK
* checking whether the package can be unloaded cleanly ... OK
* checking whether the namespace can be loaded with stated dependencies ... OK
* checking whether the namespace can be unloaded cleanly ... OK
* checking dependencies in R code ... NOTE
Namespace in Imports field not imported from: ‘TCGAbiolinks’
All declared Imports should be used.
* checking S3 generic/method consistency ... OK
* checking replacement functions ... OK
* checking foreign function calls ... OK
* checking R code for possible problems ... NOTE
.SpidermiRvisualize_gene: possible error in simpleNetwork(NetworkData,
linkColour = "gray", textColour = "black", zoom = TRUE): unused
argument (textColour = "black")
SpidermiRdownload_pharmacomir: no visible binding for global variable
‘drug_gene’
SpidermiRvisualize_plot_target: no visible binding for global variable
‘miRNAs’
SpidermiRvisualize_plot_target: no visible binding for global variable
‘mRNA_target’
Undefined global functions or variables:
drug_gene mRNA_target miRNAs
* checking Rd files ... OK
* checking Rd metadata ... OK
* checking Rd cross-references ... OK
* checking for missing documentation entries ... OK
* checking for code/documentation mismatches ... OK
* checking Rd \usage sections ... OK
* checking Rd contents ... OK
* checking for unstated dependencies in examples ... OK
* checking files in ‘vignettes’ ... OK
* checking examples ... OK
Examples with CPU (user + system) or elapsed time > 5s
user system elapsed
SpidermiRdownload_pharmacomir 12.204 0.336 25.041
SpidermiRdownload_miRNAvalidate 10.507 0.338 23.920
SpidermiRdownload_miRNAprediction 6.317 2.000 12.766
SpidermiRdownload_miRNAprediction_mmu 3.692 1.054 7.460
SpidermiRquery_disease 1.237 0.032 9.395
* checking for unstated dependencies in vignettes ... OK
* checking package vignettes in ‘inst/doc’ ... OK
* checking running R code from vignettes ... SKIPPED
* checking re-building of vignette outputs ... SKIPPED
* checking PDF version of manual ... OK
* DONE
Status: 1 WARNING, 2 NOTEs
See
‘/Users/biocbuild/bbs-3.11-bioc/meat/SpidermiR.Rcheck/00check.log’
for details.
SpidermiR.Rcheck/00install.out
############################################################################## ############################################################################## ### ### Running command: ### ### /Library/Frameworks/R.framework/Versions/Current/Resources/bin/R CMD INSTALL SpidermiR ### ############################################################################## ############################################################################## * installing to library ‘/Library/Frameworks/R.framework/Versions/4.0/Resources/library’ * installing *source* package ‘SpidermiR’ ... ** using staged installation ** R ** inst ** byte-compile and prepare package for lazy loading Note: possible error in 'simpleNetwork(NetworkData, ': unused argument (textColour = "black") ** help *** installing help indices ** building package indices ** installing vignettes ** testing if installed package can be loaded from temporary location ** testing if installed package can be loaded from final location ** testing if installed package keeps a record of temporary installation path * DONE (SpidermiR)
SpidermiR.Rcheck/SpidermiR-Ex.timings
| name | user | system | elapsed | |
| SpidermiRanalyze_Community_detection | 0.014 | 0.003 | 0.017 | |
| SpidermiRanalyze_Community_detection_bi | 0.013 | 0.002 | 0.015 | |
| SpidermiRanalyze_Community_detection_net | 0.008 | 0.001 | 0.010 | |
| SpidermiRanalyze_degree_centrality | 0.003 | 0.001 | 0.002 | |
| SpidermiRanalyze_direct_net | 0.004 | 0.001 | 0.004 | |
| SpidermiRanalyze_direct_subnetwork | 0.004 | 0.000 | 0.006 | |
| SpidermiRanalyze_subnetwork_neigh | 0.006 | 0.000 | 0.006 | |
| SpidermiRdownload_drug_gene | 1.599 | 0.054 | 2.690 | |
| SpidermiRdownload_miRNAextra_cir | 0.094 | 0.006 | 1.442 | |
| SpidermiRdownload_miRNAprediction | 6.317 | 2.000 | 12.766 | |
| SpidermiRdownload_miRNAprediction_mmu | 3.692 | 1.054 | 7.460 | |
| SpidermiRdownload_miRNAvalidate | 10.507 | 0.338 | 23.920 | |
| SpidermiRdownload_net | 0.295 | 0.015 | 1.540 | |
| SpidermiRdownload_pharmacomir | 12.204 | 0.336 | 25.041 | |
| SpidermiRprepare_NET | 0.677 | 0.035 | 2.340 | |
| SpidermiRquery_disease | 1.237 | 0.032 | 9.395 | |
| SpidermiRquery_networks_type | 0.018 | 0.002 | 0.573 | |
| SpidermiRquery_spec_networks | 0.070 | 0.000 | 0.304 | |
| SpidermiRquery_species | 0.013 | 0.000 | 0.247 | |
| SpidermiRvisualize_3Dbarplot | 0.105 | 0.001 | 0.107 | |
| SpidermiRvisualize_BI | 0.165 | 0.020 | 0.188 | |
| SpidermiRvisualize_adj_matrix | 0.086 | 0.005 | 0.090 | |
| SpidermiRvisualize_degree_dist | 0.010 | 0.002 | 0.011 | |
| SpidermiRvisualize_direction | 0.044 | 0.020 | 0.065 | |
| SpidermiRvisualize_mirnanet | 0.036 | 0.007 | 0.044 | |
| SpidermiRvisualize_plot_target | 0.241 | 0.011 | 0.252 | |