| Back to Multiple platform build/check report for BioC 3.11 |
|
This page was generated on 2020-01-16 13:38:55 -0500 (Thu, 16 Jan 2020).
| Package 1403/1818 | Hostname | OS / Arch | INSTALL | BUILD | CHECK | BUILD BIN | ||||||
Paul Shannon
| malbec2 | Linux (Ubuntu 18.04.3 LTS) / x86_64 | OK | ERROR | skipped | |||||||
| tokay2 | Windows Server 2012 R2 Standard / x64 | OK | OK | ERROR | OK | |||||||
| celaya2 | OS X 10.11.6 El Capitan / x86_64 | OK | OK | [ WARNINGS ] | OK |
| Package: RefNet |
| Version: 1.23.1 |
| Command: /Library/Frameworks/R.framework/Versions/Current/Resources/bin/R CMD check --install=check:RefNet.install-out.txt --library=/Library/Frameworks/R.framework/Versions/Current/Resources/library --no-vignettes --timings RefNet_1.23.1.tar.gz |
| StartedAt: 2020-01-16 08:05:04 -0500 (Thu, 16 Jan 2020) |
| EndedAt: 2020-01-16 08:12:11 -0500 (Thu, 16 Jan 2020) |
| EllapsedTime: 426.5 seconds |
| RetCode: 0 |
| Status: WARNINGS |
| CheckDir: RefNet.Rcheck |
| Warnings: 1 |
##############################################################################
##############################################################################
###
### Running command:
###
### /Library/Frameworks/R.framework/Versions/Current/Resources/bin/R CMD check --install=check:RefNet.install-out.txt --library=/Library/Frameworks/R.framework/Versions/Current/Resources/library --no-vignettes --timings RefNet_1.23.1.tar.gz
###
##############################################################################
##############################################################################
* using log directory ‘/Users/biocbuild/bbs-3.11-bioc/meat/RefNet.Rcheck’
* using R Under development (unstable) (2019-12-14 r77572)
* using platform: x86_64-apple-darwin15.6.0 (64-bit)
* using session charset: UTF-8
* using option ‘--no-vignettes’
* checking for file ‘RefNet/DESCRIPTION’ ... OK
* checking extension type ... Package
* this is package ‘RefNet’ version ‘1.23.1’
* checking package namespace information ... OK
* checking package dependencies ... OK
* checking if this is a source package ... OK
* checking if there is a namespace ... OK
* checking for hidden files and directories ... OK
* checking for portable file names ... OK
* checking for sufficient/correct file permissions ... OK
* checking whether package ‘RefNet’ can be installed ... WARNING
Found the following significant warnings:
Warning: Package 'RefNet' is deprecated and will be removed from Bioconductor
See ‘/Users/biocbuild/bbs-3.11-bioc/meat/RefNet.Rcheck/00install.out’ for details.
* checking installed package size ... OK
* checking package directory ... OK
* checking ‘build’ directory ... OK
* checking DESCRIPTION meta-information ... OK
* checking top-level files ... OK
* checking for left-over files ... OK
* checking index information ... OK
* checking package subdirectories ... OK
* checking R files for non-ASCII characters ... OK
* checking R files for syntax errors ... OK
* checking whether the package can be loaded ... OK
* checking whether the package can be loaded with stated dependencies ... OK
* checking whether the package can be unloaded cleanly ... OK
* checking whether the namespace can be loaded with stated dependencies ... OK
* checking whether the namespace can be unloaded cleanly ... OK
* checking dependencies in R code ... OK
* checking S3 generic/method consistency ... OK
* checking replacement functions ... OK
* checking foreign function calls ... OK
* checking R code for possible problems ... OK
* checking Rd files ... OK
* checking Rd metadata ... OK
* checking Rd cross-references ... OK
* checking for missing documentation entries ... OK
* checking for code/documentation mismatches ... OK
* checking Rd \usage sections ... OK
* checking Rd contents ... OK
* checking for unstated dependencies in examples ... OK
* checking sizes of PDF files under ‘inst/doc’ ... OK
* checking files in ‘vignettes’ ... OK
* checking examples ... OK
Examples with CPU (user + system) or elapsed time > 5s
user system elapsed
RefNet-class 37.835 2.525 43.979
providerClasses 35.692 2.019 39.577
providers 35.488 2.129 39.701
interactions 34.706 1.993 39.016
* checking for unstated dependencies in ‘tests’ ... OK
* checking tests ...
Running ‘runTests.R’
OK
* checking for unstated dependencies in vignettes ... OK
* checking package vignettes in ‘inst/doc’ ... OK
* checking running R code from vignettes ... SKIPPED
* checking re-building of vignette outputs ... SKIPPED
* checking PDF version of manual ... OK
* DONE
Status: 1 WARNING
See
‘/Users/biocbuild/bbs-3.11-bioc/meat/RefNet.Rcheck/00check.log’
for details.
RefNet.Rcheck/00install.out
############################################################################## ############################################################################## ### ### Running command: ### ### /Library/Frameworks/R.framework/Versions/Current/Resources/bin/R CMD INSTALL RefNet ### ############################################################################## ############################################################################## * installing to library ‘/Library/Frameworks/R.framework/Versions/4.0/Resources/library’ * installing *source* package ‘RefNet’ ... ** using staged installation ** R ** inst ** byte-compile and prepare package for lazy loading Warning message: replacing previous import ‘IRanges::desc’ by ‘plyr::desc’ when loading ‘PSICQUIC’ ** help *** installing help indices ** building package indices ** installing vignettes ** testing if installed package can be loaded from temporary location Warning: replacing previous import ‘IRanges::desc’ by ‘plyr::desc’ when loading ‘PSICQUIC’ Warning: Package 'RefNet' is deprecated and will be removed from Bioconductor version 3.12 ** testing if installed package can be loaded from final location Warning: replacing previous import ‘IRanges::desc’ by ‘plyr::desc’ when loading ‘PSICQUIC’ Warning: Package 'RefNet' is deprecated and will be removed from Bioconductor version 3.12 ** testing if installed package keeps a record of temporary installation path * DONE (RefNet)
RefNet.Rcheck/tests/runTests.Rout
R Under development (unstable) (2019-12-14 r77572) -- "Unsuffered Consequences"
Copyright (C) 2019 The R Foundation for Statistical Computing
Platform: x86_64-apple-darwin15.6.0 (64-bit)
R is free software and comes with ABSOLUTELY NO WARRANTY.
You are welcome to redistribute it under certain conditions.
Type 'license()' or 'licence()' for distribution details.
R is a collaborative project with many contributors.
Type 'contributors()' for more information and
'citation()' on how to cite R or R packages in publications.
Type 'demo()' for some demos, 'help()' for on-line help, or
'help.start()' for an HTML browser interface to help.
Type 'q()' to quit R.
> require(RefNet) || stop("unable to load RefNet package")
Loading required package: RefNet
Loading required package: IRanges
Loading required package: BiocGenerics
Loading required package: parallel
Attaching package: 'BiocGenerics'
The following objects are masked from 'package:parallel':
clusterApply, clusterApplyLB, clusterCall, clusterEvalQ,
clusterExport, clusterMap, parApply, parCapply, parLapply,
parLapplyLB, parRapply, parSapply, parSapplyLB
The following objects are masked from 'package:stats':
IQR, mad, sd, var, xtabs
The following objects are masked from 'package:base':
Filter, Find, Map, Position, Reduce, anyDuplicated, append,
as.data.frame, basename, cbind, colnames, dirname, do.call,
duplicated, eval, evalq, get, grep, grepl, intersect, is.unsorted,
lapply, mapply, match, mget, order, paste, pmax, pmax.int, pmin,
pmin.int, rank, rbind, rownames, sapply, setdiff, sort, table,
tapply, union, unique, unsplit, which, which.max, which.min
Loading required package: S4Vectors
Loading required package: stats4
Attaching package: 'S4Vectors'
The following object is masked from 'package:base':
expand.grid
Loading required package: PSICQUIC
Loading required package: biomaRt
Loading required package: httr
Loading required package: plyr
Attaching package: 'plyr'
The following object is masked from 'package:IRanges':
desc
The following object is masked from 'package:S4Vectors':
rename
Loading required package: AnnotationHub
Loading required package: BiocFileCache
Loading required package: dbplyr
Loading required package: RCurl
Loading required package: bitops
Loading required package: shiny
[1] TRUE
Warning messages:
1: replacing previous import 'IRanges::desc' by 'plyr::desc' when loading 'PSICQUIC'
2: Package 'RefNet' is deprecated and will be removed from Bioconductor
version 3.12
> BiocGenerics:::testPackage('RefNet')
Loading required package: AnnotationDbi
Loading required package: Biobase
Welcome to Bioconductor
Vignettes contain introductory material; view with
'browseVignettes()'. To cite Bioconductor, see
'citation("Biobase")', and for packages 'citation("pkgname")'.
Attaching package: 'Biobase'
The following object is masked from 'package:AnnotationHub':
cache
The following object is masked from 'package:httr':
content
[1] initializing PSICQUIC...
[1] initializing RefNet from AnnotationHub...
snapshotDate(): 2020-01-09
loading from cache
loading from cache
loading from cache
loading from cache
loading from cache
loading from cache
loading from cache
loading from cache
[1] RefNet ready.
checking for biomart access...
does 'http://www.ensembl.org' respond?
creating ensembl mart
hsapiens_gene_ensembl dataset provided?
connecting to biomart...
[1] "--- test_.combinations"
[1] "--- test_.filterOnColumnValue"
[1] "--- test_.findHits"
[1] "--- test_.smartRbind"
[1] "--- test_ctor"
[1] initializing PSICQUIC...
[1] initializing RefNet from AnnotationHub...
snapshotDate(): 2020-01-09
loading from cache
loading from cache
loading from cache
loading from cache
loading from cache
loading from cache
loading from cache
loading from cache
[1] RefNet ready.
[1] "--- test_detectDuplicateInteractions"
[1] "--- test_interactions"
[1] "--- test_pickBestFromDupGroup"
[1] "--- test_providerMix_PSICQUIC_and_native"
[1] "--- test_pubmedAbstract"
[1] "--- test_recon2Interactions"
RUNIT TEST PROTOCOL -- Thu Jan 16 08:12:03 2020
***********************************************
Number of test functions: 11
Number of errors: 0
Number of failures: 0
1 Test Suite :
RefNet RUnit Tests - 11 test functions, 0 errors, 0 failures
Number of test functions: 11
Number of errors: 0
Number of failures: 0
>
> proc.time()
user system elapsed
80.849 5.339 102.456
RefNet.Rcheck/RefNet-Ex.timings
| name | user | system | elapsed | |
| RefNet-class | 37.835 | 2.525 | 43.979 | |
| detectDuplicateInteractions | 0.034 | 0.001 | 0.038 | |
| interactions | 34.706 | 1.993 | 39.016 | |
| pickBestFromDupGroup | 0.025 | 0.002 | 0.027 | |
| providerClasses | 35.692 | 2.019 | 39.577 | |
| providers | 35.488 | 2.129 | 39.701 | |
| pubmedAbstract | 0.016 | 0.003 | 1.118 | |