| Back to Multiple platform build/check report for BioC 3.11 | 
 | 
This page was generated on 2020-10-17 11:55:24 -0400 (Sat, 17 Oct 2020).
| TO THE DEVELOPERS/MAINTAINERS OF THE PrecisionTrialDrawer PACKAGE: Please make sure to use the following settings in order to reproduce any error or warning you see on this page. | 
| Package 1344/1905 | Hostname | OS / Arch | INSTALL | BUILD | CHECK | BUILD BIN | ||||||
| PrecisionTrialDrawer 1.4.0 Giorgio Melloni 
 | malbec2 | Linux (Ubuntu 18.04.4 LTS) / x86_64 | OK | [ ERROR ] | skipped | |||||||
| tokay2 | Windows Server 2012 R2 Standard / x64 | OK | OK | OK | OK |  | ||||||
| machv2 | macOS 10.14.6 Mojave / x86_64 | OK | OK | OK | OK |  | 
| Package: PrecisionTrialDrawer | 
| Version: 1.4.0 | 
| Command: /home/biocbuild/bbs-3.11-bioc/R/bin/R CMD build --keep-empty-dirs --no-resave-data PrecisionTrialDrawer | 
| StartedAt: 2020-10-16 21:02:59 -0400 (Fri, 16 Oct 2020) | 
| EndedAt: 2020-10-16 21:04:48 -0400 (Fri, 16 Oct 2020) | 
| EllapsedTime: 109.5 seconds | 
| RetCode: 1 | 
| Status: ERROR | 
| PackageFile: None | 
| PackageFileSize: NA | 
############################################################################## ############################################################################## ### ### Running command: ### ### /home/biocbuild/bbs-3.11-bioc/R/bin/R CMD build --keep-empty-dirs --no-resave-data PrecisionTrialDrawer ### ############################################################################## ############################################################################## * checking for file ‘PrecisionTrialDrawer/DESCRIPTION’ ... OK * preparing ‘PrecisionTrialDrawer’: * checking DESCRIPTION meta-information ... OK * installing the package to build vignettes * creating vignettes ... ERROR --- re-building ‘PrecisionTrialDrawer.Rmd’ using rmarkdown Creating a generic function for 'toJSON' from package 'jsonlite' in package 'googleVis' Quitting from lines 307-315 (PrecisionTrialDrawer.Rmd) Error: processing vignette 'PrecisionTrialDrawer.Rmd' failed with diagnostics: Empty reply from server --- failed re-building ‘PrecisionTrialDrawer.Rmd’ SUMMARY: processing the following file failed: ‘PrecisionTrialDrawer.Rmd’ Error: Vignette re-building failed. Execution halted