| Back to Multiple platform build/check report for BioC 3.11 |
|
This page was generated on 2020-10-17 11:58:59 -0400 (Sat, 17 Oct 2020).
| TO THE DEVELOPERS/MAINTAINERS OF THE MoPS PACKAGE: Please make sure to use the following settings in order to reproduce any error or warning you see on this page. |
| Package 1121/1905 | Hostname | OS / Arch | INSTALL | BUILD | CHECK | BUILD BIN | ||||||
Philipp Eser
| malbec2 | Linux (Ubuntu 18.04.4 LTS) / x86_64 | OK | ERROR | skipped | |||||||
| tokay2 | Windows Server 2012 R2 Standard / x64 | OK | ERROR | skipped | skipped | |||||||
| machv2 | macOS 10.14.6 Mojave / x86_64 | OK | [ ERROR ] | skipped | skipped |
| Package: MoPS |
| Version: 1.22.0 |
| Command: /Library/Frameworks/R.framework/Versions/Current/Resources/bin/R CMD build --keep-empty-dirs --no-resave-data MoPS |
| StartedAt: 2020-10-16 20:05:08 -0400 (Fri, 16 Oct 2020) |
| EndedAt: 2020-10-16 20:08:04 -0400 (Fri, 16 Oct 2020) |
| EllapsedTime: 175.9 seconds |
| RetCode: 1 |
| Status: ERROR |
| PackageFile: None |
| PackageFileSize: NA |
##############################################################################
##############################################################################
###
### Running command:
###
### /Library/Frameworks/R.framework/Versions/Current/Resources/bin/R CMD build --keep-empty-dirs --no-resave-data MoPS
###
##############################################################################
##############################################################################
* checking for file ‘MoPS/DESCRIPTION’ ... OK
* preparing ‘MoPS’:
* checking DESCRIPTION meta-information ... OK
* installing the package to build vignettes
* creating vignettes ... ERROR
--- re-building ‘MoPS.Rnw’ using Sweave
Warning: Package 'MoPS' is deprecated and will be removed from Bioconductor
version 3.12
1275 linear regressions will be performed. This will take < 5 minutes.
Creating test functions ....
0 %
10 %
20 %
30 %
40 %
50 %
60 %
70 %
80 %
90 %
100 %
Fitting of test functions to data ....
0 %
100 %
Warning in cor(vec, testfmatrix[[j]], use = "pairwise.complete.obs") :
the standard deviation is zero
Warning in if (class(mat) == "ExpressionSet") { :
the condition has length > 1 and only the first element will be used
8610 linear regressions will be performed. This will take < 5 minutes.
Creating test functions ....
0 %
10 %
20 %
30 %
40 %
50 %
60 %
70 %
80 %
90 %
100 %
Fitting of test functions to data ....
0 %
10 %
Warning in cor(vec, testfmatrix[[j]], use = "pairwise.complete.obs") :
the standard deviation is zero
20 %
Warning in cor(vec, testfmatrix[[j]], use = "pairwise.complete.obs") :
the standard deviation is zero
30 %
Warning in cor(vec, testfmatrix[[j]], use = "pairwise.complete.obs") :
the standard deviation is zero
40 %
Warning in cor(vec, testfmatrix[[j]], use = "pairwise.complete.obs") :
the standard deviation is zero
50 %
Warning in cor(vec, testfmatrix[[j]], use = "pairwise.complete.obs") :
the standard deviation is zero
60 %
Warning in cor(vec, testfmatrix[[j]], use = "pairwise.complete.obs") :
the standard deviation is zero
70 %
Warning in cor(vec, testfmatrix[[j]], use = "pairwise.complete.obs") :
the standard deviation is zero
80 %
Warning in cor(vec, testfmatrix[[j]], use = "pairwise.complete.obs") :
the standard deviation is zero
90 %
Warning in cor(vec, testfmatrix[[j]], use = "pairwise.complete.obs") :
the standard deviation is zero
100 %
Warning in cor(vec, testfmatrix[[j]], use = "pairwise.complete.obs") :
the standard deviation is zero
Warning in if (class(mat) == "ExpressionSet") { :
the condition has length > 1 and only the first element will be used
108000 linear regressions will be performed. This will take < 5 minutes.
Creating test functions ....
0 %
10 %
20 %
30 %
40 %
50 %
60 %
70 %
80 %
90 %
100 %
Fitting of test functions to data ....
0 %
10 %
20 %
30 %
40 %
50 %
60 %
70 %
80 %
90 %
100 %
Error: processing vignette 'MoPS.Rnw' failed with diagnostics:
chunk 18
Error in ccycle[periodic.ids, ] : subscript out of bounds
--- failed re-building ‘MoPS.Rnw’
SUMMARY: processing the following file failed:
‘MoPS.Rnw’
Error: Vignette re-building failed.
Execution halted