| Back to Multiple platform build/check report for BioC 3.11 |
|
This page was generated on 2020-10-17 11:54:49 -0400 (Sat, 17 Oct 2020).
| TO THE DEVELOPERS/MAINTAINERS OF THE GeneAnswers PACKAGE: Please make sure to use the following settings in order to reproduce any error or warning you see on this page. |
| Package 674/1905 | Hostname | OS / Arch | INSTALL | BUILD | CHECK | BUILD BIN | ||||||
| GeneAnswers 2.30.0 Lei Huang
| malbec2 | Linux (Ubuntu 18.04.4 LTS) / x86_64 | OK | OK | [ WARNINGS ] | |||||||
| tokay2 | Windows Server 2012 R2 Standard / x64 | OK | OK | WARNINGS | OK | |||||||
| machv2 | macOS 10.14.6 Mojave / x86_64 | OK | OK | WARNINGS | OK |
| Package: GeneAnswers |
| Version: 2.30.0 |
| Command: /home/biocbuild/bbs-3.11-bioc/R/bin/R CMD check --install=check:GeneAnswers.install-out.txt --library=/home/biocbuild/bbs-3.11-bioc/R/library --no-vignettes --timings GeneAnswers_2.30.0.tar.gz |
| StartedAt: 2020-10-17 01:34:18 -0400 (Sat, 17 Oct 2020) |
| EndedAt: 2020-10-17 01:45:20 -0400 (Sat, 17 Oct 2020) |
| EllapsedTime: 661.9 seconds |
| RetCode: 0 |
| Status: WARNINGS |
| CheckDir: GeneAnswers.Rcheck |
| Warnings: 1 |
##############################################################################
##############################################################################
###
### Running command:
###
### /home/biocbuild/bbs-3.11-bioc/R/bin/R CMD check --install=check:GeneAnswers.install-out.txt --library=/home/biocbuild/bbs-3.11-bioc/R/library --no-vignettes --timings GeneAnswers_2.30.0.tar.gz
###
##############################################################################
##############################################################################
* using log directory ‘/home/biocbuild/bbs-3.11-bioc/meat/GeneAnswers.Rcheck’
* using R version 4.0.3 (2020-10-10)
* using platform: x86_64-pc-linux-gnu (64-bit)
* using session charset: UTF-8
* using option ‘--no-vignettes’
* checking for file ‘GeneAnswers/DESCRIPTION’ ... OK
* checking extension type ... Package
* this is package ‘GeneAnswers’ version ‘2.30.0’
* checking package namespace information ... OK
* checking package dependencies ... NOTE
Depends: includes the non-default packages:
'igraph', 'RCurl', 'annotate', 'Biobase', 'XML', 'RSQLite', 'MASS',
'Heatplus', 'RColorBrewer'
Adding so many packages to the search path is excessive and importing
selectively is preferable.
* checking if this is a source package ... OK
* checking if there is a namespace ... OK
* checking for hidden files and directories ... OK
* checking for portable file names ... OK
* checking for sufficient/correct file permissions ... OK
* checking whether package ‘GeneAnswers’ can be installed ... WARNING
Found the following significant warnings:
Warning: replacing previous import ‘stats::decompose’ by ‘igraph::decompose’ when loading ‘GeneAnswers’
Warning: replacing previous import ‘stats::spectrum’ by ‘igraph::spectrum’ when loading ‘GeneAnswers’
See ‘/home/biocbuild/bbs-3.11-bioc/meat/GeneAnswers.Rcheck/00install.out’ for details.
* checking installed package size ... NOTE
installed size is 34.2Mb
sub-directories of 1Mb or more:
External 32.4Mb
data 1.0Mb
* checking package directory ... OK
* checking ‘build’ directory ... OK
* checking DESCRIPTION meta-information ... NOTE
Package listed in more than one of Depends, Imports, Suggests, Enhances:
‘annotate’
A package should be listed in only one of these fields.
* checking top-level files ... OK
* checking for left-over files ... OK
* checking index information ... OK
* checking package subdirectories ... OK
* checking R files for non-ASCII characters ... OK
* checking R files for syntax errors ... OK
* checking whether the package can be loaded ... OK
* checking whether the package can be loaded with stated dependencies ... OK
* checking whether the package can be unloaded cleanly ... OK
* checking whether the namespace can be loaded with stated dependencies ... OK
* checking whether the namespace can be unloaded cleanly ... OK
* checking dependencies in R code ... NOTE
'library' or 'require' calls to packages already attached by Depends:
‘Biobase’ ‘Heatplus’ ‘MASS’ ‘RColorBrewer’ ‘XML’ ‘igraph’
Please remove these calls from your code.
'library' or 'require' calls in package code:
‘GO.db’ ‘KEGG.db’ ‘biomaRt’ ‘reactome.db’
Please use :: or requireNamespace() instead.
See section 'Suggested packages' in the 'Writing R Extensions' manual.
* checking S3 generic/method consistency ... OK
* checking replacement functions ... OK
* checking foreign function calls ... OK
* checking R code for possible problems ... NOTE
File ‘GeneAnswers/R/zzz.R’:
.onLoad calls:
require(Biobase)
Package startup functions should not change the search path.
See section ‘Good practice’ in '?.onAttach'.
.catsCluster: no visible global function definition for ‘par’
.defaultHeatmapColors: no visible global function definition for ‘rgb’
.drawHTMLtable: no visible global function definition for
‘colorRampPalette’
.drawTable: no visible global function definition for ‘par’
.drawTable: no visible global function definition for ‘image’
.drawTable: no visible global function definition for ‘abline’
.drawTable: no visible global function definition for ‘axis’
.drawTable: no visible global function definition for ‘points’
.heatmap.mds: no visible global function definition for
‘colorRampPalette’
.heatmap.mds: no visible global function definition for ‘layout’
.heatmap.mds: no visible global function definition for ‘par’
.heatmap.mds: no visible global function definition for ‘image’
.heatmap.mds: no visible global function definition for ‘axis’
.heatmap.mds: no visible global function definition for ‘box’
buildNet: no visible global function definition for ‘colorRampPalette’
chartPlots: no visible global function definition for ‘x11’
chartPlots: no visible global function definition for ‘pie’
chartPlots: no visible global function definition for ‘rainbow’
chartPlots: no visible global function definition for ‘barplot’
drawTable: no visible global function definition for ‘colorRampPalette’
drawTable: no visible global function definition for ‘x11’
drawTable: no visible global function definition for ‘par’
drawTable: no visible global function definition for ‘image’
drawTable: no visible global function definition for ‘abline’
drawTable: no visible global function definition for ‘axis’
drawTable: no visible global function definition for ‘text’
drawTable: no visible global function definition for ‘box’
drawTable: no visible global function definition for ‘dev.set’
drawTable: no visible global function definition for ‘dev.prev’
geneAnnotationHeatmap: no visible global function definition for
‘colorRampPalette’
geneAnnotationHeatmap: no visible global function definition for
‘layout’
geneConceptNet: no visible global function definition for
‘colorRampPalette’
getHomoGeneIDs: no visible global function definition for ‘useMart’
getHomoGeneIDs: no visible global function definition for ‘getLDS’
getTotalGeneNumber: no visible global function definition for
‘count.mappedkeys’
getTotalGeneNumber: no visible global function definition for ‘toTable’
getTotalGeneNumber: no visible binding for global variable
‘reactomePATHNAME2ID’
groupReport: no visible global function definition for ‘png’
groupReport: no visible global function definition for ‘dev.off’
groupReport: no visible global function definition for ‘rgb’
groupReport: no visible global function definition for ‘col2rgb’
Undefined global functions or variables:
abline axis barplot box col2rgb colorRampPalette count.mappedkeys
dev.off dev.prev dev.set getLDS image layout par pie png points
rainbow reactomePATHNAME2ID rgb text toTable useMart x11
Consider adding
importFrom("grDevices", "col2rgb", "colorRampPalette", "dev.off",
"dev.prev", "dev.set", "png", "rainbow", "rgb", "x11")
importFrom("graphics", "abline", "axis", "barplot", "box", "image",
"layout", "par", "pie", "points", "text")
to your NAMESPACE file.
* checking Rd files ... OK
* checking Rd metadata ... OK
* checking Rd cross-references ... OK
* checking for missing documentation entries ... OK
* checking for code/documentation mismatches ... OK
* checking Rd \usage sections ... OK
* checking Rd contents ... OK
* checking for unstated dependencies in examples ... OK
* checking contents of ‘data’ directory ... OK
* checking data for non-ASCII characters ... OK
* checking data for ASCII and uncompressed saves ... OK
* checking files in ‘vignettes’ ... OK
* checking examples ... OK
Examples with CPU (user + system) or elapsed time > 5s
user system elapsed
geneAnswersReadable 63.153 0.132 63.296
geneAnswersConceptRelation 38.040 0.072 38.127
geneAnswersConceptNet 36.921 0.004 36.935
GeneAnswers-class 34.357 0.772 36.196
getConnectedGraph 34.697 0.064 34.767
geneAnswersHomoMapping 34.597 0.056 34.653
GeneAnswers-package 34.293 0.004 34.299
buildNet 33.920 0.000 33.938
geneAnswersConcepts 33.305 0.148 33.461
geneAnswersBuilder 33.029 0.072 33.101
geneAnswersChartPlots 32.912 0.004 32.917
getMultiLayerGraphIDs 32.709 0.120 32.829
geneAnswersHeatmap 32.149 0.012 32.161
geneAnswersSort 30.844 0.104 30.948
getGOList 17.597 0.268 20.112
* checking for unstated dependencies in vignettes ... OK
* checking package vignettes in ‘inst/doc’ ... OK
* checking running R code from vignettes ... SKIPPED
* checking re-building of vignette outputs ... SKIPPED
* checking PDF version of manual ... OK
* DONE
Status: 1 WARNING, 5 NOTEs
See
‘/home/biocbuild/bbs-3.11-bioc/meat/GeneAnswers.Rcheck/00check.log’
for details.
GeneAnswers.Rcheck/00install.out
############################################################################## ############################################################################## ### ### Running command: ### ### /home/biocbuild/bbs-3.11-bioc/R/bin/R CMD INSTALL GeneAnswers ### ############################################################################## ############################################################################## * installing to library ‘/home/biocbuild/bbs-3.11-bioc/R/library’ * installing *source* package ‘GeneAnswers’ ... ** using staged installation ** R ** data ** inst ** byte-compile and prepare package for lazy loading Warning: replacing previous import ‘stats::decompose’ by ‘igraph::decompose’ when loading ‘GeneAnswers’ Warning: replacing previous import ‘stats::spectrum’ by ‘igraph::spectrum’ when loading ‘GeneAnswers’ ** help *** installing help indices ** building package indices ** installing vignettes ** testing if installed package can be loaded from temporary location Warning: replacing previous import ‘stats::decompose’ by ‘igraph::decompose’ when loading ‘GeneAnswers’ Warning: replacing previous import ‘stats::spectrum’ by ‘igraph::spectrum’ when loading ‘GeneAnswers’ ** testing if installed package can be loaded from final location Warning: replacing previous import ‘stats::decompose’ by ‘igraph::decompose’ when loading ‘GeneAnswers’ Warning: replacing previous import ‘stats::spectrum’ by ‘igraph::spectrum’ when loading ‘GeneAnswers’ ** testing if installed package keeps a record of temporary installation path * DONE (GeneAnswers)
GeneAnswers.Rcheck/GeneAnswers-Ex.timings
| name | user | system | elapsed | |
| DO | 0.343 | 0.004 | 0.347 | |
| DOLite | 0.025 | 0.000 | 0.025 | |
| DOLiteTerm | 0.002 | 0.000 | 0.002 | |
| DmIALite | 0.053 | 0.004 | 0.057 | |
| GeneAnswers-class | 34.357 | 0.772 | 36.196 | |
| GeneAnswers-package | 34.293 | 0.004 | 34.299 | |
| HsIALite | 0.217 | 0.000 | 0.217 | |
| MmIALite | 0.011 | 0.000 | 0.011 | |
| RnIALite | 0.006 | 0.000 | 0.006 | |
| buildNet | 33.920 | 0.000 | 33.938 | |
| caBIO.PATHGenes | 0 | 0 | 0 | |
| caBIO2entrez | 0 | 0 | 0 | |
| categoryNet | 0 | 0 | 0 | |
| chartPlots | 0.080 | 0.004 | 0.105 | |
| drawTable | 0.675 | 0.008 | 0.729 | |
| entrez2caBIO | 0.001 | 0.000 | 0.000 | |
| geneAnnotationHeatmap | 0.001 | 0.000 | 0.001 | |
| geneAnswersBuilder | 33.029 | 0.072 | 33.101 | |
| geneAnswersChartPlots | 32.912 | 0.004 | 32.917 | |
| geneAnswersConceptNet | 36.921 | 0.004 | 36.935 | |
| geneAnswersConceptRelation | 38.040 | 0.072 | 38.127 | |
| geneAnswersConcepts | 33.305 | 0.148 | 33.461 | |
| geneAnswersHeatmap | 32.149 | 0.012 | 32.161 | |
| geneAnswersHomoMapping | 34.597 | 0.056 | 34.653 | |
| geneAnswersReadable | 63.153 | 0.132 | 63.296 | |
| geneAnswersSort | 30.844 | 0.104 | 30.948 | |
| geneConceptNet | 0 | 0 | 0 | |
| getCategoryList | 0.143 | 0.000 | 0.174 | |
| getCategoryTerms | 0.035 | 0.000 | 0.051 | |
| getConceptTable | 0.547 | 0.004 | 0.550 | |
| getConnectedGraph | 34.697 | 0.064 | 34.767 | |
| getDOLiteTerms | 0.004 | 0.000 | 0.004 | |
| getGOList | 17.597 | 0.268 | 20.112 | |
| getHomoGeneIDs | 0.180 | 0.000 | 0.179 | |
| getListGIF | 0 | 0 | 0 | |
| getMultiLayerGraphIDs | 32.709 | 0.120 | 32.829 | |
| getNextGOIDs | 0.065 | 0.000 | 0.066 | |
| getPATHList | 0.034 | 0.000 | 0.035 | |
| getPATHTerms | 0.028 | 0.000 | 0.027 | |
| getREACTOMEPATHList | 0 | 0 | 0 | |
| getREACTOMEPATHTerms | 0.000 | 0.000 | 0.001 | |
| getSingleLayerGraphIDs | 0.002 | 0.000 | 0.003 | |
| getSymbols | 0.034 | 0.000 | 0.034 | |
| getTotalGeneNumber | 0.322 | 0.000 | 0.334 | |
| getcaBIOPATHList | 0 | 0 | 0 | |
| getcaBIOPATHTerms | 0 | 0 | 0 | |
| groupReport | 0.516 | 0.000 | 0.516 | |
| humanExpr | 0.004 | 0.000 | 0.004 | |
| humanGeneInput | 0.003 | 0.000 | 0.003 | |
| mouseExpr | 0.003 | 0.000 | 0.004 | |
| mouseGeneInput | 0.002 | 0.000 | 0.003 | |
| sampleGroupsData | 0.052 | 0.012 | 0.065 | |
| searchEntrez | 0 | 0 | 0 | |
| topCategory | 0 | 0 | 0 | |
| topCategoryGenes | 0 | 0 | 0 | |
| topDOLITE | 0 | 0 | 0 | |
| topDOLITEGenes | 0.000 | 0.000 | 0.001 | |
| topGO | 0 | 0 | 0 | |
| topGOGenes | 0 | 0 | 0 | |
| topPATH | 0 | 0 | 0 | |
| topPATHGenes | 0 | 0 | 0 | |
| topREACTOME.PATH | 0.000 | 0.000 | 0.001 | |
| topREACTOME.PATHGenes | 0 | 0 | 0 | |
| topcaBIO.PATH | 0 | 0 | 0 | |