| Back to Multiple platform build/check report for BioC 3.11 | 
  | 
This page was generated on 2020-10-17 11:58:44 -0400 (Sat, 17 Oct 2020).
| TO THE DEVELOPERS/MAINTAINERS OF THE InterMineR PACKAGE: Please make sure to use the following settings in order to reproduce any error or warning you see on this page. | 
| Package 886/1905 | Hostname | OS / Arch | INSTALL | BUILD | CHECK | BUILD BIN | ||||||
| InterMineR 1.10.0 InterMine Team 
  | malbec2 | Linux (Ubuntu 18.04.4 LTS) / x86_64 | OK | OK | WARNINGS | |||||||
| tokay2 | Windows Server 2012 R2 Standard / x64 | OK | OK | WARNINGS | OK | |||||||
| machv2 | macOS 10.14.6 Mojave / x86_64 | OK | OK | [ WARNINGS ] | OK | 
| Package: InterMineR | 
| Version: 1.10.0 | 
| Command: /Library/Frameworks/R.framework/Versions/Current/Resources/bin/R CMD check --install=check:InterMineR.install-out.txt --library=/Library/Frameworks/R.framework/Versions/Current/Resources/library --no-vignettes --timings InterMineR_1.10.0.tar.gz | 
| StartedAt: 2020-10-17 02:14:39 -0400 (Sat, 17 Oct 2020) | 
| EndedAt: 2020-10-17 02:20:21 -0400 (Sat, 17 Oct 2020) | 
| EllapsedTime: 341.2 seconds | 
| RetCode: 0 | 
| Status: WARNINGS | 
| CheckDir: InterMineR.Rcheck | 
| Warnings: 1 | 
##############################################################################
##############################################################################
###
### Running command:
###
###   /Library/Frameworks/R.framework/Versions/Current/Resources/bin/R CMD check --install=check:InterMineR.install-out.txt --library=/Library/Frameworks/R.framework/Versions/Current/Resources/library --no-vignettes --timings InterMineR_1.10.0.tar.gz
###
##############################################################################
##############################################################################
* using log directory ‘/Users/biocbuild/bbs-3.11-bioc/meat/InterMineR.Rcheck’
* using R version 4.0.3 (2020-10-10)
* using platform: x86_64-apple-darwin17.0 (64-bit)
* using session charset: UTF-8
* using option ‘--no-vignettes’
* checking for file ‘InterMineR/DESCRIPTION’ ... OK
* this is package ‘InterMineR’ version ‘1.10.0’
* checking package namespace information ... OK
* checking package dependencies ... OK
* checking if this is a source package ... OK
* checking if there is a namespace ... OK
* checking for hidden files and directories ... NOTE
Found the following hidden files and directories:
  .travis.yml
These were most likely included in error. See section ‘Package
structure’ in the ‘Writing R Extensions’ manual.
* checking for portable file names ... OK
* checking for sufficient/correct file permissions ... OK
* checking whether package ‘InterMineR’ can be installed ... OK
* checking installed package size ... OK
* checking package directory ... OK
* checking ‘build’ directory ... OK
* checking DESCRIPTION meta-information ... OK
* checking top-level files ... NOTE
File
  LICENSE
is not mentioned in the DESCRIPTION file.
* checking for left-over files ... OK
* checking index information ... OK
* checking package subdirectories ... WARNING
Invalid citation information in ‘inst/CITATION’:
  Error in tools:::.parse_CITATION_file(file, meta$Encoding): non-ASCII input in a CITATION file without a declared encoding
* checking R files for non-ASCII characters ... OK
* checking R files for syntax errors ... OK
* checking whether the package can be loaded ... OK
* checking whether the package can be loaded with stated dependencies ... OK
* checking whether the package can be unloaded cleanly ... OK
* checking whether the namespace can be loaded with stated dependencies ... OK
* checking whether the namespace can be unloaded cleanly ... OK
* checking dependencies in R code ... OK
* checking S3 generic/method consistency ... OK
* checking replacement functions ... OK
* checking foreign function calls ... OK
* checking R code for possible problems ... NOTE
convertToGeneAnswers: no visible binding for global variable
  ‘geneExpProfile’
convertToRangedSummarizedExperiment: no visible global function
  definition for ‘reshape’
doEnrichment: no visible global function definition for ‘URLencode’
listDatasets: no visible binding for global variable ‘child_name’
runQuery,ANY-InterMineR: no visible global function definition for
  ‘URLencode’
runQuery,ANY-list: no visible global function definition for
  ‘URLencode’
Undefined global functions or variables:
  URLencode child_name geneExpProfile reshape
Consider adding
  importFrom("stats", "reshape")
  importFrom("utils", "URLencode")
to your NAMESPACE file.
* checking Rd files ... OK
* checking Rd metadata ... OK
* checking Rd cross-references ... OK
* checking for missing documentation entries ... OK
* checking for code/documentation mismatches ... OK
* checking Rd \usage sections ... OK
* checking Rd contents ... OK
* checking for unstated dependencies in examples ... OK
* checking contents of ‘data’ directory ... OK
* checking data for non-ASCII characters ... OK
* checking data for ASCII and uncompressed saves ... OK
* checking files in ‘vignettes’ ... OK
* checking examples ... OK
Examples with CPU (user + system) or elapsed time > 5s
                                      user system elapsed
convertToGeneAnswers                19.696  0.308  29.822
simplifyResult                      15.623  0.310  18.945
doEnrichment                         6.645  0.141  35.461
runQuery                             5.252  0.023   7.051
convertToRangedSummarizedExperiment  4.507  0.035   8.193
* checking for unstated dependencies in vignettes ... OK
* checking package vignettes in ‘inst/doc’ ... OK
* checking running R code from vignettes ... SKIPPED
* checking re-building of vignette outputs ... SKIPPED
* checking PDF version of manual ... OK
* DONE
Status: 1 WARNING, 3 NOTEs
See
  ‘/Users/biocbuild/bbs-3.11-bioc/meat/InterMineR.Rcheck/00check.log’
for details.
InterMineR.Rcheck/00install.out
############################################################################## ############################################################################## ### ### Running command: ### ### /Library/Frameworks/R.framework/Versions/Current/Resources/bin/R CMD INSTALL InterMineR ### ############################################################################## ############################################################################## * installing to library ‘/Library/Frameworks/R.framework/Versions/4.0/Resources/library’ * installing *source* package ‘InterMineR’ ... ** using staged installation ** R ** data *** moving datasets to lazyload DB ** inst ** byte-compile and prepare package for lazy loading ** help *** installing help indices ** building package indices ** installing vignettes ** testing if installed package can be loaded from temporary location ** testing if installed package can be loaded from final location ** testing if installed package keeps a record of temporary installation path * DONE (InterMineR)
InterMineR.Rcheck/InterMineR-Ex.timings
| name | user | system | elapsed | |
| InterMineR-methods | 0.145 | 0.020 | 0.727 | |
| PL_DiabetesGenes | 0.003 | 0.002 | 0.004 | |
| PL_FlyTF_site_specific_TFs | 0.002 | 0.002 | 0.003 | |
| convertToGRanges | 0.992 | 0.015 | 2.031 | |
| convertToGeneAnswers | 19.696 | 0.308 | 29.822 | |
| convertToRangedSummarizedExperiment | 4.507 | 0.035 | 8.193 | |
| doEnrichment | 6.645 | 0.141 | 35.461 | |
| getDatasets | 0.127 | 0.002 | 0.816 | |
| getGeneIds | 0.546 | 0.008 | 2.797 | |
| getModel | 0.000 | 0.000 | 0.001 | |
| getRelease | 0.018 | 0.001 | 0.288 | |
| getTemplateQuery | 0.023 | 0.001 | 0.288 | |
| getTemplates | 0.032 | 0.002 | 0.489 | |
| getVersion | 0.021 | 0.001 | 0.299 | |
| getWidgets | 0.053 | 0.001 | 0.597 | |
| initInterMine | 0.009 | 0.001 | 0.189 | |
| listDatasets | 0 | 0 | 0 | |
| listMines | 0.013 | 0.002 | 0.193 | |
| newQuery | 0.001 | 0.000 | 0.001 | |
| runQuery | 5.252 | 0.023 | 7.051 | |
| setConstraints | 0.038 | 0.002 | 0.515 | |
| setQuery | 0.044 | 0.005 | 0.531 | |
| simplifyResult | 15.623 | 0.310 | 18.945 | |
| summary | 0.028 | 0.002 | 0.298 | |