| Back to Multiple platform build/check report for BioC 3.11 |
|
This page was generated on 2020-10-17 11:56:25 -0400 (Sat, 17 Oct 2020).
| TO THE DEVELOPERS/MAINTAINERS OF THE DChIPRep PACKAGE: Please make sure to use the following settings in order to reproduce any error or warning you see on this page. |
| Package 426/1905 | Hostname | OS / Arch | INSTALL | BUILD | CHECK | BUILD BIN | ||||||
Bernd Klaus
| malbec2 | Linux (Ubuntu 18.04.4 LTS) / x86_64 | OK | OK | WARNINGS | |||||||
| tokay2 | Windows Server 2012 R2 Standard / x64 | OK | OK | [ WARNINGS ] | OK | |||||||
| machv2 | macOS 10.14.6 Mojave / x86_64 | OK | OK | WARNINGS | OK |
| Package: DChIPRep |
| Version: 1.18.0 |
| Command: C:\Users\biocbuild\bbs-3.11-bioc\R\bin\R.exe CMD check --force-multiarch --install=check:DChIPRep.install-out.txt --library=C:\Users\biocbuild\bbs-3.11-bioc\R\library --no-vignettes --timings DChIPRep_1.18.0.tar.gz |
| StartedAt: 2020-10-17 03:10:32 -0400 (Sat, 17 Oct 2020) |
| EndedAt: 2020-10-17 03:23:34 -0400 (Sat, 17 Oct 2020) |
| EllapsedTime: 782.1 seconds |
| RetCode: 0 |
| Status: WARNINGS |
| CheckDir: DChIPRep.Rcheck |
| Warnings: 1 |
##############################################################################
##############################################################################
###
### Running command:
###
### C:\Users\biocbuild\bbs-3.11-bioc\R\bin\R.exe CMD check --force-multiarch --install=check:DChIPRep.install-out.txt --library=C:\Users\biocbuild\bbs-3.11-bioc\R\library --no-vignettes --timings DChIPRep_1.18.0.tar.gz
###
##############################################################################
##############################################################################
* using log directory 'C:/Users/biocbuild/bbs-3.11-bioc/meat/DChIPRep.Rcheck'
* using R version 4.0.3 (2020-10-10)
* using platform: x86_64-w64-mingw32 (64-bit)
* using session charset: ISO8859-1
* using option '--no-vignettes'
* checking for file 'DChIPRep/DESCRIPTION' ... OK
* this is package 'DChIPRep' version '1.18.0'
* checking package namespace information ... OK
* checking package dependencies ... OK
* checking if this is a source package ... OK
* checking if there is a namespace ... OK
* checking for hidden files and directories ... OK
* checking for portable file names ... OK
* checking whether package 'DChIPRep' can be installed ... WARNING
Found the following significant warnings:
Rd warning: C:/Users/biocbuild/bbs-3.11-bioc/tmpdir/Rtmp0CErle/R.INSTALL2d9c74ee13a7/DChIPRep/man/importData_soGGi.Rd:36: file link 'regionPlot' in package 'soGGi' does not exist and so has been treated as a topic
Rd warning: C:/Users/biocbuild/bbs-3.11-bioc/tmpdir/Rtmp0CErle/R.INSTALL2d9c74ee13a7/DChIPRep/man/importData_soGGi.Rd:14: file link 'GenomicRanges-class' in package 'GenomicRanges' does not exist and so has been treated as a topic
Rd warning: C:/Users/biocbuild/bbs-3.11-bioc/tmpdir/Rtmp0CErle/R.INSTALL2d9c74ee13a7/DChIPRep/man/importData_soGGi.Rd:27: file link 'regionPlot' in package 'soGGi' does not exist and so has been treated as a topic
Rd warning: C:/Users/biocbuild/bbs-3.11-bioc/tmpdir/Rtmp0CErle/R.INSTALL2d9c74ee13a7/DChIPRep/man/importData_soGGi.Rd:65: file link 'regionPlot' in package 'soGGi' does not exist and so has been treated as a topic
Rd warning: C:/Users/biocbuild/bbs-3.11-bioc/tmpdir/Rtmp0CErle/R.INSTALL2d9c74ee13a7/DChIPRep/man/robust_mean.Rd:17: file link 'smhuber' in package 'smoothmest' does not exist and so has been treated as a topic
Warning: Package 'DChIPRep' is deprecated and will be removed from Bioconductor
See 'C:/Users/biocbuild/bbs-3.11-bioc/meat/DChIPRep.Rcheck/00install.out' for details.
* checking installed package size ... OK
* checking package directory ... OK
* checking 'build' directory ... OK
* checking DESCRIPTION meta-information ... NOTE
Malformed Description field: should contain one or more complete sentences.
* checking top-level files ... OK
* checking for left-over files ... OK
* checking index information ... OK
* checking package subdirectories ... OK
* checking R files for non-ASCII characters ... OK
* checking R files for syntax errors ... OK
* loading checks for arch 'i386'
** checking whether the package can be loaded ... OK
** checking whether the package can be loaded with stated dependencies ... OK
** checking whether the package can be unloaded cleanly ... OK
** checking whether the namespace can be loaded with stated dependencies ... OK
** checking whether the namespace can be unloaded cleanly ... OK
* loading checks for arch 'x64'
** checking whether the package can be loaded ... OK
** checking whether the package can be loaded with stated dependencies ... OK
** checking whether the package can be unloaded cleanly ... OK
** checking whether the namespace can be loaded with stated dependencies ... OK
** checking whether the namespace can be unloaded cleanly ... OK
* checking dependencies in R code ... OK
* checking S3 generic/method consistency ... OK
* checking replacement functions ... OK
* checking foreign function calls ... OK
* checking R code for possible problems ... OK
* checking Rd files ... OK
* checking Rd metadata ... OK
* checking Rd cross-references ... OK
* checking for missing documentation entries ... OK
* checking for code/documentation mismatches ... OK
* checking Rd \usage sections ... OK
* checking Rd contents ... OK
* checking for unstated dependencies in examples ... OK
* checking contents of 'data' directory ... OK
* checking data for non-ASCII characters ... OK
* checking data for ASCII and uncompressed saves ... OK
* checking files in 'vignettes' ... OK
* checking examples ...
** running examples for arch 'i386' ... OK
Examples with CPU (user + system) or elapsed time > 5s
user system elapsed
plotProfiles 6.04 0.19 6.22
FDRresults 5.61 0.39 6.02
plotSignificance 5.93 0.02 5.95
** running examples for arch 'x64' ... OK
Examples with CPU (user + system) or elapsed time > 5s
user system elapsed
plotSignificance 7.29 0.02 7.32
plotProfiles 6.49 0.03 6.51
* checking for unstated dependencies in 'tests' ... OK
* checking tests ...
** running tests for arch 'i386' ...
Running 'testthat.R'
OK
** running tests for arch 'x64' ...
Running 'testthat.R'
OK
* checking for unstated dependencies in vignettes ... OK
* checking package vignettes in 'inst/doc' ... OK
* checking running R code from vignettes ... SKIPPED
* checking re-building of vignette outputs ... SKIPPED
* checking PDF version of manual ... OK
* DONE
Status: 1 WARNING, 1 NOTE
See
'C:/Users/biocbuild/bbs-3.11-bioc/meat/DChIPRep.Rcheck/00check.log'
for details.
DChIPRep.Rcheck/00install.out
##############################################################################
##############################################################################
###
### Running command:
###
### C:\cygwin\bin\curl.exe -O https://malbec2.bioconductor.org/BBS/3.11/bioc/src/contrib/DChIPRep_1.18.0.tar.gz && rm -rf DChIPRep.buildbin-libdir && mkdir DChIPRep.buildbin-libdir && C:\Users\biocbuild\bbs-3.11-bioc\R\bin\R.exe CMD INSTALL --merge-multiarch --build --library=DChIPRep.buildbin-libdir DChIPRep_1.18.0.tar.gz && C:\Users\biocbuild\bbs-3.11-bioc\R\bin\R.exe CMD INSTALL DChIPRep_1.18.0.zip && rm DChIPRep_1.18.0.tar.gz DChIPRep_1.18.0.zip
###
##############################################################################
##############################################################################
% Total % Received % Xferd Average Speed Time Time Time Current
Dload Upload Total Spent Left Speed
0 0 0 0 0 0 0 0 --:--:-- --:--:-- --:--:-- 0
100 690k 100 690k 0 0 7070k 0 --:--:-- --:--:-- --:--:-- 7507k
install for i386
* installing *source* package 'DChIPRep' ...
** using staged installation
** R
** data
*** moving datasets to lazyload DB
** exec
** inst
** byte-compile and prepare package for lazy loading
** help
*** installing help indices
converting help for package 'DChIPRep'
finding HTML links ... done
DChIPRep html
DChIPRepResults html
DESeq2Data html
FDRresults html
TSS_galonska html
chip_galonska html
exampleChipData html
exampleInputData html
exampleSampleTable html
getMATfromDataFrame html
importData html
importDataFromMatrices html
importData_soGGi html
Rd warning: C:/Users/biocbuild/bbs-3.11-bioc/tmpdir/Rtmp0CErle/R.INSTALL2d9c74ee13a7/DChIPRep/man/importData_soGGi.Rd:36: file link 'regionPlot' in package 'soGGi' does not exist and so has been treated as a topic
Rd warning: C:/Users/biocbuild/bbs-3.11-bioc/tmpdir/Rtmp0CErle/R.INSTALL2d9c74ee13a7/DChIPRep/man/importData_soGGi.Rd:14: file link 'GenomicRanges-class' in package 'GenomicRanges' does not exist and so has been treated as a topic
Rd warning: C:/Users/biocbuild/bbs-3.11-bioc/tmpdir/Rtmp0CErle/R.INSTALL2d9c74ee13a7/DChIPRep/man/importData_soGGi.Rd:27: file link 'regionPlot' in package 'soGGi' does not exist and so has been treated as a topic
Rd warning: C:/Users/biocbuild/bbs-3.11-bioc/tmpdir/Rtmp0CErle/R.INSTALL2d9c74ee13a7/DChIPRep/man/importData_soGGi.Rd:65: file link 'regionPlot' in package 'soGGi' does not exist and so has been treated as a topic
input_galonska html
plotProfiles html
plotSignificance html
resultsDChIPRep html
robust_mean html
Rd warning: C:/Users/biocbuild/bbs-3.11-bioc/tmpdir/Rtmp0CErle/R.INSTALL2d9c74ee13a7/DChIPRep/man/robust_mean.Rd:17: file link 'smhuber' in package 'smoothmest' does not exist and so has been treated as a topic
runTesting html
sample_table_galonska html
show html
summarizeCountsPerPosition html
testData html
** building package indices
** installing vignettes
** testing if installed package can be loaded from temporary location
Warning: Package 'DChIPRep' is deprecated and will be removed from Bioconductor
version 3.12
** testing if installed package can be loaded from final location
Warning: Package 'DChIPRep' is deprecated and will be removed from Bioconductor
version 3.12
** testing if installed package keeps a record of temporary installation path
install for x64
* installing *source* package 'DChIPRep' ...
** testing if installed package can be loaded
Warning: Package 'DChIPRep' is deprecated and will be removed from Bioconductor
version 3.12
* MD5 sums
packaged installation of 'DChIPRep' as DChIPRep_1.18.0.zip
* DONE (DChIPRep)
* installing to library 'C:/Users/biocbuild/bbs-3.11-bioc/R/library'
package 'DChIPRep' successfully unpacked and MD5 sums checked
|
DChIPRep.Rcheck/tests_i386/testthat.Rout
R version 4.0.3 (2020-10-10) -- "Bunny-Wunnies Freak Out"
Copyright (C) 2020 The R Foundation for Statistical Computing
Platform: i386-w64-mingw32/i386 (32-bit)
R is free software and comes with ABSOLUTELY NO WARRANTY.
You are welcome to redistribute it under certain conditions.
Type 'license()' or 'licence()' for distribution details.
R is a collaborative project with many contributors.
Type 'contributors()' for more information and
'citation()' on how to cite R or R packages in publications.
Type 'demo()' for some demos, 'help()' for on-line help, or
'help.start()' for an HTML browser interface to help.
Type 'q()' to quit R.
> library(testthat)
> library(DChIPRep)
Loading required package: DESeq2
Loading required package: S4Vectors
Loading required package: stats4
Loading required package: BiocGenerics
Loading required package: parallel
Attaching package: 'BiocGenerics'
The following objects are masked from 'package:parallel':
clusterApply, clusterApplyLB, clusterCall, clusterEvalQ,
clusterExport, clusterMap, parApply, parCapply, parLapply,
parLapplyLB, parRapply, parSapply, parSapplyLB
The following objects are masked from 'package:stats':
IQR, mad, sd, var, xtabs
The following objects are masked from 'package:base':
Filter, Find, Map, Position, Reduce, anyDuplicated, append,
as.data.frame, basename, cbind, colnames, dirname, do.call,
duplicated, eval, evalq, get, grep, grepl, intersect, is.unsorted,
lapply, mapply, match, mget, order, paste, pmax, pmax.int, pmin,
pmin.int, rank, rbind, rownames, sapply, setdiff, sort, table,
tapply, union, unique, unsplit, which, which.max, which.min
Attaching package: 'S4Vectors'
The following object is masked from 'package:base':
expand.grid
Loading required package: IRanges
Attaching package: 'IRanges'
The following object is masked from 'package:grDevices':
windows
Loading required package: GenomicRanges
Loading required package: GenomeInfoDb
Loading required package: SummarizedExperiment
Loading required package: Biobase
Welcome to Bioconductor
Vignettes contain introductory material; view with
'browseVignettes()'. To cite Bioconductor, see
'citation("Biobase")', and for packages 'citation("pkgname")'.
Loading required package: DelayedArray
Loading required package: matrixStats
Attaching package: 'matrixStats'
The following objects are masked from 'package:Biobase':
anyMissing, rowMedians
Attaching package: 'DelayedArray'
The following objects are masked from 'package:matrixStats':
colMaxs, colMins, colRanges, rowMaxs, rowMins, rowRanges
The following objects are masked from 'package:base':
aperm, apply, rowsum
Warning message:
Package 'DChIPRep' is deprecated and will be removed from Bioconductor
version 3.12
>
> test_check("DChIPRep")
Step 1... determine cutoff point
Step 2... estimate parameters of null distribution and eta0
Step 3... compute p-values and estimate empirical PDF/CDF
Step 4... compute q-values and local fdr
Step 1... determine cutoff point
Step 2... estimate parameters of null distribution and eta0
Step 3... compute p-values and estimate empirical PDF/CDF
Step 4... compute q-values and local fdr
Step 1... determine cutoff point
Step 2... estimate parameters of null distribution and eta0
Step 3... compute p-values and estimate empirical PDF/CDF
Step 4... compute q-values and local fdr
Step 1... determine cutoff point
Step 2... estimate parameters of null distribution and eta0
Step 3... compute p-values and estimate empirical PDF/CDF
Step 4... compute q-values and local fdr
== testthat results ===========================================================
[ OK: 19 | SKIPPED: 0 | WARNINGS: 2 | FAILED: 0 ]
>
>
> # code for checking and saving the log
> ## ff <- file("check.out", open = "wt")
> ## sink(file = ff, type = "message")
> ## sink(type = "message")
> ## sink()
>
>
>
> proc.time()
user system elapsed
40.89 2.84 46.90
|
DChIPRep.Rcheck/tests_x64/testthat.Rout
R version 4.0.3 (2020-10-10) -- "Bunny-Wunnies Freak Out"
Copyright (C) 2020 The R Foundation for Statistical Computing
Platform: x86_64-w64-mingw32/x64 (64-bit)
R is free software and comes with ABSOLUTELY NO WARRANTY.
You are welcome to redistribute it under certain conditions.
Type 'license()' or 'licence()' for distribution details.
R is a collaborative project with many contributors.
Type 'contributors()' for more information and
'citation()' on how to cite R or R packages in publications.
Type 'demo()' for some demos, 'help()' for on-line help, or
'help.start()' for an HTML browser interface to help.
Type 'q()' to quit R.
> library(testthat)
> library(DChIPRep)
Loading required package: DESeq2
Loading required package: S4Vectors
Loading required package: stats4
Loading required package: BiocGenerics
Loading required package: parallel
Attaching package: 'BiocGenerics'
The following objects are masked from 'package:parallel':
clusterApply, clusterApplyLB, clusterCall, clusterEvalQ,
clusterExport, clusterMap, parApply, parCapply, parLapply,
parLapplyLB, parRapply, parSapply, parSapplyLB
The following objects are masked from 'package:stats':
IQR, mad, sd, var, xtabs
The following objects are masked from 'package:base':
Filter, Find, Map, Position, Reduce, anyDuplicated, append,
as.data.frame, basename, cbind, colnames, dirname, do.call,
duplicated, eval, evalq, get, grep, grepl, intersect, is.unsorted,
lapply, mapply, match, mget, order, paste, pmax, pmax.int, pmin,
pmin.int, rank, rbind, rownames, sapply, setdiff, sort, table,
tapply, union, unique, unsplit, which, which.max, which.min
Attaching package: 'S4Vectors'
The following object is masked from 'package:base':
expand.grid
Loading required package: IRanges
Attaching package: 'IRanges'
The following object is masked from 'package:grDevices':
windows
Loading required package: GenomicRanges
Loading required package: GenomeInfoDb
Loading required package: SummarizedExperiment
Loading required package: Biobase
Welcome to Bioconductor
Vignettes contain introductory material; view with
'browseVignettes()'. To cite Bioconductor, see
'citation("Biobase")', and for packages 'citation("pkgname")'.
Loading required package: DelayedArray
Loading required package: matrixStats
Attaching package: 'matrixStats'
The following objects are masked from 'package:Biobase':
anyMissing, rowMedians
Attaching package: 'DelayedArray'
The following objects are masked from 'package:matrixStats':
colMaxs, colMins, colRanges, rowMaxs, rowMins, rowRanges
The following objects are masked from 'package:base':
aperm, apply, rowsum
Warning message:
Package 'DChIPRep' is deprecated and will be removed from Bioconductor
version 3.12
>
> test_check("DChIPRep")
Step 1... determine cutoff point
Step 2... estimate parameters of null distribution and eta0
Step 3... compute p-values and estimate empirical PDF/CDF
Step 4... compute q-values and local fdr
Step 1... determine cutoff point
Step 2... estimate parameters of null distribution and eta0
Step 3... compute p-values and estimate empirical PDF/CDF
Step 4... compute q-values and local fdr
Step 1... determine cutoff point
Step 2... estimate parameters of null distribution and eta0
Step 3... compute p-values and estimate empirical PDF/CDF
Step 4... compute q-values and local fdr
Step 1... determine cutoff point
Step 2... estimate parameters of null distribution and eta0
Step 3... compute p-values and estimate empirical PDF/CDF
Step 4... compute q-values and local fdr
== testthat results ===========================================================
[ OK: 19 | SKIPPED: 0 | WARNINGS: 2 | FAILED: 0 ]
>
>
> # code for checking and saving the log
> ## ff <- file("check.out", open = "wt")
> ## sink(file = ff, type = "message")
> ## sink(type = "message")
> ## sink()
>
>
>
> proc.time()
user system elapsed
48.14 1.04 73.64
|
|
DChIPRep.Rcheck/examples_i386/DChIPRep-Ex.timings
|
DChIPRep.Rcheck/examples_x64/DChIPRep-Ex.timings
|