| Back to Multiple platform build/check report for BioC 3.10 |
|
This page was generated on 2020-04-15 12:36:05 -0400 (Wed, 15 Apr 2020).
| Package 278/1823 | Hostname | OS / Arch | INSTALL | BUILD | CHECK | BUILD BIN | ||||||
| ChIPseqR 1.40.0 Peter Humburg
| malbec1 | Linux (Ubuntu 18.04.4 LTS) / x86_64 | OK | OK | WARNINGS | |||||||
| tokay1 | Windows Server 2012 R2 Standard / x64 | OK | OK | WARNINGS | OK | |||||||
| merida1 | OS X 10.11.6 El Capitan / x86_64 | OK | OK | [ WARNINGS ] | OK |
| Package: ChIPseqR |
| Version: 1.40.0 |
| Command: /Library/Frameworks/R.framework/Versions/Current/Resources/bin/R CMD check --install=check:ChIPseqR.install-out.txt --library=/Library/Frameworks/R.framework/Versions/Current/Resources/library --no-vignettes --timings ChIPseqR_1.40.0.tar.gz |
| StartedAt: 2020-04-15 01:08:34 -0400 (Wed, 15 Apr 2020) |
| EndedAt: 2020-04-15 01:13:15 -0400 (Wed, 15 Apr 2020) |
| EllapsedTime: 281.1 seconds |
| RetCode: 0 |
| Status: WARNINGS |
| CheckDir: ChIPseqR.Rcheck |
| Warnings: 1 |
##############################################################################
##############################################################################
###
### Running command:
###
### /Library/Frameworks/R.framework/Versions/Current/Resources/bin/R CMD check --install=check:ChIPseqR.install-out.txt --library=/Library/Frameworks/R.framework/Versions/Current/Resources/library --no-vignettes --timings ChIPseqR_1.40.0.tar.gz
###
##############################################################################
##############################################################################
* using log directory ‘/Users/biocbuild/bbs-3.10-bioc/meat/ChIPseqR.Rcheck’
* using R version 3.6.3 (2020-02-29)
* using platform: x86_64-apple-darwin15.6.0 (64-bit)
* using session charset: UTF-8
* using option ‘--no-vignettes’
* checking for file ‘ChIPseqR/DESCRIPTION’ ... OK
* checking extension type ... Package
* this is package ‘ChIPseqR’ version ‘1.40.0’
* checking package namespace information ... OK
* checking package dependencies ... OK
* checking if this is a source package ... OK
* checking if there is a namespace ... OK
* checking for hidden files and directories ... OK
* checking for portable file names ... OK
* checking for sufficient/correct file permissions ... OK
* checking whether package ‘ChIPseqR’ can be installed ... WARNING
Found the following significant warnings:
Warning: replacing previous import ‘BiocGenerics::image’ by ‘graphics::image’ when loading ‘ChIPseqR’
Warning: replacing previous import ‘S4Vectors::head’ by ‘utils::head’ when loading ‘ChIPseqR’
Warning: replacing previous import ‘S4Vectors::tail’ by ‘utils::tail’ when loading ‘ChIPseqR’
See ‘/Users/biocbuild/bbs-3.10-bioc/meat/ChIPseqR.Rcheck/00install.out’ for details.
* checking installed package size ... OK
* checking package directory ... OK
* checking ‘build’ directory ... OK
* checking DESCRIPTION meta-information ... OK
* checking top-level files ... OK
* checking for left-over files ... OK
* checking index information ... OK
* checking package subdirectories ... OK
* checking R files for non-ASCII characters ... OK
* checking R files for syntax errors ... OK
* checking whether the package can be loaded ... OK
* checking whether the package can be loaded with stated dependencies ... OK
* checking whether the package can be unloaded cleanly ... OK
* checking whether the namespace can be loaded with stated dependencies ... OK
* checking whether the namespace can be unloaded cleanly ... OK
* checking dependencies in R code ... OK
* checking S3 generic/method consistency ... OK
* checking replacement functions ... OK
* checking foreign function calls ... OK
* checking R code for possible problems ... OK
* checking Rd files ... OK
* checking Rd metadata ... OK
* checking Rd cross-references ... OK
* checking for missing documentation entries ... OK
* checking for code/documentation mismatches ... OK
* checking Rd \usage sections ... OK
* checking Rd contents ... OK
* checking for unstated dependencies in examples ... OK
* checking line endings in C/C++/Fortran sources/headers ... OK
* checking compiled code ... NOTE
Note: information on .o files is not available
* checking sizes of PDF files under ‘inst/doc’ ... OK
* checking files in ‘vignettes’ ... OK
* checking examples ... OK
Examples with CPU or elapsed time > 5s
user system elapsed
alignFeature 11.216 1.129 12.722
BindScore 7.214 0.216 7.547
RLEBindScore-class 6.639 0.295 7.159
simpleNucCall 5.860 0.268 6.218
callBindingSites 5.564 0.317 5.956
* checking for unstated dependencies in vignettes ... OK
* checking package vignettes in ‘inst/doc’ ... OK
* checking running R code from vignettes ... SKIPPED
* checking re-building of vignette outputs ... SKIPPED
* checking PDF version of manual ... OK
* DONE
Status: 1 WARNING, 1 NOTE
See
‘/Users/biocbuild/bbs-3.10-bioc/meat/ChIPseqR.Rcheck/00check.log’
for details.
ChIPseqR.Rcheck/00install.out
##############################################################################
##############################################################################
###
### Running command:
###
### /Library/Frameworks/R.framework/Versions/Current/Resources/bin/R CMD INSTALL ChIPseqR
###
##############################################################################
##############################################################################
* installing to library ‘/Library/Frameworks/R.framework/Versions/3.6/Resources/library’
* installing *source* package ‘ChIPseqR’ ...
** using staged installation
** libs
clang -I"/Library/Frameworks/R.framework/Resources/include" -DNDEBUG -isysroot /Library/Developer/CommandLineTools/SDKs/MacOSX.sdk -I/usr/local/include -fPIC -Wall -g -O2 -c startScore.c -o startScore.o
startScore.c:66:15: warning: unused variable 'tmp_stat' [-Wunused-variable]
double stat, tmp_stat;
^
1 warning generated.
clang -dynamiclib -Wl,-headerpad_max_install_names -undefined dynamic_lookup -single_module -multiply_defined suppress -L/Library/Frameworks/R.framework/Resources/lib -L/usr/local/lib -o ChIPseqR.so startScore.o -F/Library/Frameworks/R.framework/.. -framework R -Wl,-framework -Wl,CoreFoundation
installing to /Library/Frameworks/R.framework/Versions/3.6/Resources/library/00LOCK-ChIPseqR/00new/ChIPseqR/libs
** R
** inst
** byte-compile and prepare package for lazy loading
Warning: replacing previous import ‘BiocGenerics::image’ by ‘graphics::image’ when loading ‘ChIPseqR’
Warning: replacing previous import ‘S4Vectors::head’ by ‘utils::head’ when loading ‘ChIPseqR’
Warning: replacing previous import ‘S4Vectors::tail’ by ‘utils::tail’ when loading ‘ChIPseqR’
No methods found in package ‘IRanges’ for request: ‘score’ when loading ‘ChIPseqR’
** help
*** installing help indices
** building package indices
** installing vignettes
** testing if installed package can be loaded from temporary location
Warning: replacing previous import ‘BiocGenerics::image’ by ‘graphics::image’ when loading ‘ChIPseqR’
Warning: replacing previous import ‘S4Vectors::head’ by ‘utils::head’ when loading ‘ChIPseqR’
Warning: replacing previous import ‘S4Vectors::tail’ by ‘utils::tail’ when loading ‘ChIPseqR’
No methods found in package ‘IRanges’ for request: ‘score’ when loading ‘ChIPseqR’
** checking absolute paths in shared objects and dynamic libraries
** testing if installed package can be loaded from final location
Warning: replacing previous import ‘BiocGenerics::image’ by ‘graphics::image’ when loading ‘ChIPseqR’
Warning: replacing previous import ‘S4Vectors::head’ by ‘utils::head’ when loading ‘ChIPseqR’
Warning: replacing previous import ‘S4Vectors::tail’ by ‘utils::tail’ when loading ‘ChIPseqR’
No methods found in package ‘IRanges’ for request: ‘score’ when loading ‘ChIPseqR’
** testing if installed package keeps a record of temporary installation path
* DONE (ChIPseqR)
ChIPseqR.Rcheck/ChIPseqR-Ex.timings
| name | user | system | elapsed | |
| BindScore | 7.214 | 0.216 | 7.547 | |
| ChIPseqR-package | 0 | 0 | 0 | |
| RLEBindScore-class | 6.639 | 0.295 | 7.159 | |
| RLEReadCounts-class | 0.041 | 0.000 | 0.042 | |
| ReadCounts | 0.042 | 0.000 | 0.043 | |
| alignFeature | 11.216 | 1.129 | 12.722 | |
| callBindingSites | 5.564 | 0.317 | 5.956 | |
| pos2gff | 0.009 | 0.001 | 0.012 | |
| simpleNucCall | 5.860 | 0.268 | 6.218 | |
| strandPileup | 0.009 | 0.000 | 0.009 | |
| windowCounts | 0.179 | 0.001 | 0.181 | |