Back to the "Multiple platform build/check report"
| IMPORTANT NOTE: R was configured with --enable-strict-barrier on lamb1 |
| Package 220/247 | Hostname | OS | Arch | BUILD | CHECK | BUILD BIN |
simpleaffy2.11.22Crispin MillerLast Changed Date: 2007-08-12 10:26:17 -0700 Last Changed Rev: 26348 | lamb1 | Linux (SUSE 10.1) | x86_64 | OK | [ WARNINGS ] | |
| wellington | Linux (SUSE 9.2) | i686 | OK | WARNINGS | ||
| liverpool | Windows Server 2003 R2 (32-bit) | x64 | OK | WARNINGS | OK | |
| pitt | Mac OS X (10.4.10) | i386 | OK | WARNINGS | OK |
| Package: simpleaffy |
| Version: 2.11.22 |
| Command: /home/biocbuild/bbs-2.1-bioc/R/bin/R CMD check simpleaffy_2.11.22.tar.gz |
| RetCode: 0 |
| Time: 52.5 seconds |
| Status: WARNINGS |
| CheckDir: simpleaffy.Rcheck |
| Warnings: 2 |
* checking for working latex ... OK
* using log directory '/home/biocbuild/bbs-2.1-bioc/meat/simpleaffy.Rcheck'
* using R version 2.6.0 Under development (unstable) (2007-08-06 r42439)
* checking for file 'simpleaffy/DESCRIPTION' ... OK
* this is package 'simpleaffy' version '2.11.22'
* checking package name space information ... OK
* checking package dependencies ... OK
* checking if this is a source package ... OK
* checking whether package 'simpleaffy' can be installed ... WARNING
Found the following significant warnings:
Warning: \alias{getTao} already in getAlpha2.Rd -- skipping the one in getTao.Rd
See '/home/biocbuild/bbs-2.1-bioc/meat/simpleaffy.Rcheck/00install.out' for details.
* checking package directory ... OK
* checking for portable file names ... OK
* checking for sufficient/correct file permissions ... OK
* checking DESCRIPTION meta-information ... OK
* checking top-level files ... OK
* checking index information ... OK
* checking package subdirectories ... OK
* checking R files for non-ASCII characters ... OK
* checking R files for syntax errors ... OK
* checking whether the package can be loaded ... OK
* checking whether the package can be loaded with stated dependencies ... OK
* checking whether the name space can be loaded with stated dependencies ... OK
* checking for unstated dependencies in R code ... OK
* checking S3 generic/method consistency ... OK
* checking replacement functions ... OK
* checking foreign function calls ... OK
* checking R code for possible problems ... OK
* checking Rd files ... WARNING
Rd files with duplicated alias 'getTao':
getAlpha2.Rd getTao.Rd
See the chapter 'Writing R documentation files' in manual 'Writing R
Extensions'.
* checking Rd cross-references ... OK
* checking for missing documentation entries ... OK
* checking for code/documentation mismatches ... OK
* checking Rd \usage sections ... OK
* checking data for non-ASCII characters ... OK
* checking line endings in C/C++/Fortran sources/headers ... OK
* checking line endings in Makefiles ... OK
* checking for portable use of $BLAS_LIBS ... OK
* creating simpleaffy-Ex.R ... OK
* checking examples ... OK
* checking package vignettes in 'inst/doc' ... OK
* creating simpleaffy-manual.tex ... OK
* checking simpleaffy-manual.tex ... OK
WARNING: There were 2 warnings, see
/home/biocbuild/bbs-2.1-bioc/meat/simpleaffy.Rcheck/00check.log
for details
simpleaffy.Rcheck/00install.out:
* Installing *source* package 'simpleaffy' ...
** libs
gcc -std=gnu99 -I/home/biocbuild/bbs-2.1-bioc/R/include -I/home/biocbuild/bbs-2.1-bioc/R/include -I/usr/local/include -fpic -g -O2 -Wall -c simpleaffy.c -o simpleaffy.o
gcc -std=gnu99 -shared -L/usr/local/lib64 -o simpleaffy.so simpleaffy.o -L/home/biocbuild/bbs-2.1-bioc/R/lib -lR
** R
** data
** inst
** preparing package for lazy loading
Loading required package: affy
Loading required package: Biobase
Loading required package: tools
Welcome to Bioconductor
Vignettes contain introductory material. To view, type
'openVignette()'. To cite Bioconductor, see
'citation("Biobase")' and for packages 'citation(pkgname)'.
Loading required package: affyio
Loading required package: preprocessCore
Loading required package: genefilter
Loading required package: survival
Loading required package: splines
Loading required package: gcrma
Loading required package: matchprobes
** help
Warning: \alias{getTao} already in getAlpha2.Rd -- skipping the one in getTao.Rd
>>> Building/Updating help pages for package 'simpleaffy'
Formats: text html latex example
PairComp-class text html latex
QCStats-accessor text html latex
QCStats-class text html latex
all.present text html latex example
all.present.in.group text html latex example
alpha text html latex
bg.correct.sa text html latex example
call.exprs text html latex example
detection.p.val text html latex example
get.annotation text html latex example
get.array.indices text html latex example
get.array.subset text html latex example
get.array.subset.affy text html latex example
get.fold.change.and.t.test text html latex example
getActin3 text html latex example
getActin5 text html latex example
getActinM text html latex example
getAllQCProbes text html latex example
getAllSpikeProbes text html latex example
getAlpha1 text html latex example
getAlpha2 text html latex example
getBioB text html latex example
getBioC text html latex example
getBioD text html latex example
getCreX text html latex example
getGapdh3 text html latex example
getGapdh5 text html latex example
getGapdhM text html latex example
getQCParams-methods text html latex
getTao text html latex example
haveQCParams text html latex example
hmap.colors text html latex example
hmap.eset text html latex example
hmap.pc text html latex example
journalpng text html latex example
justMAS text html latex example
pairwise.comparison text html latex example
pairwise.filter text html latex example
plot.pairwise.comparison text html latex example
plot.qc.stats text html latex example
qc text html latex example
qc.affy text html latex example
qc.probes text html latex
read.affy text html latex example
read.affy.mixed text html latex example
spikes text html latex
standard.pearson text html latex example
trad.scatter.plot text html latex example
** building package indices ...
* DONE (simpleaffy)