Back to the "Multiple platform build/check report"
| IMPORTANT NOTE: R was configured with --enable-strict-barrier on lamb1 |
| Package 131/247 | Hostname | OS | Arch | BUILD | CHECK | BUILD BIN |
maDB1.9.4Johannes RainerLast Changed Date: 2007-05-22 23:01:48 -0700 Last Changed Rev: 24926 | lamb1 | Linux (SUSE 10.1) | x86_64 | OK | OK | |
| wellington | Linux (SUSE 9.2) | i686 | OK | OK | ||
| liverpool | Windows Server 2003 R2 (32-bit) | x64 | OK | ERROR | ERROR | |
| pitt | Mac OS X (10.4.10) | i386 | OK | [ ERROR ] | ERROR |
| Package: maDB |
| Version: 1.9.4 |
| Command: /Library/Frameworks/R.framework/Resources/bin/R CMD check maDB_1.9.4.tar.gz |
| RetCode: 1 |
| Time: 1.8 seconds |
| Status: ERROR |
| CheckDir: maDB.Rcheck |
| Warnings: NA |
* checking for working latex ... OK * using log directory '/Users/biocbuild/bbs-2.1-bioc/meat/maDB.Rcheck' * using R version 2.6.0 Under development (unstable) (2007-08-10 r42465) * checking for file 'maDB/DESCRIPTION' ... OK * this is package 'maDB' version '1.9.4' * checking package dependencies ... ERROR Packages required but not available: pgUtils See the information on DESCRIPTION files in the chapter 'Creating R packages' of the 'Writing R Extensions' manual.