Back to the "Multiple platform build/check report"
| IMPORTANT NOTE: R was configured with --enable-strict-barrier on lamb1 |
| Package 19/247 | Hostname | OS | Arch | BUILD | CHECK | BUILD BIN |
AnnotationDbi0.1.3Biocore Team c/o BioC user listLast Changed Date: 2007-08-26 00:44:31 -0700 Last Changed Rev: 26654 | lamb1 | Linux (SUSE 10.1) | x86_64 | ERROR | skipped | |
| wellington | Linux (SUSE 9.2) | i686 | ERROR | skipped | ||
| liverpool | Windows Server 2003 R2 (32-bit) | x64 | [ ERROR ] | skipped | skipped | |
| pitt | Mac OS X (10.4.10) | i386 | ERROR | skipped | skipped |
| Package: AnnotationDbi |
| Version: 0.1.3 |
| Command: E:\biocbld\bbs-2.1-bioc\R\bin\R.exe CMD build AnnotationDbi |
| RetCode: 1 |
| Time: 46.6 seconds |
| Status: ERROR |
| PackageFile: None |
* checking for file 'AnnotationDbi/DESCRIPTION' ... OK
* preparing 'AnnotationDbi':
* checking DESCRIPTION meta-information ... OK
* installing the package to re-build vignettes
installing R.css in E:/biocbld/bbs-2.1-bioc/tmpdir/Rinst522886212
---------- Making package AnnotationDbi ------------
adding build stamp to DESCRIPTION
installing NAMESPACE file and metadata
installing R files
installing inst files
installing man source files
installing indices
installing help
>>> Building/Updating help pages for package 'AnnotationDbi'
Formats: text html latex example chm
AnnDbPkgSeed-class text html latex example chm
Bimap-direction text html latex example chm
missing link(s): Bimap
Bimap-keys text html latex example chm
missing link(s): Bimap
GONode-class text html latex example chm
makeAnnDbPkg text html latex example chm
make_eg_to_go_map text html latex example chm
Microsoft HTML Help Compiler 4.74.8702
Compiling e:\biocbld\bbs-2.1-bioc\meat\AnnotationDbi\chm\AnnotationDbi.chm
Compile time: 0 minutes, 0 seconds
7 Topics
100 Local links
1 Internet link
1 Graphic
Created e:\biocbld\bbs-2.1-bioc\meat\AnnotationDbi\chm\AnnotationDbi.chm, 25,786 bytes
Compression decreased file by 25,070 bytes.
preparing package AnnotationDbi for lazy loading
Loading required package: Biobase
Loading required package: tools
Welcome to Bioconductor
Vignettes contain introductory material. To view, type
'openVignette()'. To cite Bioconductor, see
'citation("Biobase")' and for packages 'citation(pkgname)'.
Loading required package: DBI
Loading required package: RSQLite
Creating a new generic function for "ncol" in "AnnotationDbi"
Creating a new generic function for "colnames" in "AnnotationDbi"
Creating a new generic function for "subset" in "AnnotationDbi"
Creating a new generic function for "nrow" in "AnnotationDbi"
Creating a new generic function for "head" in "AnnotationDbi"
Creating a new generic function for "tail" in "AnnotationDbi"
Creating a new generic function for "toString" in "AnnotationDbi"
Creating a new generic function for "rev" in "AnnotationDbi"
Creating a new generic function for "ls" in "AnnotationDbi"
Creating a new generic function for "as.list" in "AnnotationDbi"
Creating a new generic function for "mget" in "AnnotationDbi"
Creating a new generic function for "eapply" in "AnnotationDbi"
Creating a new generic function for "get" in "AnnotationDbi"
Creating a new generic function for "exists" in "AnnotationDbi"
Creating a new generic function for "sample" in "AnnotationDbi"
adding MD5 sums
* DONE (AnnotationDbi)
* creating vignettes ... ERROR
Loading required package: AnnotationDbi
Loading required package: Biobase
Welcome to Bioconductor
Vignettes contain introductory material. To view, type
'openVignette()'. To cite Bioconductor, see
'citation("Biobase")' and for packages 'citation(pkgname)'.
Loading required package: DBI
Loading required package: RSQLite
Error: processing vignette 'AnnDbMapDemo.Rnw' failed with diagnostics:
chunk 11 (label=toTable)
Error in sqliteExecStatement(con, statement, bind.data) :
RS-DBI driver: (error in statement: near ",": syntax error)
In addition: Warning message:
In if (!is.na(L2Rlink@tagname)) L2Rlink@tagname :
the condition has length > 1 and only the first element will be used
Execution halted