Back to the "Multiple platform build/check report"
| NOTES: (1) a maintainance reboot of lemming prevented these builds to complete on this machine (2) these are the last builds with R 2.6.0 (2007-06-03 r41797) on lamb1 and lemming, next builds will be with R 2.6.0 (2007-06-10 r41908) configured with --enable-strict-barrier | 
| Package 205/238 | Hostname | OS | Arch | BUILD | CHECK | BUILD BIN | 
| sagenhaft1.7.2Tim BeissbarthLast Changed Date: 2007-04-18 03:03:37 -0700 Last Changed Rev: 23979 | lamb1 | Linux (SUSE 10.1) | x86_64 | ERROR | skipped | |
| wellington | Linux (SUSE 9.2) | i686 | ERROR | skipped | ||
| churchill | Solaris 2.9 | sparc | ERROR | skipped | ||
| lemming | Windows Server 2003 (32-bit) | x64 | [ ERROR ] | skipped | skipped | 
| Package: sagenhaft | 
| Version: 1.7.2 | 
| Command: D:\biocbld\bbs-2.1-bioc\R\bin\R.exe CMD build sagenhaft | 
| RetCode: 1 | 
| Time: 23.5 seconds | 
| Status: ERROR | 
| PackageFile: None | 
* checking for file 'sagenhaft/DESCRIPTION' ... OK
* preparing 'sagenhaft':
* checking DESCRIPTION meta-information ... OK
* checking whether 'INDEX' is up-to-date ... NO
* use '--force' to overwrite the existing 'INDEX'
* installing the package to re-build vignettes
installing R.css in D:/biocbld/bbs-2.1-bioc/tmpdir/Rinst458022799
---------- Making package sagenhaft ------------
  adding build stamp to DESCRIPTION
  installing R files
  installing inst files
  installing data files
  installing man source files
  installing indices
  not zipping data
  installing help
 >>> Building/Updating help pages for package 'sagenhaft'
     Formats: text html latex example chm 
  error.correction                  text    html    latex   example chm
  extract.lib                       text    html    latex   example chm
  sage.library                      text    html    latex   example chm
  sage.library.comparison           text    html    latex   example chm
  sage.test                         text    html    latex   example chm
  sage.utilities                    text    html    latex   example chm
  sagelibrary.simulate              text    html    latex   example chm
Microsoft HTML Help Compiler 4.74.8702
Compiling d:\biocbld\bbs-2.1-bioc\meat\sagenhaft\chm\sagenhaft.chm
Compile time: 0 minutes, 0 seconds
8	Topics
51	Local links
5	Internet links
1	Graphic
Created d:\biocbld\bbs-2.1-bioc\meat\sagenhaft\chm\sagenhaft.chm, 27,902 bytes
Compression decreased file by 11,999 bytes.
  preparing package sagenhaft for lazy loading
Loading required package: SparseM
  adding MD5 sums
* DONE (sagenhaft)
* creating vignettes ... ERROR
Loading required package: SparseM
the part of the args list of 'c' being evaluated was:
   (paste("# ntag:", x$ntag, sep = " "), paste("# taglength:", x$taglength, sep = " "), x$comment, "Fields:", paste(names(x), collapse = " "), "contents of field 'data':", paste(names(x$data), collapse = " "), )
Error: processing vignette 'SAGEnhaft.Rnw' failed with diagnostics:
element 8 is empty
Execution halted