Back to the "Multiple platform build/check report"
| NOTES: (1) a maintainance reboot of lemming prevented these builds to complete on this machine (2) these are the last builds with R 2.6.0 (2007-06-03 r41797) on lamb1 and lemming, next builds will be with R 2.6.0 (2007-06-10 r41908) configured with --enable-strict-barrier |
| Package 126/238 | Hostname | OS | Arch | BUILD | CHECK | BUILD BIN |
maDB1.9.4Johannes RainerLast Changed Date: 2007-05-22 23:01:48 -0700 Last Changed Rev: 24926 | lamb1 | Linux (SUSE 10.1) | x86_64 | OK | [ ERROR ] | |
| wellington | Linux (SUSE 9.2) | i686 | OK | ERROR | ||
| churchill | Solaris 2.9 | sparc | OK | ERROR | ||
| lemming | Windows Server 2003 (32-bit) | x64 | OK | ERROR | skipped |
| Package: maDB |
| Version: 1.9.4 |
| Command: /home/biocbuild/bbs-2.1-bioc/R/bin/R CMD check maDB_1.9.4.tar.gz |
| RetCode: 1 |
| Time: 2.5 seconds |
| Status: ERROR |
| CheckDir: maDB.Rcheck |
| Warnings: NA |
* checking for working latex ... OK * using log directory '/home/biocbuild/bbs-2.1-bioc/meat/maDB.Rcheck' * using R version 2.6.0 Under development (unstable) (2007-06-03 r41797) * checking for file 'maDB/DESCRIPTION' ... OK * this is package 'maDB' version '1.9.4' * checking package dependencies ... ERROR Packages required but not available: biomaRt See the information on DESCRIPTION files in the chapter 'Creating R packages' of the 'Writing R Extensions' manual.