Back to the "Multiple platform build/check report"
| NOTES: (1) a maintainance reboot of lemming prevented these builds to complete on this machine (2) these are the last builds with R 2.6.0 (2007-06-03 r41797) on lamb1 and lemming, next builds will be with R 2.6.0 (2007-06-10 r41908) configured with --enable-strict-barrier |
| Package 110/238 | Hostname | OS | Arch | BUILD | CHECK | BUILD BIN |
idiogram1.11.0Karl J. DykemaLast Changed Date: 2007-04-24 11:31:42 -0700 Last Changed Rev: 24217 | lamb1 | Linux (SUSE 10.1) | x86_64 | OK | WARNINGS | |
| wellington | Linux (SUSE 9.2) | i686 | OK | WARNINGS | ||
| churchill | Solaris 2.9 | sparc | OK | WARNINGS | ||
| lemming | Windows Server 2003 (32-bit) | x64 | OK | [ WARNINGS ] | skipped |
| Package: idiogram |
| Version: 1.11.0 |
| Command: D:\biocbld\bbs-2.1-bioc\R\bin\R.exe CMD check idiogram_1.11.0.tar.gz |
| RetCode: 0 |
| Time: 99.9 seconds |
| Status: WARNINGS |
| CheckDir: idiogram.Rcheck |
| Warnings: 1 |
* checking for working latex ... OK * using log directory 'D:/biocbld/bbs-2.1-bioc/meat/idiogram.Rcheck' * using R version 2.6.0 Under development (unstable) (2007-06-03 r41797) * checking for file 'idiogram/DESCRIPTION' ... OK * this is package 'idiogram' version '1.11.0' * checking package name space information ... OK * checking package dependencies ... OK * checking if this is a source package ... OK * checking whether package 'idiogram' can be installed ... WARNING Found the following significant warnings: Warning: 'vai.chr' looks like a pre-2.4.0 S4 object: please recreate it Warning: 'ucsf.chr' looks like a pre-2.4.0 S4 object: please recreate it Warning: 'colo.eset' looks like a pre-2.4.0 S4 object: please recreate it Warning: 'vai.chr' looks like a pre-2.4.0 S4 object: please recreate it Warning: 'ucsf.chr' looks like a pre-2.4.0 S4 object: please recreate it Warning: 'colo.eset' looks like a pre-2.4.0 S4 object: please recreate it See 'D:/biocbld/bbs-2.1-bioc/meat/idiogram.Rcheck/00install.out' for details. * checking package directory ... OK * checking for portable file names ... OK * checking DESCRIPTION meta-information ... OK * checking top-level files ... OK * checking index information ... OK * checking package subdirectories ... OK * checking R files for non-ASCII characters ... OK * checking R files for syntax errors ... OK * checking whether the package can be loaded ... OK * checking whether the package can be loaded with stated dependencies ... OK * checking whether the name space can be loaded with stated dependencies ... OK * checking for unstated dependencies in R code ... OK * checking S3 generic/method consistency ... OK * checking replacement functions ... OK * checking foreign function calls ... OK * checking R code for possible problems ... OK * checking Rd files ... OK * checking Rd cross-references ... OK * checking for missing documentation entries ... OK * checking for code/documentation mismatches ... OK * checking Rd \usage sections ... OK * checking data for non-ASCII characters ... OK * creating idiogram-Ex.R ... OK * checking examples ... OK * checking package vignettes in 'inst/doc' ... OK * creating idiogram-manual.tex ... OK * checking idiogram-manual.tex ... OK WARNING: There was 1 warning, see D:/biocbld/bbs-2.1-bioc/meat/idiogram.Rcheck/00check.log for details
idiogram.Rcheck/00install.out:
installing R.css in D:/biocbld/bbs-2.1-bioc/meat/idiogram.Rcheck
---------- Making package idiogram ------------
adding build stamp to DESCRIPTION
installing NAMESPACE file and metadata
installing R files
installing inst files
installing data files
preparing package idiogram for lazy data loading
Warning: 'vai.chr' looks like a pre-2.4.0 S4 object: please recreate it
Warning: 'ucsf.chr' looks like a pre-2.4.0 S4 object: please recreate it
Warning: 'colo.eset' looks like a pre-2.4.0 S4 object: please recreate it
Warning: 'vai.chr' looks like a pre-2.4.0 S4 object: please recreate it
Warning: 'ucsf.chr' looks like a pre-2.4.0 S4 object: please recreate it
Warning: 'colo.eset' looks like a pre-2.4.0 S4 object: please recreate it
installing man source files
installing indices
installing help
>>> Building/Updating help pages for package 'idiogram'
Formats: text html latex example chm
Hs.cytoband text html latex example chm
buildChromLocation.2 text html latex example chm
cytoband text html latex example chm
idiograb text html latex example chm
idiogram text html latex example chm
idiogramExample text html latex example chm
Microsoft HTML Help Compiler 4.74.8702
Compiling d:\biocbld\bbs-2.1-bioc\meat\idiogram.Rcheck\00_pkg_src\idiogram\chm\idiogram.chm
Compile time: 0 minutes, 0 seconds
7 Topics
22 Local links
0 Internet links
1 Graphic
Created d:\biocbld\bbs-2.1-bioc\meat\idiogram.Rcheck\00_pkg_src\idiogram\chm\idiogram.chm, 27,429 bytes
Compression decreased file by 1,040 bytes.
adding MD5 sums
* DONE (idiogram)