Back to the "Multiple platform build/check report"
| NOTES: (1) a maintainance reboot of lemming prevented these builds to complete on this machine (2) these are the last builds with R 2.6.0 (2007-06-03 r41797) on lamb1 and lemming, next builds will be with R 2.6.0 (2007-06-10 r41908) configured with --enable-strict-barrier |
| Package 137/238 | Hostname | OS | Arch | BUILD | CHECK | BUILD BIN |
MeasurementError.cor1.9.0Beiying DingLast Changed Date: 2007-04-24 11:31:42 -0700 Last Changed Rev: 24217 | lamb1 | Linux (SUSE 10.1) | x86_64 | ERROR | skipped | |
| wellington | Linux (SUSE 9.2) | i686 | ERROR | skipped | ||
| churchill | Solaris 2.9 | sparc | [ ERROR ] | skipped | ||
| lemming | Windows Server 2003 (32-bit) | x64 | ERROR | skipped | skipped |
| Package: MeasurementError.cor |
| Version: 1.9.0 |
| Command: /loc/biocbuild/bbs-2.1-bioc/R/bin/R CMD build MeasurementError.cor |
| RetCode: 1 |
| Time: 8.1 seconds |
| Status: ERROR |
| PackageFile: None |
* checking for file 'MeasurementError.cor/DESCRIPTION' ... OK
* preparing 'MeasurementError.cor':
* checking DESCRIPTION meta-information ... OK
* checking whether 'INDEX' is up-to-date ... NO
* use '--force' to overwrite the existing 'INDEX'
* installing the package to re-build vignettes
* Installing *source* package 'MeasurementError.cor' ...
** R
** inst
** help
>>> Building/Updating help pages for package 'MeasurementError.cor'
Formats: text html latex example
cor.me.matrix text html latex example
cor.me.vector text html latex example
** building package indices ...
* DONE (MeasurementError.cor)
* creating vignettes ... ERROR
Error: processing vignette 'MeasurementError.cor.Rnw' failed with diagnostics:
chunk 1
Error in fn(par, ...) : unused argument(s) ("BFGS")
Execution halted