Back to the "Multiple platform build/check report"
| Package 221/234 | Hostname | OS | Arch | BUILD | CHECK | BUILD BIN |
stam1.7.0Claudio LottazLast Changed Date: 2006-09-29 12:33:58 -0700 Last Changed Rev: 20299 | lamb1 | Linux (SUSE 10.1) | x86_64 | ERROR | skipped | |
| wellington | Linux (SUSE 9.2) | i686 | ERROR | skipped | ||
| churchill | Solaris 2.9 | sparc | ERROR | skipped | ||
| lemming | Windows Server 2003 (32-bit) | x64 | [ ERROR ] | skipped | skipped |
| Package: stam |
| Version: 1.7.0 |
| Command: D:\biocbld\bbs-2.1-bioc\R\bin\R.exe CMD build stam |
| RetCode: 1 |
| Time: 402.3 seconds |
| Status: ERROR |
| PackageFile: None |
* checking for file 'stam/DESCRIPTION' ... OK
* preparing 'stam':
* checking DESCRIPTION meta-information ... OK
* cleaning src
* installing the package to re-build vignettes
installing R.css in D:/biocbld/bbs-2.1-bioc/tmpdir/Rinst496468399
---------- Making package stam ------------
adding build stamp to DESCRIPTION
installing NAMESPACE file and metadata
making DLL ...
making util.d from util.c
gcc -Id:/biocbld/bbs-2.1-bioc/R/include -Wall -O3 -std=gnu99 -c util.c -o util.o
windres -I d:/biocbld/bbs-2.1-bioc/R/include -i stam_res.rc -o stam_res.o
gcc -shared -s -o stam.dll stam.def util.o stam_res.o -Ld:/biocbld/bbs-2.1-bioc/R/bin -lR
... DLL made
installing DLL
installing R files
save image
Loading required package: GO
Loading required package: Biobase
Loading required package: tools
Welcome to Bioconductor
Vignettes contain introductory material. To view, type
'openVignette()'. To cite Bioconductor, see
'citation("Biobase")' and for packages 'citation(pkgname)'.
Loading required package: pamr
Loading required package: cluster
Loading required package: survival
Loading required package: splines
Loading required package: annaffy
Loading required package: KEGG
installing inst files
installing data files
installing man source files
installing indices
not zipping data
installing help
>>> Building/Updating help pages for package 'stam'
Formats: text html latex example chm
golubTrain.cv text html latex chm
golubTrain.fit text html latex chm
image.stamPrediction text html latex chm
plot.stamCV text html latex chm
plot.stamFit text html latex chm
plot.stamPrediction text html latex chm
stam-internal text html latex chm
stam.cv text html latex example chm
stam.evaluate text html latex example chm
stam.fit text html latex example chm
stam.graph.plot text html latex chm
stam.net text html latex example chm
stam.predict text html latex example chm
stam.rgb.colors text html latex example chm
stam.serve text html latex example chm
stam.writeHTML text html latex example chm
stamCV-class text html latex chm
stamEval-class text html latex chm
stamFit-class text html latex chm
stamINode-class text html latex chm
stamLeaf-class text html latex chm
stamNet-class text html latex chm
stamNode-class text html latex chm
stamPrediction-class text html latex chm
Microsoft HTML Help Compiler 4.74.8702
Compiling d:\biocbld\bbs-2.1-bioc\meat\stam\chm\stam.chm
Compile time: 0 minutes, 0 seconds
25 Topics
128 Local links
0 Internet links
1 Graphic
Created d:\biocbld\bbs-2.1-bioc\meat\stam\chm\stam.chm, 54,443 bytes
Compression decreased file by 69,792 bytes.
adding MD5 sums
* DONE (stam)
* creating vignettes ... ERROR
Loading required package: Biobase
Welcome to Bioconductor
Vignettes contain introductory material. To view, type
'openVignette()'. To cite Bioconductor, see
'citation("Biobase")' and for packages 'citation(pkgname)'.
Loading required package: GO
Loading required package: pamr
Loading required package: cluster
Loading required package: survival
Loading required package: splines
Loading required package: annaffy
Loading required package: KEGG
Loading required package: affy
Loading required package: affyio
Loading required package: limma
Loading required package: hu6800
Error: processing vignette 'tr_2004_03.Rnw' failed with diagnostics:
chunk 6
Error in all.levs[[j]] : subscript out of bounds
Execution halted