Back to the "Multiple platform build/check report"
| Package 221/234 | Hostname | OS | Arch | BUILD | CHECK | BUILD BIN |
stam1.7.0Claudio LottazLast Changed Date: 2006-09-29 12:33:58 -0700 Last Changed Rev: 20299 | lamb1 | Linux (SUSE 10.1) | x86_64 | [ ERROR ] | skipped | |
| wellington | Linux (SUSE 9.2) | i686 | ERROR | skipped | ||
| churchill | Solaris 2.9 | sparc | ERROR | skipped | ||
| lemming | Windows Server 2003 (32-bit) | x64 | ERROR | skipped | skipped |
| Package: stam |
| Version: 1.7.0 |
| Command: /home/biocbuild/bbs-2.1-bioc/R/bin/R CMD build stam |
| RetCode: 1 |
| Time: 210.8 seconds |
| Status: ERROR |
| PackageFile: None |
* checking for file 'stam/DESCRIPTION' ... OK
* preparing 'stam':
* checking DESCRIPTION meta-information ... OK
* cleaning src
* installing the package to re-build vignettes
* Installing *source* package 'stam' ...
** libs
gcc -std=gnu99 -I/home/biocbuild/bbs-2.1-bioc/R/include -I/home/biocbuild/bbs-2.1-bioc/R/include -I/usr/local/include -fpic -g -O2 -Wall -c util.c -o util.o
gcc -std=gnu99 -shared -L/usr/local/lib64 -o stam.so util.o -L/home/biocbuild/bbs-2.1-bioc/R/lib -lR
** R
** data
** inst
** save image
Loading required package: GO
Loading required package: Biobase
Loading required package: tools
Welcome to Bioconductor
Vignettes contain introductory material. To view, type
'openVignette()'. To cite Bioconductor, see
'citation("Biobase")' and for packages 'citation(pkgname)'.
Loading required package: pamr
Loading required package: cluster
Loading required package: survival
Loading required package: splines
Loading required package: annaffy
Loading required package: KEGG
** help
>>> Building/Updating help pages for package 'stam'
Formats: text html latex example
golubTrain.cv text html latex
golubTrain.fit text html latex
image.stamPrediction text html latex
plot.stamCV text html latex
plot.stamFit text html latex
plot.stamPrediction text html latex
stam-internal text html latex
stam.cv text html latex example
stam.evaluate text html latex example
stam.fit text html latex example
stam.graph.plot text html latex
stam.net text html latex example
stam.predict text html latex example
stam.rgb.colors text html latex example
stam.serve text html latex example
stam.writeHTML text html latex example
stamCV-class text html latex
stamEval-class text html latex
stamFit-class text html latex
stamINode-class text html latex
stamLeaf-class text html latex
stamNet-class text html latex
stamNode-class text html latex
stamPrediction-class text html latex
** building package indices ...
* DONE (stam)
* creating vignettes ... ERROR
Loading required package: Biobase
Welcome to Bioconductor
Vignettes contain introductory material. To view, type
'openVignette()'. To cite Bioconductor, see
'citation("Biobase")' and for packages 'citation(pkgname)'.
Loading required package: GO
Loading required package: pamr
Loading required package: cluster
Loading required package: survival
Loading required package: splines
Loading required package: annaffy
Loading required package: KEGG
Loading required package: affy
Loading required package: affyio
Loading required package: limma
Loading required package: hu6800
Error: processing vignette 'tr_2004_03.Rnw' failed with diagnostics:
chunk 6
Error in all.levs[[j]] : subscript out of bounds
Execution halted