Back to the "Multiple platform build/check report"
| Package 64/234 | Hostname | OS | Arch | BUILD | CHECK | BUILD BIN |
exonmap1.1.03Michal OkoniewskiLast Changed Date: 2007-05-03 05:56:42 -0700 Last Changed Rev: 24480 | lamb1 | Linux (SUSE 10.1) | x86_64 | OK | OK | |
| wellington | Linux (SUSE 9.2) | i686 | OK | OK | ||
| churchill | Solaris 2.9 | sparc | OK | ERROR | ||
| lemming | Windows Server 2003 (32-bit) | x64 | OK | [ ERROR ] | ERROR |
| Package: exonmap |
| Version: 1.1.03 |
| Command: D:\biocbld\bbs-2.1-bioc\R\bin\R.exe CMD check exonmap_1.1.03.tar.gz |
| RetCode: 1 |
| Time: 7.5 seconds |
| Status: ERROR |
| CheckDir: exonmap.Rcheck |
| Warnings: NA |
* checking for working latex ... OK * using log directory 'D:/biocbld/bbs-2.1-bioc/meat/exonmap.Rcheck' * using R version 2.6.0 Under development (unstable) (2007-04-17 r41210) * checking for file 'exonmap/DESCRIPTION' ... OK * this is package 'exonmap' version '1.1.03' * checking package dependencies ... ERROR Packages required but not available: RMySQL See the information on DESCRIPTION files in the chapter 'Creating R packages' of the 'Writing R Extensions' manual.