Back to the "Multiple platform build/check report"
| Package 76/208 | OS | Arch | BUILD | CHECK | BUILD BIN |
gff3Plotter1.9.0Oleg Sklyar | Linux (SUSE 9.2) | x86_64 | OK | WARNINGS | |
| Linux (SUSE 10.1) | x86_64 | OK | WARNINGS | ||
| Linux (SUSE 9.2) | i686 | OK | WARNINGS | ||
| Solaris 2.9 | sparc | OK | WARNINGS | ||
| Windows Server 2003 | x86_64 | OK | WARNINGS | OK | |
| Windows Server 2003 | NA | OK | [ ERROR ] | OK | |
| Mac OS X (10.4.6) | i686 | OK | WARNINGS |
| Package: gff3Plotter |
| Version: 1.9.0 |
| Command: E:\biocbld\2.0d\R\bin\R.exe CMD check gff3Plotter_1.9.0.tar.gz |
| RetCode: 1 |
| Time: 99.5 seconds |
| Status: ERROR |
| CheckDir: gff3Plotter.Rcheck |
| Warnings: NA |
* checking for working latex ... OK * using log directory 'E:/biocbld/2.0d/Rpacks/gff3Plotter.Rcheck' * using R version 2.5.0 Under development (unstable) (2006-12-05 r40126) * checking for file 'gff3Plotter/DESCRIPTION' ... OK * this is package 'gff3Plotter' version '1.9.0' * checking package dependencies ... WARNING 'library' or 'require' calls not declared from: GDD See the information on DESCRIPTION files in the chapter 'Creating R packages' of the 'Writing R Extensions' manual. * checking if this is a source package ... OK * checking whether package 'gff3Plotter' can be installed ... OK * checking package directory ... OK * checking for portable file names ... OK * checking DESCRIPTION meta-information ... OK * checking top-level files ... OK * checking index information ... OK * checking package subdirectories ... OK * checking R files for syntax errors ... OK * checking R files for non-ASCII characters ... OK * checking whether the package can be loaded ... OK * checking whether the package can be loaded with stated dependencies ... OK * checking S3 generic/method consistency ... OK * checking replacement functions ... OK * checking foreign function calls ... OK * checking R code for possible problems ... OK * checking Rd files ... OK * checking Rd cross-references ... OK * checking for missing documentation entries ... OK * checking for code/documentation mismatches ... OK * checking Rd \usage sections ... OK * creating gff3Plotter-Ex.R ... OK * checking examples ... OK * checking package vignettes in 'inst/doc' ... OK * creating gff3Plotter-manual.tex ... OK * checking gff3Plotter-manual.tex ... ERROR LaTeX errors when creating DVI version. This typically indicates Rd problems.
gff3Plotter.Rcheck/00install.out:
installing R.css in E:/biocbld/2.0d/Rpacks/gff3Plotter.Rcheck
---------- Making package gff3Plotter ------------
adding build stamp to DESCRIPTION
installing R files
save image
[1] "plot.gff"
[1] "plot.gff"
installing inst files
installing man source files
installing indices
installing help
>>> Building/Updating help pages for package 'gff3Plotter'
Formats: text html latex example chm
getAttr text html latex example chm
getTickCoords text html latex example chm
internals text html latex chm
plot.gff text html latex example chm
plot.gff.toFile text html latex example chm
read.gff text html latex example chm
Microsoft HTML Help Compiler 4.74.8702
Compiling e:\biocbld\2.0d\Rpacks\gff3Plotter.Rcheck\00_pkg_src\gff3Plotter\chm\gff3Plotter.chm
Compile time: 0 minutes, 0 seconds
7 Topics
27 Local links
1 Internet link
1 Graphic
Created e:\biocbld\2.0d\Rpacks\gff3Plotter.Rcheck\00_pkg_src\gff3Plotter\chm\gff3Plotter.chm, 24,492 bytes
Compression decreased file by 884 bytes.
adding MD5 sums
* DONE (gff3Plotter)