Back to the "Multiple platform build/check report"
| Package 17/208 | OS | Arch | BUILD | CHECK | BUILD BIN |
AnnotationDbi0.0.8Biocore Team | Linux (SUSE 9.2) | x86_64 | OK | WARNINGS | |
| Linux (SUSE 10.1) | x86_64 | OK | WARNINGS | ||
| Linux (SUSE 9.2) | i686 | OK | WARNINGS | ||
| Solaris 2.9 | sparc | OK | ERROR | ||
| Windows Server 2003 | x86_64 | OK | WARNINGS | OK | |
| Windows Server 2003 | NA | OK | [ ERROR ] | OK | |
| Mac OS X (10.4.6) | i686 | OK | WARNINGS |
| Package: AnnotationDbi |
| Version: 0.0.8 |
| Command: E:\biocbld\2.0d\R\bin\R.exe CMD check AnnotationDbi_0.0.8.tar.gz |
| RetCode: 1 |
| Time: 165.5 seconds |
| Status: ERROR |
| CheckDir: AnnotationDbi.Rcheck |
| Warnings: NA |
* checking for working latex ... OK
* using log directory 'E:/biocbld/2.0d/Rpacks/AnnotationDbi.Rcheck'
* using R version 2.5.0 Under development (unstable) (2006-12-05 r40126)
* checking for file 'AnnotationDbi/DESCRIPTION' ... OK
* this is package 'AnnotationDbi' version '0.0.8'
* checking package dependencies ... WARNING
'library' or 'require' calls not declared from:
pkg1 pkg2
See the information on DESCRIPTION files in the chapter 'Creating R
packages' of the 'Writing R Extensions' manual.
* checking if this is a source package ... OK
* checking whether package 'AnnotationDbi' can be installed ... OK
* checking package directory ... OK
* checking for portable file names ... OK
* checking DESCRIPTION meta-information ... OK
* checking top-level files ... OK
* checking index information ... OK
* checking package subdirectories ... OK
* checking R files for syntax errors ... OK
* checking R files for non-ASCII characters ... OK
* checking whether the package can be loaded ... OK
* checking whether the package can be loaded with stated dependencies ... OK
* checking whether the name space can be loaded with stated dependencies ... OK
* checking S3 generic/method consistency ... OK
* checking replacement functions ... OK
* checking foreign function calls ... OK
* checking R code for possible problems ... OK
* checking for missing documentation entries ... WARNING
Undocumented code objects:
allFeatureSetIds allMMIds allPMAllele allPMIds allPMStrand
compareAnnotation comparePerf countBy generateAnnotTableObj
generateQC generateTableObjects generateTwoWayMappings getCol
noMissing pmFeatures pmIdsByAllele1 pmIdsByAllele2 queryTable
subByRow toggleDebug userTable
Undocumented S4 classes:
AnnotDbEnv AnnotDbTable AnnotDbTableTwoWayMap AnnotGOTermsTable
AnnotMultiColTable AnnotThreeColTable AnnotTwoColTable functionORNULL
PDInfo SNPPDInfo SQLiteAnnDataPkgSeed
Undocumented S4 methods:
generic '$' and siglist 'AnnotDbEnv,character'
generic '$' and siglist 'AnnotDbTable,character'
generic '[' and siglist 'AnnotDbTable,vector,missing,missing'
generic '[[' and siglist 'AnnotDbTable,vector,missing'
generic 'as.list' and siglist 'AnnotDbTableTwoWayMap'
generic 'as.list' and siglist 'AnnotMultiColTable'
generic 'as.list' and siglist 'AnnotMultiColTwoKeyTable'
generic 'as.list' and siglist 'AnnotGOTermsTable'
generic 'as.list' and siglist 'AnnotThreeColTable'
generic 'contents' and siglist 'AnnotDbTable'
generic 'countBy' and siglist 'AnnotDbTableTwoWayMap,ANY,missing'
generic 'countBy' and siglist 'AnnotMultiColTable,ANY,missing'
generic 'countBy' and siglist 'AnnotDbTable,ANY,character'
generic 'dbGetQuery' and siglist 'AnnotDbTable,character'
generic 'dim' and siglist 'AnnotDbTable'
generic 'eapply' and siglist 'AnnotDbTable,function'
generic 'get' and siglist
'vector,missing,AnnotDbTable,missing,missing'
generic 'get' and siglist
'vector,AnnotDbTable,missing,missing,missing'
generic 'getCol' and siglist 'AnnotDbTable,character'
generic 'getCol' and siglist 'AnnotDbTableTwoWayMap,character'
generic 'initialize' and siglist 'AnnotDbTable'
generic 'initialize' and siglist 'AnnotDbTableTwoWayMap'
generic 'initialize' and siglist 'AnnotMultiColTable'
generic 'initialize' and siglist 'AnnotMultiColTwoKeyTable'
generic 'initialize' and siglist 'AnnotThreeColTable'
generic 'is.environment' and siglist 'AnnotDbEnv'
generic 'length' and siglist 'AnnotMultiColTable'
generic 'length' and siglist 'AnnotDbTableTwoWayMap'
generic 'ls' and siglist
'AnnotDbTableTwoWayMap,missing,missing,missing,missing'
generic 'ls' and siglist
'AnnotMultiColTable,missing,missing,missing,missing'
generic 'makeDataPackage' and siglist 'SQLiteAnnDataPkgSeed'
generic 'mget' and siglist
'vector,AnnotDbTableTwoWayMap,missing,missing,missing'
generic 'mget' and siglist
'vector,AnnotMultiColTwoKeyTable,missing,missing,missing'
generic 'mget' and siglist
'vector,AnnotMultiColTable,missing,missing,missing'
generic 'mget' and siglist
'vector,AnnotGOTermsTable,missing,missing,missing'
generic 'mget' and siglist
'vector,AnnotThreeColTable,missing,missing,missing'
generic 'mget' and siglist
'vector,AnnotDbTable,missing,logical,missing'
generic 'mget' and siglist 'vector,AnnotDbTable,missing,list,missing'
generic 'names' and siglist 'AnnotDbTable'
generic 'ncol' and siglist 'AnnotDbTable'
generic 'noMissing' and siglist 'AnnotMultiColTwoKeyTable,character'
generic 'noMissing' and siglist 'AnnotMultiColTable,character'
generic 'noMissing' and siglist 'AnnotGOTermsTable,character'
generic 'noMissing' and siglist 'AnnotThreeColTable,character'
generic 'noMissing' and siglist 'AnnotDbTableTwoWayMap,character'
generic 'noMissing' and siglist 'AnnotDbTableTwoWayMap,missing'
generic 'nrow' and siglist 'AnnotDbTable'
generic 'queryTable' and siglist 'AnnotDbTable'
generic 'show' and siglist 'AnnotDbTable'
generic 'subByRow' and siglist
'AnnotMultiColTwoKeyTable,character,list'
generic 'subByRow' and siglist 'AnnotMultiColTable,character,list'
generic 'subByRow' and siglist 'AnnotGOTermsTable,character,list'
generic 'subByRow' and siglist 'AnnotThreeColTable,character,list'
All user-level objects in a package (including S4 classes and methods)
should have documentation entries.
See the chapter 'Writing R documentation files' in manual 'Writing R
Extensions'.
* checking DVI version of manual ... ERROR
LaTeX errors when creating DVI version.
This typically indicates Rd problems.
AnnotationDbi.Rcheck/00install.out:
installing R.css in E:/biocbld/2.0d/Rpacks/AnnotationDbi.Rcheck
---------- Making package AnnotationDbi ------------
adding build stamp to DESCRIPTION
installing NAMESPACE file and metadata
installing R files
installing inst files
no man files in this package
installing indices
installing help
preparing package AnnotationDbi for lazy loading
Loading required package: Biobase
Loading required package: tools
Welcome to Bioconductor
Vignettes contain introductory material. To view, type
'openVignette()' or start with 'help(Biobase)'. For details
on reading vignettes, see the openVignette help page.
Loading required package: RSQLite
Loading required package: DBI
Creating a new generic function for "as.list" in "AnnotationDbi"
Creating a new generic function for "eapply" in "AnnotationDbi"
Creating a new generic function for "mget" in "AnnotationDbi"
Creating a new generic function for "get" in "AnnotationDbi"
Creating a new generic function for "names" in "AnnotationDbi"
Creating a new generic function for "nrow" in "AnnotationDbi"
Creating a new generic function for "ls" in "AnnotationDbi"
adding MD5 sums
* DONE (AnnotationDbi)