Back to the "Multiple platform build/check report"
| Package 175/208 | OS | Arch | BUILD | CHECK | BUILD BIN |
Ruuid1.13.0Biocore Team | Linux (SUSE 9.2) | x86_64 | OK | WARNINGS | |
| Linux (SUSE 10.1) | x86_64 | OK | WARNINGS | ||
| Linux (SUSE 9.2) | i686 | OK | WARNINGS | ||
| Solaris 2.9 | sparc | OK | WARNINGS | ||
| Windows Server 2003 | x86_64 | OK | [ WARNINGS ] | OK | |
| Windows Server 2003 | NA | OK | ERROR | OK | |
| Mac OS X (10.4.6) | i686 | OK | WARNINGS |
| Package: Ruuid |
| Version: 1.13.0 |
| Command: D:\biocbld\2.0d\R\bin\R.exe CMD check Ruuid_1.13.0.tar.gz |
| RetCode: 0 |
| Time: 44.5 seconds |
| Status: WARNINGS |
| CheckDir: Ruuid.Rcheck |
| Warnings: 1 |
* checking for working latex ... OK * using log directory 'D:/biocbld/2.0d/Rpacks/Ruuid.Rcheck' * using R version 2.5.0 Under development (unstable) (2006-12-05 r40126) * checking for file 'Ruuid/DESCRIPTION' ... OK * this is package 'Ruuid' version '1.13.0' * checking package dependencies ... WARNING 'library' or 'require' calls not declared from: Biobase See the information on DESCRIPTION files in the chapter 'Creating R packages' of the 'Writing R Extensions' manual. * checking if this is a source package ... OK * checking whether package 'Ruuid' can be installed ... OK * checking package directory ... OK * checking for portable file names ... OK * checking DESCRIPTION meta-information ... OK * checking top-level files ... OK * checking index information ... OK * checking package subdirectories ... OK * checking R files for syntax errors ... OK * checking R files for non-ASCII characters ... OK * checking whether the package can be loaded ... OK * checking whether the package can be loaded with stated dependencies ... OK * checking whether the name space can be loaded with stated dependencies ... OK * checking S3 generic/method consistency ... OK * checking replacement functions ... OK * checking foreign function calls ... OK * checking R code for possible problems ... OK * checking Rd files ... OK * checking Rd cross-references ... OK * checking for missing documentation entries ... OK * checking for code/documentation mismatches ... OK * checking Rd \usage sections ... OK * checking for CRLF line endings in C/C++/Fortran sources/headers ... OK * checking for portable compilation flags in Makevars ... OK * checking for portable use of $BLAS_LIBS ... OK * creating Ruuid-Ex.R ... OK * checking examples ... OK * checking package vignettes in 'inst/doc' ... OK * creating Ruuid-manual.tex ... OK * checking Ruuid-manual.tex ... OK WARNING: There was 1 warning, see D:/biocbld/2.0d/Rpacks/Ruuid.Rcheck/00check.log for details
Ruuid.Rcheck/00install.out:
installing R.css in D:/biocbld/2.0d/Rpacks/Ruuid.Rcheck
---------- Making package Ruuid ------------
**********************************************
WARNING: this package has a configure script
It probably needs manual configuration
**********************************************
adding build stamp to DESCRIPTION
installing NAMESPACE file and metadata
running src/Makefile.win ...
gcc -Id:/biocbld/2.0d/R/src/include -O2 -DWin32 -c Ruuid.c -o Ruuid.o
Ruuid.c: In function `UUID2uuidt':
Ruuid.c:33: warning: passing arg 2 of `uuid_pack' from incompatible pointer type
gcc -Id:/biocbld/2.0d/R/src/include -O2 -DWin32 -c pack.c -o pack.o
gcc -Id:/biocbld/2.0d/R/src/include -O2 -DWin32 -c parse.c -o parse.o
gcc -Id:/biocbld/2.0d/R/src/include -O2 -DWin32 -c Rinit.c -o Rinit.o
gcc -Id:/biocbld/2.0d/R/src/include -O2 -DWin32 -c unpack.c -o unpack.o
gcc -Id:/biocbld/2.0d/R/src/include -O2 -DWin32 -c unparse.c -o unparse.o
rm -f -f Ruuid.a
ar cr Ruuid.a *.o
ranlib Ruuid.a
gcc -shared -o Ruuid.dll Ruuid.def Ruuid.a -Ld:/biocbld/2.0d/R/bin -lrpcrt4 -lg2c -lRblas -lR
... done
installing DLL
installing R files
installing inst files
installing man source files
installing indices
installing help
>>> Building/Updating help pages for package 'Ruuid'
Formats: text html latex example chm
Ruuid-class text html latex example chm
getuuid text html latex example chm
uuidt-class text html latex example chm
Microsoft HTML Help Compiler 4.74.8702
Compiling d:\biocbld\2.0d\Rpacks\Ruuid.Rcheck\00_pkg_src\Ruuid\chm\Ruuid.chm
Compile time: 0 minutes, 0 seconds
4 Topics
24 Local links
3 Internet links
1 Graphic
Created d:\biocbld\2.0d\Rpacks\Ruuid.Rcheck\00_pkg_src\Ruuid\chm\Ruuid.chm, 18,554 bytes
Compression increased file by 2,272 bytes.
preparing package Ruuid for lazy loading
adding MD5 sums
* DONE (Ruuid)