Back to the "Multiple platform build/check report"
| Package 22/188 | Hostname | OS | Arch | BUILD | CHECK | BUILD BIN | 
| arrayQCplot2.2.0Eun-kyung LeeLast Changed Date: 2006-10-03 12:16:03 -0700 Last Changed Rev: 20373 | lamb1 | Linux (SUSE 10.1) | x86_64 | OK | OK | |
| wellington | Linux (SUSE 9.2) | i686 | OK | ERROR | ||
| churchill | Solaris 2.9 | sparc | OK | [ ERROR ] | ||
| lemming | Windows Server 2003 | x86_64 | OK | ERROR | ERROR | 
| Package: arrayQCplot | 
| Version: 2.2.0 | 
| Command: /loc/biocbuild/bbs-1.9/R/bin/R CMD check arrayQCplot_2.2.0.tar.gz | 
| RetCode: 1 | 
| Time: 12.3 seconds | 
| Status: ERROR | 
| CheckDir: arrayQCplot.Rcheck | 
| Warnings: NA | 
* checking for working latex ... OK * using log directory '/loc/biocbuild/bbs-1.9/meat/arrayQCplot.Rcheck' * using R version 2.4.1 (2006-12-18) * checking for file 'arrayQCplot/DESCRIPTION' ... OK * this is package 'arrayQCplot' version '2.2.0' * checking package dependencies ... ERROR Packages required but not available: RGtk2 cairoDevice See the information on DESCRIPTION files in the chapter 'Creating R packages' of the 'Writing R Extensions' manual.