Back to the "Multiple platform build/check report"
| Package 54/205 | OS | Arch | BUILD | CHECK | BUILD BIN |
ecolitk1.5.0Laurent | Linux (SUSE 9.2) | x86_64 | OK | WARNINGS | |
| Linux (SUSE 9.2) | i686 | OK | WARNINGS | ||
| Solaris 2.9 | sparc | OK | OK | ||
| Linux (SUSE 10.0) | x86_64 | OK | WARNINGS | ||
| Windows Server 2003 | x86_64 | OK | WARNINGS | OK | |
| Windows XP | i686 | OK | [ WARNINGS ] | skipped | |
| Mac OS X (10.4.6) | i686 | OK | WARNINGS |
| Package: ecolitk |
| Version: 1.5.0 |
| Command: E:\hpages\1.9d\R\bin\R.exe CMD check ecolitk_1.5.0.tar.gz |
| RetCode: 0 |
| Time: 105.7 seconds |
| Status: WARNINGS |
| CheckDir: ecolitk.Rcheck |
| Warnings: 2 |
* checking for working latex ... OK * using log directory 'E:/hpages/1.9d/Rpacks/ecolitk.Rcheck' * using R version 2.4.0 alpha (2006-09-10 r39242) * checking for file 'ecolitk/DESCRIPTION' ... OK * this is package 'ecolitk' version '1.5.0' * checking package dependencies ... WARNING 'library' or 'require' calls not declared from: graph See the information on DESCRIPTION files in the chapter 'Creating R packages' of the 'Writing R Extensions' manual. * checking if this is a source package ... OK * checking whether package 'ecolitk' can be installed ... OK * checking package directory ... OK * checking for portable file names ... OK * checking DESCRIPTION meta-information ... OK * checking top-level files ... OK * checking index information ... OK * checking package subdirectories ... OK * checking R files for syntax errors ... OK * checking R files for non-ASCII characters ... OK * checking whether the package can be loaded ... OK * checking whether the package can be loaded with stated dependencies ... OK * checking S3 generic/method consistency ... OK * checking replacement functions ... OK * checking foreign function calls ... OK * checking R code for possible problems ... OK * checking Rd files ... OK * checking Rd cross-references ... OK * checking for missing documentation entries ... OK * checking for code/documentation mismatches ... OK * checking Rd \usage sections ... OK * creating ecolitk-Ex.R ... OK * checking examples ... OK * checking package vignettes in 'inst/doc' ... WARNING *** Source Errors *** File E:/hpages/1.9d/Rpacks/ecolitk.Rcheck/ecolitk/doc/ecolitk.R : Error in update.default(pbt) : need an object with call component * creating ecolitk-manual.tex ... OK * checking ecolitk-manual.tex ... OK WARNING: There were 2 warnings, see E:/hpages/1.9d/Rpacks/ecolitk.Rcheck/00check.log for details
ecolitk.Rcheck/00install.out:
installing R.css in E:/hpages/1.9d/Rpacks/ecolitk.Rcheck
---------- Making package ecolitk ------------
adding build stamp to DESCRIPTION
installing R files
installing inst files
installing data files
installing man source files
installing indices
not zipping data
installing help
>>> Building/Updating help pages for package 'ecolitk'
Formats: text html latex example chm
ecoli.data text html latex example chm
ecoligenome.operon text html latex example chm
ecoligenomeBNUM text html latex chm
ecoligenomeBNUM2MULTIFUN text html latex chm
gccontent text html latex chm
linkedmultiget text html latex example chm
multiFun text html latex example chm
pointsCircle text html latex example chm
polar2xy text html latex example chm
polygonChrom text html latex example chm
wstringapply text html latex example chm
Microsoft HTML Help Compiler 4.74.8702
Compiling e:\hpages\1.9d\Rpacks\ecolitk.Rcheck\00_pkg_src\ecolitk\chm\ecolitk.chm
Compile time: 0 minutes, 0 seconds
12 Topics
46 Local links
4 Internet links
1 Graphic
Created e:\hpages\1.9d\Rpacks\ecolitk.Rcheck\00_pkg_src\ecolitk\chm\ecolitk.chm, 29,438 bytes
Compression decreased file by 12,866 bytes.
adding MD5 sums
* DONE (ecolitk)